{"id":848,"date":"2020-05-19T17:22:57","date_gmt":"2020-05-19T14:22:57","guid":{"rendered":"https:\/\/gsfsergi.ebyu.edu.tr\/?page_id=848"},"modified":"2020-06-05T14:45:15","modified_gmt":"2020-06-05T11:45:15","slug":"bedri-baykam","status":"publish","type":"page","link":"https:\/\/gsfsergi.ebyu.edu.tr\/?page_id=848","title":{"rendered":"Bedri Baykam"},"content":{"rendered":"<p>[et_pb_section fb_built=&#8221;1&#8243; _builder_version=&#8221;4.4.7&#8243;][et_pb_row column_structure=&#8221;1_2,1_2&#8243; _builder_version=&#8221;4.4.7&#8243;][et_pb_column type=&#8221;1_2&#8243; _builder_version=&#8221;4.4.7&#8243;][et_pb_image src=&#8221;https:\/\/gsfsergi.ebyu.edu.tr\/wp-content\/uploads\/2020\/05\/bedri-baykam-portre_medium.jpg&#8221; title_text=&#8221;bedri-baykam-portre_medium&#8221; align=&#8221;right&#8221; _builder_version=&#8221;4.4.8&#8243; custom_padding=&#8221;60px||||false|false&#8221;][\/et_pb_image][\/et_pb_column][et_pb_column type=&#8221;1_2&#8243; _builder_version=&#8221;4.4.7&#8243;][et_pb_text _builder_version=&#8221;4.4.8&#8243; custom_padding=&#8221;60px||60px||false|false&#8221;]<\/p>\n<p style=\"text-align: left\">1957 y\u0131l\u0131nda \u0130stanbul&#8217;da do\u011fdu. Resim \u00e7al\u0131\u015fmalar\u0131na 4 ya\u015f\u0131nda ba\u015flad\u0131. Orta\u00f6\u011frenimini \u0130stanbul Saint\u00a0Joseph Lisesi&#8217;nde tamamlad\u0131. 1975.1980 y\u0131llar\u0131 aras\u0131nda Paris Sorbonne \u00dcniversitesi&#8217;nde, 1980-1984 y\u0131llar\u0131 aras\u0131nda da California College of Art &amp; Crafts&#8217;da e\u011fitim g\u00f6rd\u00fc. 1979- 1980 y\u0131llar\u0131 aras\u0131nda Paris&#8217;te L&#8217;Actorat&#8217;da oyunculuk \u00fczerine \u00e7al\u0131\u015ft\u0131 ve bu y\u0131llarda &#8220;Asma&#8221; adl\u0131 bir senaryo yazd\u0131. 1986&#8217;da \u00c7aml\u0131ca Sanat Evi&#8217;nde \u00f6zg\u00fcn bask\u0131 \u00e7al\u0131\u015fmalar\u0131 yapt\u0131.<br \/><strong>K\u0130\u015e\u0130SEL SERG\u0130LER<\/strong>\u00a06 ile 10 ya\u015flar\u0131 aras\u0131nda T\u00fcrkiye, Paris, New York, Roma ve Londra&#8217;da 15 ki\u015fisel sergi a\u00e7t\u0131. \u0130lk sergisini 1963&#8217;te Ankara Sanatseverler Kl\u00fcb\u00fc&#8217;nde a\u00e7t\u0131. 1984-1985 Martin-Malinary Gallery (New York\/Amerika), 1988-1991 E.M Donahue (New York\/Amerika), 1990-1994 Lauinnes-Bastille (Paris\/Fransa), 1985-1990- 1994-1997&#8217;de Atat\u00fcrk K\u00fclt\u00fcr Merkezi (\u0130stanbul), 1995 Galerie Daniel Templon (Paris\/Fransa), gibi.\u00a0<strong>KARMA SERG\u0130LER<\/strong>\u00a01985 Salon Montrogue (Paris\/Fransa), 1987-1989 t ve 2. Uluslararas\u0131 \u0130stanbul Bienali, 1993 Be\u015f Hollandal\u0131 Be\u015f T\u00fcrk Sanat\u00e7\u0131 Schiedam Stedeljik Museum (Hollanda), 1994 Livart Sergisi Heppening Art Jonetion Festivali (Cannes\/Fransa), gibi.<br \/><strong>\u00d6D\u00dcLLER<\/strong>\u00a01987-1989-1990-1996-1997 Nokta dergisi &#8220;Doruktakiler&#8221; Bo\u011fazi\u00e7i \u00dcniversitesi&#8217;nde Son Yirmi Y\u0131l\u0131n En \u0130yi Sanat\u00e7\u0131s\u0131 \u00f6d\u00fcl\u00fc, 1994 Art Jonetion Festivali En iyi Sanat\u00e7\u0131 ve En \u0130yi G\u00f6steri \u00d6d\u00fclleri, gibi.<\/p>\n<p>[\/et_pb_text][\/et_pb_column][\/et_pb_row][\/et_pb_section]<\/p>\n","protected":false},"excerpt":{"rendered":"<p>[et_pb_section fb_built=&#8221;1&#8243; _builder_version=&#8221;4.4.7&#8243;][et_pb_row column_structure=&#8221;1_2,1_2&#8243; _builder_version=&#8221;4.4.7&#8243;][et_pb_column type=&#8221;1_2&#8243; _builder_version=&#8221;4.4.7&#8243;][et_pb_image src=&#8221;https:\/\/gsfsergi.ebyu.edu.tr\/wp-content\/uploads\/2020\/05\/bedri-baykam-portre_medium.jpg&#8221; title_text=&#8221;bedri-baykam-portre_medium&#8221; align=&#8221;right&#8221; _builder_version=&#8221;4.4.8&#8243; custom_padding=&#8221;60px||||false|false&#8221;][\/et_pb_image][\/et_pb_column][et_pb_column type=&#8221;1_2&#8243; _builder_version=&#8221;4.4.7&#8243;][et_pb_text _builder_version=&#8221;4.4.8&#8243; custom_padding=&#8221;60px||60px||false|false&#8221;] 1957 y\u0131l\u0131nda \u0130stanbul&#8217;da do\u011fdu. Resim \u00e7al\u0131\u015fmalar\u0131na 4 ya\u015f\u0131nda ba\u015flad\u0131. Orta\u00f6\u011frenimini \u0130stanbul Saint\u00a0Joseph Lisesi&#8217;nde tamamlad\u0131. 1975.1980 y\u0131llar\u0131 aras\u0131nda Paris Sorbonne \u00dcniversitesi&#8217;nde, 1980-1984 y\u0131llar\u0131 aras\u0131nda da California College of Art &amp; Crafts&#8217;da e\u011fitim g\u00f6rd\u00fc. 1979- 1980 y\u0131llar\u0131 aras\u0131nda Paris&#8217;te L&#8217;Actorat&#8217;da oyunculuk [&hellip;]<\/p>\n","protected":false},"author":9,"featured_media":0,"parent":0,"menu_order":0,"comment_status":"closed","ping_status":"closed","template":"","meta":{"_et_pb_use_builder":"on","_et_pb_old_content":"","_et_gb_content_width":"","spay_email":""},"jetpack_sharing_enabled":true,"jetpack_likes_enabled":true,"_links":{"self":[{"href":"https:\/\/gsfsergi.ebyu.edu.tr\/index.php?rest_route=\/wp\/v2\/pages\/848"}],"collection":[{"href":"https:\/\/gsfsergi.ebyu.edu.tr\/index.php?rest_route=\/wp\/v2\/pages"}],"about":[{"href":"https:\/\/gsfsergi.ebyu.edu.tr\/index.php?rest_route=\/wp\/v2\/types\/page"}],"author":[{"embeddable":true,"href":"https:\/\/gsfsergi.ebyu.edu.tr\/index.php?rest_route=\/wp\/v2\/users\/9"}],"replies":[{"embeddable":true,"href":"https:\/\/gsfsergi.ebyu.edu.tr\/index.php?rest_route=%2Fwp%2Fv2%2Fcomments&post=848"}],"version-history":[{"count":4,"href":"https:\/\/gsfsergi.ebyu.edu.tr\/index.php?rest_route=\/wp\/v2\/pages\/848\/revisions"}],"predecessor-version":[{"id":1454,"href":"https:\/\/gsfsergi.ebyu.edu.tr\/index.php?rest_route=\/wp\/v2\/pages\/848\/revisions\/1454"}],"wp:attachment":[{"href":"https:\/\/gsfsergi.ebyu.edu.tr\/index.php?rest_route=%2Fwp%2Fv2%2Fmedia&parent=848"}],"curies":[{"name":"wp","href":"https:\/\/api.w.org\/{rel}","templated":true}]}}