{"id":809,"date":"2020-05-19T16:06:14","date_gmt":"2020-05-19T13:06:14","guid":{"rendered":"https:\/\/gsfsergi.ebyu.edu.tr\/?page_id=809"},"modified":"2020-06-05T14:43:18","modified_gmt":"2020-06-05T11:43:18","slug":"bahar-kocaman","status":"publish","type":"page","link":"https:\/\/gsfsergi.ebyu.edu.tr\/?page_id=809","title":{"rendered":"Bahar Kocaman"},"content":{"rendered":"<p>[et_pb_section fb_built=&#8221;1&#8243; _builder_version=&#8221;4.4.7&#8243;][et_pb_row column_structure=&#8221;1_2,1_2&#8243; _builder_version=&#8221;4.4.7&#8243;][et_pb_column type=&#8221;1_2&#8243; _builder_version=&#8221;4.4.7&#8243;][et_pb_image src=&#8221;https:\/\/gsfsergi.ebyu.edu.tr\/wp-content\/uploads\/2020\/05\/imageHandler.jpg&#8221; title_text=&#8221;imageHandler&#8221; align=&#8221;right&#8221; _builder_version=&#8221;4.4.7&#8243; custom_padding=&#8221;60px|||||&#8221;][\/et_pb_image][\/et_pb_column][et_pb_column type=&#8221;1_2&#8243; _builder_version=&#8221;4.4.7&#8243;][et_pb_text _builder_version=&#8221;4.4.8&#8243; custom_padding=&#8221;60px||60px||false|false&#8221; hover_enabled=&#8221;0&#8243;]<\/p>\n<p>1961 Edirne\u2019de do\u011fdu.<br \/>1983 Mimar Sinan \u00dcniversitesi, G\u00fczel Sanatlar Fak\u00fcltesi Y\u00fcksek Resim B\u00f6l\u00fcm\u00fc Prof. Adnan \u00c7oker At\u00f6lyesi&#8217;nden mezun oldu.<br \/>1985 Mimar Sinan \u00dcniversitesi, Resim ve Heykel M\u00fczesi Resim Restorasyonu B\u00f6l\u00fcm\u00fc\u2019nde restorat\u00f6r olarak g\u00f6reve ba\u015flad\u0131.<br \/>1998 Mimar Sinan \u00dcniversitesi, G\u00fczel Sanatlar Fak\u00fcltesi Resim Ana Sanat Dal\u0131\u2019nda Sanatta Yeterli\u011fini(doktora) tamamlad\u0131.Yurti\u00e7i ve yurtd\u0131\u015f\u0131nda \u00e7e\u015fitli koleksiyonlarda yap\u0131tlar\u0131 bulunan sanat\u00e7\u0131, 2003-2006 tarihleri aras\u0131nda Kocaeli \u00dcniversitesi G\u00fczel Sanatlar Fak\u00fcltesi\u2019nde Yard\u0131mc\u0131 Do\u00e7ent olarak \u00e7al\u0131\u015fm\u0131\u015ft\u0131r.Halen Beykent \u00dcniversitesi G\u00fczel Sanatlar Fak\u00fcltesi Resim B\u00f6l\u00fcm\u00fc\u2019nde \u00f6\u011fretim \u00fcyeli\u011fine devam eden Kocaman, resim \u00e7al\u0131\u015fmalar\u0131n\u0131 kendi at\u00f6lyesinde s\u00fcrd\u00fcrmektedir.<\/p>\n<p><strong>D\u0130\u011eER SANATSAL ETK\u0130NL\u0130KLER\u0130<\/strong><\/p>\n<p>1990 &#8211; 1991 Almanya\u2019n\u0131n Berlin, K\u00f6ln, Essen, Darmstadt, Lippstadt, M\u00fcnster, Bottrop, M\u00fcnih \u015fehirlerinde, Paris, Viyana ve Moskova\u2019da sanatsal\u00a0 inceleme gezileri<br \/>1991 Bir yap\u0131t\u0131 Moskova Orient M\u00fczesi\u2019ne sergilenmek \u00fczere al\u0131nd\u0131.<\/p>\n<p><strong>KATILDI\u011eI SEMPOZYUMLAR<\/strong><\/p>\n<p>1993 Uluslararas\u0131 Sanat Sempozyumu, Makedonya-Kriva Palanka<br \/>1998 Uluslararas\u0131 Sanat Sempozyumu, Makedonya-Strumica<br \/>2002 Uluslararas\u0131 Sanat Sempozyumu, Yunanistan-Samothraki<br \/>2004 \u201cII. Aspat Resim ve Heykel Sempozyumu, Bodrum<br \/>2005 \u201cI. Aba- Bar\u0131\u015f\u0131 Kad\u0131nlar Yapar\u201d konulu Uluslar aras\u0131 Sanat Sempozyumu, Mersin<br \/>2005 \u201cUluslararas\u0131 Kad\u0131n Sanat\u00e7\u0131lar Sempozyumu, Romanya-K\u00f6stence<br \/>2005 \u201cSanatta Anadolu Ayd\u0131nlanmas\u0131\u201d bildirili Ulusal Sempozyum, Atat\u00fcrk \u00dcniversitesi, G\u00fczel Sanatlar Fak\u00fcltesi, Erzurum<\/p>\n<p>\u00d6d\u00fcller<\/p>\n<p>1990 &#8211; \u00c7a\u011fda\u015f T\u00fcrk Resmi Yar\u0131\u015fmas\u0131, \u00dc\u00e7\u00fcnc\u00fcl\u00fck \u00d6d\u00fcl\u00fc<\/p>\n<p>[\/et_pb_text][\/et_pb_column][\/et_pb_row][\/et_pb_section]<\/p>\n","protected":false},"excerpt":{"rendered":"<p>[et_pb_section fb_built=&#8221;1&#8243; _builder_version=&#8221;4.4.7&#8243;][et_pb_row column_structure=&#8221;1_2,1_2&#8243; _builder_version=&#8221;4.4.7&#8243;][et_pb_column type=&#8221;1_2&#8243; _builder_version=&#8221;4.4.7&#8243;][et_pb_image src=&#8221;https:\/\/gsfsergi.ebyu.edu.tr\/wp-content\/uploads\/2020\/05\/imageHandler.jpg&#8221; title_text=&#8221;imageHandler&#8221; align=&#8221;right&#8221; _builder_version=&#8221;4.4.7&#8243; custom_padding=&#8221;60px|||||&#8221;][\/et_pb_image][\/et_pb_column][et_pb_column type=&#8221;1_2&#8243; _builder_version=&#8221;4.4.7&#8243;][et_pb_text _builder_version=&#8221;4.4.8&#8243; custom_padding=&#8221;60px||60px||false|false&#8221; hover_enabled=&#8221;0&#8243;] 1961 Edirne\u2019de do\u011fdu.1983 Mimar Sinan \u00dcniversitesi, G\u00fczel Sanatlar Fak\u00fcltesi Y\u00fcksek Resim B\u00f6l\u00fcm\u00fc Prof. Adnan \u00c7oker At\u00f6lyesi&#8217;nden mezun oldu.1985 Mimar Sinan \u00dcniversitesi, Resim ve Heykel M\u00fczesi Resim Restorasyonu B\u00f6l\u00fcm\u00fc\u2019nde restorat\u00f6r olarak g\u00f6reve ba\u015flad\u0131.1998 Mimar Sinan \u00dcniversitesi, G\u00fczel Sanatlar Fak\u00fcltesi [&hellip;]<\/p>\n","protected":false},"author":9,"featured_media":0,"parent":0,"menu_order":0,"comment_status":"closed","ping_status":"closed","template":"","meta":{"_et_pb_use_builder":"on","_et_pb_old_content":"","_et_gb_content_width":"","spay_email":""},"jetpack_sharing_enabled":true,"jetpack_likes_enabled":true,"_links":{"self":[{"href":"https:\/\/gsfsergi.ebyu.edu.tr\/index.php?rest_route=\/wp\/v2\/pages\/809"}],"collection":[{"href":"https:\/\/gsfsergi.ebyu.edu.tr\/index.php?rest_route=\/wp\/v2\/pages"}],"about":[{"href":"https:\/\/gsfsergi.ebyu.edu.tr\/index.php?rest_route=\/wp\/v2\/types\/page"}],"author":[{"embeddable":true,"href":"https:\/\/gsfsergi.ebyu.edu.tr\/index.php?rest_route=\/wp\/v2\/users\/9"}],"replies":[{"embeddable":true,"href":"https:\/\/gsfsergi.ebyu.edu.tr\/index.php?rest_route=%2Fwp%2Fv2%2Fcomments&post=809"}],"version-history":[{"count":5,"href":"https:\/\/gsfsergi.ebyu.edu.tr\/index.php?rest_route=\/wp\/v2\/pages\/809\/revisions"}],"predecessor-version":[{"id":1450,"href":"https:\/\/gsfsergi.ebyu.edu.tr\/index.php?rest_route=\/wp\/v2\/pages\/809\/revisions\/1450"}],"wp:attachment":[{"href":"https:\/\/gsfsergi.ebyu.edu.tr\/index.php?rest_route=%2Fwp%2Fv2%2Fmedia&parent=809"}],"curies":[{"name":"wp","href":"https:\/\/api.w.org\/{rel}","templated":true}]}}