{"id":727,"date":"2020-05-18T14:16:32","date_gmt":"2020-05-18T11:16:32","guid":{"rendered":"https:\/\/gsfsergi.ebyu.edu.tr\/?page_id=727"},"modified":"2020-06-05T14:58:29","modified_gmt":"2020-06-05T11:58:29","slug":"onay-akbas","status":"publish","type":"page","link":"https:\/\/gsfsergi.ebyu.edu.tr\/?page_id=727","title":{"rendered":"Onay Akba\u015f"},"content":{"rendered":"<p>[et_pb_section fb_built=&#8221;1&#8243; _builder_version=&#8221;4.4.7&#8243;][et_pb_row column_structure=&#8221;1_2,1_2&#8243; _builder_version=&#8221;4.4.7&#8243;][et_pb_column type=&#8221;1_2&#8243; _builder_version=&#8221;4.4.7&#8243;][et_pb_image src=&#8221;https:\/\/gsfsergi.ebyu.edu.tr\/wp-content\/uploads\/2020\/05\/OnayAkbas_photo.jpg&#8221; title_text=&#8221;OnayAkbas_photo&#8221; align=&#8221;right&#8221; _builder_version=&#8221;4.4.8&#8243; hover_enabled=&#8221;0&#8243; custom_padding=&#8221;60px||||false|false&#8221;][\/et_pb_image][\/et_pb_column][et_pb_column type=&#8221;1_2&#8243; _builder_version=&#8221;4.4.7&#8243;][et_pb_text _builder_version=&#8221;4.4.8&#8243; hover_enabled=&#8221;0&#8243; custom_padding=&#8221;60px||60px||false|false&#8221;]<\/p>\n<div style=\"text-align: left\">1 May\u0131s 1964 &#8211; Fatsa&#8217;da do\u011fdu. \u0130lkokulu Fatsa&#8217;da bitirdi.<\/div>\n<div style=\"text-align: left\">\u00a0<\/div>\n<div style=\"text-align: left\">1974-1980 Y\u0131llar\u0131 aras\u0131nda orta \u00f6\u011frenimini Kastamonu Abdurrahman Pa\u015fa Lisesi&#8217;nde g\u00f6rd\u00fc. Liseyi Fatsa lisesinde<\/div>\n<div style=\"text-align: left\">tamamlad\u0131.<\/div>\n<div style=\"text-align: left\">\u00a0<\/div>\n<div style=\"text-align: left\">1980-85 Y\u0131llar\u0131nda y\u00fcksek \u00f6\u011frenimini Marmara \u00dcniversitesi Atat\u00fcrk E\u011fitim Fak\u00fcltesi resim b\u00f6l\u00fcm\u00fcnde bitirdi.<\/div>\n<div style=\"text-align: left\">\u00a0<\/div>\n<div style=\"text-align: left\">1985 y\u0131l\u0131nda \u0130stanbul Maltepe semtinde ilk at\u00f6lyesini a\u00e7arak profesyonel sanat ya\u015fam\u0131na at\u0131ld\u0131. Burada daha sonra<\/div>\n<div style=\"text-align: left\">sanat \u00e7evresi tarafindan\u00a0 \u00ab Maltepeli Ressamlar \u00bb olarak bilinen olu\u015fumun kurulu\u015funda yer ald\u0131.<\/div>\n<div style=\"text-align: left\">\u00a0<\/div>\n<div style=\"text-align: left\">1987 Band\u0131rma Ku\u015f Cenneti Festivali resim yar\u0131\u015fmas\u0131nda \u00f6d\u00fcl lay\u0131k g\u00f6r\u00fcld\u00fc.<\/div>\n<div style=\"text-align: left\">\u00a0<\/div>\n<div style=\"text-align: left\">1987-1988 Y\u0131llar\u0131 aras\u0131 Izmir Maltepe Askeri Lisesi&#8217;nde bir y\u0131l resim \u00f6\u011fretmenli\u011fi yapt\u0131.<\/div>\n<div style=\"text-align: left\">\u00a0<\/div>\n<div style=\"text-align: left\">1988 Y\u0131l\u0131nda Paris&#8217;e yerle\u015ferek ilk at\u00f6lyesini a\u00e7t\u0131.<\/div>\n<div style=\"text-align: left\">\u00a0<\/div>\n<div style=\"text-align: left\">1989\u00a0 Frans\u0131z devriminin 200.y\u0131l\u0131 kutlamalar\u0131 \u00e7er\u00e7evesinde \u00ab Galerie Sero \u00bb Paris&#8217;te ilk ki\u015fisel sergisini d\u00fczenledi.<\/div>\n<div style=\"text-align: left\">\u00a0<\/div>\n<div style=\"text-align: left\">1991 Paris&#8217;te bir gurup de\u011fi\u015fik milliyetlerden sanat\u00e7\u0131 ve kuramc\u0131s\u0131yla beraber \u00ab Le chainon manquant \u00bb adl\u0131<\/div>\n<div style=\"text-align: left\">olu\u015fumun kurulu\u015funda bulundu ve bu gurup sanat\u00e7\u0131yla ba\u015fta bir\u00e7ok sanat fuar\u0131 olmak \u00fczere \u00e7ok say\u0131da karma<\/div>\n<div style=\"text-align: left\">manifestasyonlara kat\u0131ld\u0131;<\/div>\n<div style=\"text-align: left\">Bu gurup Arjantinli ressam Aznar&#8217;in \u00f6l\u00fcm\u00fcyle faaliyetlerine son verdi.<\/div>\n<div style=\"text-align: left\">\u00a0<\/div>\n<div style=\"text-align: left\">1992 Fransa&#8217;da\u00a0 \u00ab Beaujolais \u00bb sanat \u00f6d\u00fclleri\u00a0 Resim birincilik \u00f6d\u00fcl\u00fcne lay\u0131k g\u00f6r\u00fcld\u00fc.<\/div>\n<div style=\"text-align: left\">\u00a0<\/div>\n<div style=\"text-align: left\">1995-2005 Y\u0131llar\u0131 aras\u0131nda Paris&#8217;te halen devam eden Mac 2000 adl\u0131 sanat fuar\u0131n\u0131n 11 y\u0131l boyunca<\/div>\n<div style=\"text-align: left\">dan\u0131\u015fmanlar\u0131ndan ve kat\u0131l\u0131mc\u0131 sanat\u00e7\u0131lar\u0131ndan oldu.<\/div>\n<div style=\"text-align: left\">\u00a0<\/div>\n<div style=\"text-align: left\">2003-2006 Paris&#8217;te \u00ab Espace d&#8217;art contemporain l&#8217;autre \u00bb adl\u0131\u00a0 kendi sanat galerisini a\u00e7t\u0131.<\/div>\n<div style=\"text-align: left\">\u00a0<\/div>\n<div style=\"text-align: left\">2007 Fransa&#8217;n\u0131n g\u00f6rsel sanatlar dal\u0131nda en prestijli sanat \u00f6d\u00fcl\u00fc \u00ab Marin \u00bb de juri \u00fcyeli\u011finde bulundu.<\/div>\n<div style=\"text-align: left\">\u00a0<\/div>\n<div style=\"text-align: left\">2010 Fransa&#8217;da \u00ab T\u00fcrkiye Y\u0131l\u0131 \u00bb kutlamalar\u0131 resmi program\u0131 \u00e7er\u00e7evesinde ba\u015fta,<\/div>\n<div style=\"text-align: left\">\u00ab Lyon Bienali &#8211; Galerie Regard sud \u00bb ve ard\u0131ndan \u00ab Galeri crous des Beaux-Arts Paris \u00bb da iki ki\u015fisel sergi<\/div>\n<div style=\"text-align: left\">ger\u00e7ekle\u015ftirdi .<\/div>\n<div style=\"text-align: left\">\u00a0<\/div>\n<div style=\"text-align: left\">1988&#8217;den bug\u00fcne, ba\u015fta Art Miami, Art Zurich, Art Geneve, Mac 2000 Paris, S&#8217;tart- Strasbourg, Manif-Seoul, Art<\/div>\n<div style=\"text-align: left\">Taipei-Taiwan olmak \u00fczere d\u00fcnyanin bir\u00e7ok sanat fuar\u0131nda sergilere kat\u0131ld\u0131..<\/div>\n<div style=\"text-align: left\">\u00a0<\/div>\n<div style=\"text-align: left\">\u00a0\u00a0 \u00a0\u00a0\u00a0 Bug\u00fcne kadar bir\u00e7ok \u00fclkede 50 nin \u00fczerinde ki\u015fisel sergiler d\u00fczenleyip \u00e7ok say\u0131da karma sergilerde eserleri<\/div>\n<div style=\"text-align: left\">sergilendi.<\/div>\n<div style=\"text-align: left\">\u00a0\u00a0 \u00a0\u00a0\u00a0 D\u00fcnyan\u0131n bir\u00e7ok \u00f6zel ve t\u00fczel kolleksiyon ve m\u00fczelerinde eserleri bulunmaktad\u0131r.<\/div>\n<div style=\"text-align: left\">\u00a0\u00a0 \u00a0\u00a0\u00a0 Bir\u00e7ok dilde bas\u0131lm\u0131\u015f sergi kataloglar\u0131 yan\u0131nda yine \u0130ngilizce, Frans\u0131zca, \u00c7ince ve T\u00fcrk\u00e7e olarak, \u00e7e\u015fitli sanat<\/div>\n<div style=\"text-align: left\">tarih\u00e7ileri ve ele\u015ftirmenleri taraf\u0131ndan sanat\u0131 hakk\u0131nda yaz\u0131lm\u0131\u015f 4 adet kapsaml\u0131 kitab\u0131 bulunmaktad\u0131r.<\/div>\n<div style=\"text-align: left\">\u00a0<\/div>\n<div style=\"text-align: left\">\u00a0\u00a0 \u00a0\u00a0\u00a0 Sanat\u0131 hakk\u0131nda bir\u00e7ok \u00fclkede Tv, radyo programlar\u0131, dergi ve gazetelerde \u00e7ok say\u0131da r\u00f6portajlar, makaleler,<\/div>\n<div style=\"text-align: left\">ele\u015ftiri ve analiz yaz\u0131lar\u0131 yay\u0131nland\u0131.<\/div>\n<div style=\"text-align: left\">\u00a0<\/div>\n<div style=\"text-align: left\">\u00a0\u00a0 \u00a0\u00a0\u00a0 Sanat\u00e7\u0131, T\u00fcrkiye Gazeteciler Cemiyeti Sedat Semavi \u00d6d\u00fclleri 2014 G\u00f6rsel Sanatlar \u00d6d\u00fcl\u00fc sahibidir.<\/div>\n<p>[\/et_pb_text][\/et_pb_column][\/et_pb_row][\/et_pb_section]<\/p>\n","protected":false},"excerpt":{"rendered":"<p>[et_pb_section fb_built=&#8221;1&#8243; _builder_version=&#8221;4.4.7&#8243;][et_pb_row column_structure=&#8221;1_2,1_2&#8243; _builder_version=&#8221;4.4.7&#8243;][et_pb_column type=&#8221;1_2&#8243; _builder_version=&#8221;4.4.7&#8243;][et_pb_image src=&#8221;https:\/\/gsfsergi.ebyu.edu.tr\/wp-content\/uploads\/2020\/05\/OnayAkbas_photo.jpg&#8221; title_text=&#8221;OnayAkbas_photo&#8221; align=&#8221;right&#8221; _builder_version=&#8221;4.4.8&#8243; hover_enabled=&#8221;0&#8243; custom_padding=&#8221;60px||||false|false&#8221;][\/et_pb_image][\/et_pb_column][et_pb_column type=&#8221;1_2&#8243; _builder_version=&#8221;4.4.7&#8243;][et_pb_text _builder_version=&#8221;4.4.8&#8243; hover_enabled=&#8221;0&#8243; custom_padding=&#8221;60px||60px||false|false&#8221;] 1 May\u0131s 1964 &#8211; Fatsa&#8217;da do\u011fdu. \u0130lkokulu Fatsa&#8217;da bitirdi. \u00a0 1974-1980 Y\u0131llar\u0131 aras\u0131nda orta \u00f6\u011frenimini Kastamonu Abdurrahman Pa\u015fa Lisesi&#8217;nde g\u00f6rd\u00fc. Liseyi Fatsa lisesinde tamamlad\u0131. \u00a0 1980-85 Y\u0131llar\u0131nda y\u00fcksek \u00f6\u011frenimini Marmara \u00dcniversitesi Atat\u00fcrk E\u011fitim Fak\u00fcltesi resim b\u00f6l\u00fcm\u00fcnde bitirdi. [&hellip;]<\/p>\n","protected":false},"author":9,"featured_media":0,"parent":0,"menu_order":0,"comment_status":"closed","ping_status":"closed","template":"","meta":{"_et_pb_use_builder":"on","_et_pb_old_content":"","_et_gb_content_width":"","spay_email":""},"jetpack_sharing_enabled":true,"jetpack_likes_enabled":true,"_links":{"self":[{"href":"https:\/\/gsfsergi.ebyu.edu.tr\/index.php?rest_route=\/wp\/v2\/pages\/727"}],"collection":[{"href":"https:\/\/gsfsergi.ebyu.edu.tr\/index.php?rest_route=\/wp\/v2\/pages"}],"about":[{"href":"https:\/\/gsfsergi.ebyu.edu.tr\/index.php?rest_route=\/wp\/v2\/types\/page"}],"author":[{"embeddable":true,"href":"https:\/\/gsfsergi.ebyu.edu.tr\/index.php?rest_route=\/wp\/v2\/users\/9"}],"replies":[{"embeddable":true,"href":"https:\/\/gsfsergi.ebyu.edu.tr\/index.php?rest_route=%2Fwp%2Fv2%2Fcomments&post=727"}],"version-history":[{"count":3,"href":"https:\/\/gsfsergi.ebyu.edu.tr\/index.php?rest_route=\/wp\/v2\/pages\/727\/revisions"}],"predecessor-version":[{"id":1477,"href":"https:\/\/gsfsergi.ebyu.edu.tr\/index.php?rest_route=\/wp\/v2\/pages\/727\/revisions\/1477"}],"wp:attachment":[{"href":"https:\/\/gsfsergi.ebyu.edu.tr\/index.php?rest_route=%2Fwp%2Fv2%2Fmedia&parent=727"}],"curies":[{"name":"wp","href":"https:\/\/api.w.org\/{rel}","templated":true}]}}