{"id":725,"date":"2020-05-18T14:16:19","date_gmt":"2020-05-18T11:16:19","guid":{"rendered":"https:\/\/gsfsergi.ebyu.edu.tr\/?page_id=725"},"modified":"2020-06-05T14:57:54","modified_gmt":"2020-06-05T11:57:54","slug":"mustafa-orkun-muftuoglu","status":"publish","type":"page","link":"https:\/\/gsfsergi.ebyu.edu.tr\/?page_id=725","title":{"rendered":"Mustafa Orkun M\u00fcft\u00fco\u011flu"},"content":{"rendered":"<p>[et_pb_section fb_built=&#8221;1&#8243; _builder_version=&#8221;4.4.7&#8243;][et_pb_row column_structure=&#8221;1_2,1_2&#8243; _builder_version=&#8221;4.4.7&#8243;][et_pb_column type=&#8221;1_2&#8243; _builder_version=&#8221;4.4.7&#8243;][et_pb_image src=&#8221;https:\/\/gsfsergi.ebyu.edu.tr\/wp-content\/uploads\/2020\/05\/4528d85472be4f9150eab85c6d9c5d06.jpg&#8221; title_text=&#8221;4528d85472be4f9150eab85c6d9c5d06&#8243; align=&#8221;right&#8221; _builder_version=&#8221;4.4.8&#8243; hover_enabled=&#8221;0&#8243; custom_padding=&#8221;60px||||false|false&#8221;][\/et_pb_image][\/et_pb_column][et_pb_column type=&#8221;1_2&#8243; _builder_version=&#8221;4.4.7&#8243;][et_pb_text _builder_version=&#8221;4.4.8&#8243; hover_enabled=&#8221;0&#8243; custom_padding=&#8221;60px||60px||false|false&#8221;]<\/p>\n<p style=\"text-align: left\">1973 y\u0131l\u0131nda Trabzon&#8217;da d\u00fcnyaya gelen\u00a0<b>Mustafa Orkun M\u00fcft\u00fco\u011flu<\/b>, 1990-1995 y\u0131llar\u0131 aras\u0131nda Mimar Sinan \u00dcniversitesi G\u00fczel Sanatlar Fak\u00fcltesi Resim B\u00f6l\u00fcm\u00fc, Lisans, 1998-2006 y\u0131llar\u0131 aras\u0131nda ayn\u0131 fak\u00fcltede Resim B\u00f6l\u00fcm\u00fc Ara\u015ft\u0131rma g\u00f6revlisi olmu\u015ftur.<\/p>\n<p style=\"text-align: left\">Mustafa Orkun M\u00fcft\u00fco\u011flu, 2006-2012 y\u0131llar\u0131 aras\u0131nda yard\u0131mc\u0131 do\u00e7ent, 2012 y\u0131l\u0131nda Mimar Sinan G\u00fczel Sanatlar \u00dcniversitesi G\u00fczel Sanatlar Fak\u00fcltesi resim B\u00f6l\u00fcm\u00fc do\u00e7enti olmu\u015ftur.<\/p>\n<p>[\/et_pb_text][\/et_pb_column][\/et_pb_row][\/et_pb_section]<\/p>\n","protected":false},"excerpt":{"rendered":"<p>[et_pb_section fb_built=&#8221;1&#8243; _builder_version=&#8221;4.4.7&#8243;][et_pb_row column_structure=&#8221;1_2,1_2&#8243; _builder_version=&#8221;4.4.7&#8243;][et_pb_column type=&#8221;1_2&#8243; _builder_version=&#8221;4.4.7&#8243;][et_pb_image src=&#8221;https:\/\/gsfsergi.ebyu.edu.tr\/wp-content\/uploads\/2020\/05\/4528d85472be4f9150eab85c6d9c5d06.jpg&#8221; title_text=&#8221;4528d85472be4f9150eab85c6d9c5d06&#8243; align=&#8221;right&#8221; _builder_version=&#8221;4.4.8&#8243; hover_enabled=&#8221;0&#8243; custom_padding=&#8221;60px||||false|false&#8221;][\/et_pb_image][\/et_pb_column][et_pb_column type=&#8221;1_2&#8243; _builder_version=&#8221;4.4.7&#8243;][et_pb_text _builder_version=&#8221;4.4.8&#8243; hover_enabled=&#8221;0&#8243; custom_padding=&#8221;60px||60px||false|false&#8221;] 1973 y\u0131l\u0131nda Trabzon&#8217;da d\u00fcnyaya gelen\u00a0Mustafa Orkun M\u00fcft\u00fco\u011flu, 1990-1995 y\u0131llar\u0131 aras\u0131nda Mimar Sinan \u00dcniversitesi G\u00fczel Sanatlar Fak\u00fcltesi Resim B\u00f6l\u00fcm\u00fc, Lisans, 1998-2006 y\u0131llar\u0131 aras\u0131nda ayn\u0131 fak\u00fcltede Resim B\u00f6l\u00fcm\u00fc Ara\u015ft\u0131rma g\u00f6revlisi olmu\u015ftur. Mustafa Orkun M\u00fcft\u00fco\u011flu, 2006-2012 y\u0131llar\u0131 aras\u0131nda yard\u0131mc\u0131 do\u00e7ent, [&hellip;]<\/p>\n","protected":false},"author":9,"featured_media":0,"parent":0,"menu_order":0,"comment_status":"closed","ping_status":"closed","template":"","meta":{"_et_pb_use_builder":"on","_et_pb_old_content":"","_et_gb_content_width":"","spay_email":""},"jetpack_sharing_enabled":true,"jetpack_likes_enabled":true,"_links":{"self":[{"href":"https:\/\/gsfsergi.ebyu.edu.tr\/index.php?rest_route=\/wp\/v2\/pages\/725"}],"collection":[{"href":"https:\/\/gsfsergi.ebyu.edu.tr\/index.php?rest_route=\/wp\/v2\/pages"}],"about":[{"href":"https:\/\/gsfsergi.ebyu.edu.tr\/index.php?rest_route=\/wp\/v2\/types\/page"}],"author":[{"embeddable":true,"href":"https:\/\/gsfsergi.ebyu.edu.tr\/index.php?rest_route=\/wp\/v2\/users\/9"}],"replies":[{"embeddable":true,"href":"https:\/\/gsfsergi.ebyu.edu.tr\/index.php?rest_route=%2Fwp%2Fv2%2Fcomments&post=725"}],"version-history":[{"count":3,"href":"https:\/\/gsfsergi.ebyu.edu.tr\/index.php?rest_route=\/wp\/v2\/pages\/725\/revisions"}],"predecessor-version":[{"id":1476,"href":"https:\/\/gsfsergi.ebyu.edu.tr\/index.php?rest_route=\/wp\/v2\/pages\/725\/revisions\/1476"}],"wp:attachment":[{"href":"https:\/\/gsfsergi.ebyu.edu.tr\/index.php?rest_route=%2Fwp%2Fv2%2Fmedia&parent=725"}],"curies":[{"name":"wp","href":"https:\/\/api.w.org\/{rel}","templated":true}]}}