{"id":713,"date":"2020-05-18T14:14:50","date_gmt":"2020-05-18T11:14:50","guid":{"rendered":"https:\/\/gsfsergi.ebyu.edu.tr\/?page_id=713"},"modified":"2020-06-05T14:51:13","modified_gmt":"2020-06-05T11:51:13","slug":"husamettin-kocan","status":"publish","type":"page","link":"https:\/\/gsfsergi.ebyu.edu.tr\/?page_id=713","title":{"rendered":"H\u00fcsamettin Ko\u00e7an"},"content":{"rendered":"<p>[et_pb_section fb_built=&#8221;1&#8243; _builder_version=&#8221;4.4.7&#8243;][et_pb_row column_structure=&#8221;1_2,1_2&#8243; _builder_version=&#8221;4.4.7&#8243;][et_pb_column type=&#8221;1_2&#8243; _builder_version=&#8221;4.4.7&#8243;][et_pb_image src=&#8221;https:\/\/gsfsergi.ebyu.edu.tr\/wp-content\/uploads\/2020\/05\/ressam_prof_dr_husamettin_kocan_2_ea0334de77d6399e3607.jpg&#8221; title_text=&#8221;ressam_prof_dr_husamettin_kocan_2_ea0334de77d6399e3607&#8243; align=&#8221;right&#8221; _builder_version=&#8221;4.4.8&#8243; hover_enabled=&#8221;0&#8243; custom_padding=&#8221;60px||||false|false&#8221;][\/et_pb_image][\/et_pb_column][et_pb_column type=&#8221;1_2&#8243; _builder_version=&#8221;4.4.7&#8243;][et_pb_text _builder_version=&#8221;4.4.8&#8243; hover_enabled=&#8221;0&#8243; custom_padding=&#8221;60px||60px||false|false&#8221;]<\/p>\n<p style=\"text-align: left\">1946 y\u0131l\u0131nda Bayburt&#8217;da do\u011fdu. Devlet Tatbiki G\u00fczel Sanatlar Y\u00fcksek Okulu Resim B\u00f6l\u00fcm\u00fc&#8217;nden mezun oldu. Marmara \u00dcniversitesi G\u00fczel Sanatlar Fak\u00fcltesi&#8217;nde uzun y\u0131llar \u00f6\u011fretim \u00fcyesi olarak g\u00f6rev yapt\u0131. 1997-2005 y\u0131llar\u0131 aras\u0131nda fak\u00fcltenin dekanl\u0131\u011f\u0131n\u0131 \u00fcstlendi.<\/p>\n<p>Uluslararas\u0131 Plastik Sanat\u00e7\u0131lar Derne\u011fi&#8217;nin kurucular\u0131 aras\u0131nda yer ald\u0131. 1990-95 y\u0131llar\u0131 aras\u0131nda derne\u011fi y\u00f6netti. 1991&#8217;de \u0130stanbul Sanat Fuar\u0131&#8217;n\u0131 kurdu. Ayn\u0131 y\u0131l II.Asya-Avrupa Bienali&#8217;nde T\u00fcrkiye Komiseri oldu. Avusturya Salzburg \u015eehri Onur \u00d6d\u00fcl\u00fc ve Asya Sanat Bienali, Resim B\u00fcy\u00fck \u00d6d\u00fcl\u00fc&#8217;ne sahip oldu. \u00c7e\u015fitli resmi davetlerle \u0130ngiltere, Fransa ve Avusturalya&#8217;da ara\u015ft\u0131rmalar yapt\u0131. Pek\u00e7ok yar\u0131\u015fman\u0131n se\u00e7ici kurulunda yer ald\u0131. Say\u0131s\u0131z ki\u015fisel sergi ger\u00e7ekle\u015ftirdi ve karma sergilere kat\u0131ld\u0131.<\/p>\n<p>2005 y\u0131l\u0131nda kurdu\u011fu vak\u0131fla Baks\u0131 M\u00fczesi&#8217;ne hayat verdi. Ki\u015fisel sanat \u00e7al\u0131\u015fmalar\u0131n\u0131n yan\u0131 s\u0131ra halen m\u00fcze \u00e7al\u0131\u015fmalar\u0131n\u0131 y\u00fcr\u00fct\u00fcyor. Okan \u00dcniversitesi&#8217;nde ders veriyor.<\/p>\n<p>[\/et_pb_text][\/et_pb_column][\/et_pb_row][\/et_pb_section]<\/p>\n","protected":false},"excerpt":{"rendered":"<p>[et_pb_section fb_built=&#8221;1&#8243; _builder_version=&#8221;4.4.7&#8243;][et_pb_row column_structure=&#8221;1_2,1_2&#8243; _builder_version=&#8221;4.4.7&#8243;][et_pb_column type=&#8221;1_2&#8243; _builder_version=&#8221;4.4.7&#8243;][et_pb_image src=&#8221;https:\/\/gsfsergi.ebyu.edu.tr\/wp-content\/uploads\/2020\/05\/ressam_prof_dr_husamettin_kocan_2_ea0334de77d6399e3607.jpg&#8221; title_text=&#8221;ressam_prof_dr_husamettin_kocan_2_ea0334de77d6399e3607&#8243; align=&#8221;right&#8221; _builder_version=&#8221;4.4.8&#8243; hover_enabled=&#8221;0&#8243; custom_padding=&#8221;60px||||false|false&#8221;][\/et_pb_image][\/et_pb_column][et_pb_column type=&#8221;1_2&#8243; _builder_version=&#8221;4.4.7&#8243;][et_pb_text _builder_version=&#8221;4.4.8&#8243; hover_enabled=&#8221;0&#8243; custom_padding=&#8221;60px||60px||false|false&#8221;] 1946 y\u0131l\u0131nda Bayburt&#8217;da do\u011fdu. Devlet Tatbiki G\u00fczel Sanatlar Y\u00fcksek Okulu Resim B\u00f6l\u00fcm\u00fc&#8217;nden mezun oldu. Marmara \u00dcniversitesi G\u00fczel Sanatlar Fak\u00fcltesi&#8217;nde uzun y\u0131llar \u00f6\u011fretim \u00fcyesi olarak g\u00f6rev yapt\u0131. 1997-2005 y\u0131llar\u0131 aras\u0131nda fak\u00fcltenin dekanl\u0131\u011f\u0131n\u0131 \u00fcstlendi. Uluslararas\u0131 Plastik Sanat\u00e7\u0131lar Derne\u011fi&#8217;nin kurucular\u0131 [&hellip;]<\/p>\n","protected":false},"author":9,"featured_media":0,"parent":0,"menu_order":0,"comment_status":"closed","ping_status":"closed","template":"","meta":{"_et_pb_use_builder":"on","_et_pb_old_content":"","_et_gb_content_width":"","spay_email":""},"jetpack_sharing_enabled":true,"jetpack_likes_enabled":true,"_links":{"self":[{"href":"https:\/\/gsfsergi.ebyu.edu.tr\/index.php?rest_route=\/wp\/v2\/pages\/713"}],"collection":[{"href":"https:\/\/gsfsergi.ebyu.edu.tr\/index.php?rest_route=\/wp\/v2\/pages"}],"about":[{"href":"https:\/\/gsfsergi.ebyu.edu.tr\/index.php?rest_route=\/wp\/v2\/types\/page"}],"author":[{"embeddable":true,"href":"https:\/\/gsfsergi.ebyu.edu.tr\/index.php?rest_route=\/wp\/v2\/users\/9"}],"replies":[{"embeddable":true,"href":"https:\/\/gsfsergi.ebyu.edu.tr\/index.php?rest_route=%2Fwp%2Fv2%2Fcomments&post=713"}],"version-history":[{"count":3,"href":"https:\/\/gsfsergi.ebyu.edu.tr\/index.php?rest_route=\/wp\/v2\/pages\/713\/revisions"}],"predecessor-version":[{"id":1464,"href":"https:\/\/gsfsergi.ebyu.edu.tr\/index.php?rest_route=\/wp\/v2\/pages\/713\/revisions\/1464"}],"wp:attachment":[{"href":"https:\/\/gsfsergi.ebyu.edu.tr\/index.php?rest_route=%2Fwp%2Fv2%2Fmedia&parent=713"}],"curies":[{"name":"wp","href":"https:\/\/api.w.org\/{rel}","templated":true}]}}

Hüsamettin Koçan

<p>[et_pb_section fb_built=&#8221;1&#8243; _builder_version=&#8221;4.4.7&#8243;][et_pb_row column_structure=&#8221;1_2,1_2&#8243; _builder_version=&#8221;4.4.7&#8243;][et_pb_column type=&#8221;1_2&#8243; _builder_version=&#8221;4.4.7&#8243;][et_pb_image src=&#8221;https://gsfsergi.ebyu.edu.tr/wp-content/uploads/2020/05/ressam_prof_dr_husamettin_kocan_2_ea0334de77d6399e3607.jpg&#8221; title_text=&#8221;ressam_prof_dr_husamettin_kocan_2_ea0334de77d6399e3607&#8243; align=&#8221;right&#8221; _builder_version=&#8221;4.4.8&#8243; hover_enabled=&#8221;0&#8243; custom_padding=&#8221;60px||||false|false&#8221;][/et_pb_image][/et_pb_column][et_pb_column type=&#8221;1_2&#8243; _builder_version=&#8221;4.4.7&#8243;][et_pb_text _builder_version=&#8221;4.4.8&#8243; hover_enabled=&#8221;0&#8243; custom_padding=&#8221;60px||60px||false|false&#8221;]</p>
<p style="text-align: left">1946 yılında Bayburt&#8217;da doğdu. Devlet Tatbiki Güzel Sanatlar Yüksek Okulu Resim Bölümü&#8217;nden mezun oldu. Marmara Üniversitesi Güzel Sanatlar Fakültesi&#8217;nde uzun yıllar öğretim üyesi olarak görev yaptı. 1997-2005 yılları arasında fakültenin dekanlığını üstlendi.</p>
<p>Uluslararası Plastik Sanatçılar Derneği&#8217;nin kurucuları arasında yer aldı. 1990-95 yılları arasında derneği yönetti. 1991&#8217;de İstanbul Sanat Fuarı&#8217;nı kurdu. Aynı yıl II.Asya-Avrupa Bienali&#8217;nde Türkiye Komiseri oldu. Avusturya Salzburg Şehri Onur Ödülü ve Asya Sanat Bienali, Resim Büyük Ödülü&#8217;ne sahip oldu. Çeşitli resmi davetlerle İngiltere, Fransa ve Avusturalya&#8217;da araştırmalar yaptı. Pekçok yarışmanın seçici kurulunda yer aldı. Sayısız kişisel sergi gerçekleştirdi ve karma sergilere katıldı.</p>
<p>2005 yılında kurduğu vakıfla Baksı Müzesi&#8217;ne hayat verdi. Kişisel sanat çalışmalarının yanı sıra halen müze çalışmalarını yürütüyor. Okan Üniversitesi&#8217;nde ders veriyor.</p>
<p>[/et_pb_text][/et_pb_column][/et_pb_row][/et_pb_section]</p>

<p>[et_pb_section fb_built=&#8221;1&#8243; _builder_version=&#8221;4.4.7&#8243;][et_pb_row column_structure=&#8221;1_2,1_2&#8243; _builder_version=&#8221;4.4.7&#8243;][et_pb_column type=&#8221;1_2&#8243; _builder_version=&#8221;4.4.7&#8243;][et_pb_image src=&#8221;https://gsfsergi.ebyu.edu.tr/wp-content/uploads/2020/05/ressam_prof_dr_husamettin_kocan_2_ea0334de77d6399e3607.jpg&#8221; title_text=&#8221;ressam_prof_dr_husamettin_kocan_2_ea0334de77d6399e3607&#8243; align=&#8221;right&#8221; _builder_version=&#8221;4.4.8&#8243; hover_enabled=&#8221;0&#8243; custom_padding=&#8221;60px||||false|false&#8221;][/et_pb_image][/et_pb_column][et_pb_column type=&#8221;1_2&#8243; _builder_version=&#8221;4.4.7&#8243;][et_pb_text _builder_version=&#8221;4.4.8&#8243; hover_enabled=&#8221;0&#8243; custom_padding=&#8221;60px||60px||false|false&#8221;] 1946 yılında Bayburt&#8217;da doğdu. Devlet Tatbiki Güzel Sanatlar Yüksek Okulu Resim Bölümü&#8217;nden mezun oldu. Marmara Üniversitesi Güzel Sanatlar Fakültesi&#8217;nde uzun yıllar öğretim üyesi olarak görev yaptı. 1997-2005 yılları arasında fakültenin dekanlığını üstlendi. Uluslararası Plastik Sanatçılar Derneği&#8217;nin kurucuları [&hellip;]</p>
