{"id":707,"date":"2020-05-18T14:14:08","date_gmt":"2020-05-18T11:14:08","guid":{"rendered":"https:\/\/gsfsergi.ebyu.edu.tr\/?page_id=707"},"modified":"2020-06-05T14:46:59","modified_gmt":"2020-06-05T11:46:59","slug":"cevat-demir","status":"publish","type":"page","link":"https:\/\/gsfsergi.ebyu.edu.tr\/?page_id=707","title":{"rendered":"Cevat Demir"},"content":{"rendered":"<p>[et_pb_section fb_built=&#8221;1&#8243; _builder_version=&#8221;4.4.7&#8243;][et_pb_row column_structure=&#8221;1_2,1_2&#8243; _builder_version=&#8221;4.4.7&#8243;][et_pb_column type=&#8221;1_2&#8243; _builder_version=&#8221;4.4.7&#8243;][et_pb_image src=&#8221;https:\/\/gsfsergi.ebyu.edu.tr\/wp-content\/uploads\/2020\/05\/cevat-demir.jpg&#8221; title_text=&#8221;cevat-demir&#8221; align=&#8221;right&#8221; _builder_version=&#8221;4.4.8&#8243; hover_enabled=&#8221;0&#8243; custom_padding=&#8221;60px||||false|false&#8221;][\/et_pb_image][\/et_pb_column][et_pb_column type=&#8221;1_2&#8243; _builder_version=&#8221;4.4.7&#8243;][et_pb_text _builder_version=&#8221;4.4.8&#8243; hover_enabled=&#8221;0&#8243; custom_padding=&#8221;60px||60px||false|false&#8221;]<\/p>\n<p style=\"text-align: left\">1946 y\u0131l\u0131nda Elaz\u0131\u011f&#8217;da do\u011fdu. \u0130lk ve orta \u00f6\u011frenimini Elaz\u0131\u011f&#8217;da tamamland\u0131. Lisans e\u011fitimini, 1968 y\u0131l\u0131nda ba\u015flad\u0131\u011f\u0131 \u0130stanbul Devlet Tatbiki G\u00fczel Sanatlar Y\u00fcksek Okulu&#8217;nda tamamland\u0131 ve 1972&#8217;de buradan mezun oldu. 1975 y\u0131l\u0131na dek serbest sanat \u00e7al\u0131\u015fmalar\u0131 yapt\u0131; Ayn\u0131 y\u0131l \u0130stanbul Devlet Tatbiki G\u00fczel Sanatlar Y\u00fcksek Okulu&#8217;nda asistan olarak g\u00f6reve ba\u015flad\u0131. Daha sonra Marmara \u00dcniversitesi G\u00fczel Sanatlar Fak\u00fcltesi ad\u0131 alt\u0131nda varl\u0131\u011f\u0131n\u0131 s\u00fcrd\u00fcren bu kurumda \u00f6\u011fretim \u00fcyesi olarak g\u00f6revini s\u00fcrd\u00fcrd\u00fc. 1983&#8217;de sanatta yeterlilik \u00e7al\u0131\u015fmas\u0131n\u0131 tamamlad\u0131, 1978&#8217;de do\u00e7ent, 1984&#8217;de profes\u00f6r oldu. Sanat\u00e7\u0131 Cevat Demir, yurti\u00e7i ve yurtd\u0131\u015f\u0131nda duvar resmi \u00e7al\u0131\u015fmalar\u0131 ve ki\u015fisel sergiler ger\u00e7ekle\u015ftirdi, karma sanat etkinliklerine kat\u0131ld\u0131, \u00f6d\u00fcller ald\u0131. \u00c7e\u015fitli koleksiyonlarda ve m\u00fczelerde yap\u0131tlar\u0131 yer ald\u0131. Halen Marmara \u00dcniversitesi G.S.F ve Okan \u00dcniversitesi G.S.F.&#8217;nde \u00f6\u011fretim \u00fcyesi olarak g\u00f6revini s\u00fcrd\u00fcrmektedir. Evli olup bir k\u0131z\u0131 vard\u0131r.<\/p>\n<p>[\/et_pb_text][\/et_pb_column][\/et_pb_row][\/et_pb_section]<\/p>\n","protected":false},"excerpt":{"rendered":"<p>[et_pb_section fb_built=&#8221;1&#8243; _builder_version=&#8221;4.4.7&#8243;][et_pb_row column_structure=&#8221;1_2,1_2&#8243; _builder_version=&#8221;4.4.7&#8243;][et_pb_column type=&#8221;1_2&#8243; _builder_version=&#8221;4.4.7&#8243;][et_pb_image src=&#8221;https:\/\/gsfsergi.ebyu.edu.tr\/wp-content\/uploads\/2020\/05\/cevat-demir.jpg&#8221; title_text=&#8221;cevat-demir&#8221; align=&#8221;right&#8221; _builder_version=&#8221;4.4.8&#8243; hover_enabled=&#8221;0&#8243; custom_padding=&#8221;60px||||false|false&#8221;][\/et_pb_image][\/et_pb_column][et_pb_column type=&#8221;1_2&#8243; _builder_version=&#8221;4.4.7&#8243;][et_pb_text _builder_version=&#8221;4.4.8&#8243; hover_enabled=&#8221;0&#8243; custom_padding=&#8221;60px||60px||false|false&#8221;] 1946 y\u0131l\u0131nda Elaz\u0131\u011f&#8217;da do\u011fdu. \u0130lk ve orta \u00f6\u011frenimini Elaz\u0131\u011f&#8217;da tamamland\u0131. Lisans e\u011fitimini, 1968 y\u0131l\u0131nda ba\u015flad\u0131\u011f\u0131 \u0130stanbul Devlet Tatbiki G\u00fczel Sanatlar Y\u00fcksek Okulu&#8217;nda tamamland\u0131 ve 1972&#8217;de buradan mezun oldu. 1975 y\u0131l\u0131na dek serbest sanat \u00e7al\u0131\u015fmalar\u0131 yapt\u0131; Ayn\u0131 y\u0131l [&hellip;]<\/p>\n","protected":false},"author":9,"featured_media":0,"parent":0,"menu_order":0,"comment_status":"closed","ping_status":"closed","template":"","meta":{"_et_pb_use_builder":"on","_et_pb_old_content":"","_et_gb_content_width":"","spay_email":""},"jetpack_sharing_enabled":true,"jetpack_likes_enabled":true,"_links":{"self":[{"href":"https:\/\/gsfsergi.ebyu.edu.tr\/index.php?rest_route=\/wp\/v2\/pages\/707"}],"collection":[{"href":"https:\/\/gsfsergi.ebyu.edu.tr\/index.php?rest_route=\/wp\/v2\/pages"}],"about":[{"href":"https:\/\/gsfsergi.ebyu.edu.tr\/index.php?rest_route=\/wp\/v2\/types\/page"}],"author":[{"embeddable":true,"href":"https:\/\/gsfsergi.ebyu.edu.tr\/index.php?rest_route=\/wp\/v2\/users\/9"}],"replies":[{"embeddable":true,"href":"https:\/\/gsfsergi.ebyu.edu.tr\/index.php?rest_route=%2Fwp%2Fv2%2Fcomments&post=707"}],"version-history":[{"count":3,"href":"https:\/\/gsfsergi.ebyu.edu.tr\/index.php?rest_route=\/wp\/v2\/pages\/707\/revisions"}],"predecessor-version":[{"id":1457,"href":"https:\/\/gsfsergi.ebyu.edu.tr\/index.php?rest_route=\/wp\/v2\/pages\/707\/revisions\/1457"}],"wp:attachment":[{"href":"https:\/\/gsfsergi.ebyu.edu.tr\/index.php?rest_route=%2Fwp%2Fv2%2Fmedia&parent=707"}],"curies":[{"name":"wp","href":"https:\/\/api.w.org\/{rel}","templated":true}]}}