{"id":699,"date":"2020-05-18T14:12:48","date_gmt":"2020-05-18T11:12:48","guid":{"rendered":"https:\/\/gsfsergi.ebyu.edu.tr\/?page_id=699"},"modified":"2020-06-05T14:36:57","modified_gmt":"2020-06-05T11:36:57","slug":"adnan-coker","status":"publish","type":"page","link":"https:\/\/gsfsergi.ebyu.edu.tr\/?page_id=699","title":{"rendered":"Adnan \u00c7oker"},"content":{"rendered":"<p>[et_pb_section fb_built=&#8221;1&#8243; _builder_version=&#8221;4.4.7&#8243;][et_pb_row column_structure=&#8221;1_2,1_2&#8243; _builder_version=&#8221;4.4.7&#8243;][et_pb_column type=&#8221;1_2&#8243; _builder_version=&#8221;4.4.7&#8243;][et_pb_image src=&#8221;https:\/\/gsfsergi.ebyu.edu.tr\/wp-content\/uploads\/2020\/05\/adnan-coker-portre_604c8edd-6f5f-44c4-95a2-10ac74dba83d_medium-1.jpg&#8221; title_text=&#8221;adnan-coker-portre_604c8edd-6f5f-44c4-95a2-10ac74dba83d_medium (1)&#8221; align=&#8221;right&#8221; _builder_version=&#8221;4.4.7&#8243; custom_padding=&#8221;60px|||||&#8221; hover_enabled=&#8221;0&#8243;][\/et_pb_image][\/et_pb_column][et_pb_column type=&#8221;1_2&#8243; _builder_version=&#8221;4.4.7&#8243;][et_pb_text _builder_version=&#8221;4.4.7&#8243; custom_padding=&#8221;60px||60px|||&#8221; hover_enabled=&#8221;0&#8243;]<\/p>\n<p style=\"text-align: left\">1927 y\u0131l\u0131nda \u0130stanbul&#8217;da do\u011fdu. Samatya Hac\u0131 Kad\u0131n ilkokulu&#8217;nu, Davutpa\u015fa Ortaokulu&#8217;nu ve Afyon\u00a0Lisesi&#8217;ni bitirdi.1951&#8217;de \u0130stanbul Devlet G\u00fczel Sanatlar Akademisi (Mimar Sinan \u00dcniversitesi) Resim B\u00f6l\u00fcm\u00fc, Zeki Kocamemi At\u00f6lyesi&#8217;nden lisans diplomas\u0131 ald\u0131. 1955&#8217;te Avrupa s\u0131nav\u0131n\u0131 kazanarak devlet bursuyla Paris&#8217;e gitti. 1956-1957 y\u0131llar\u0131 aras\u0131nda Andre Lhote&#8217;un, 1957- 1960 y\u0131llar\u0131 aras\u0131nda da Henri Goetz&#8217;in At\u00f6lyesi&#8217;nde resim \u00e7al\u0131\u015fmalar\u0131na devam etti. 1964&#8217;de ikinci kez, devlet bursuyla Paris&#8217;te W. Hayter At\u00f6lyesi&#8217;nde grav\u00fcr, H. Goetz At\u00f6lyesi&#8217;nde resim \u00e7al\u0131\u015ft\u0131. 1965&#8217;te Avusturya bursuyla gitti\u011fi Salzburg Yaz Akademisi Emilio Vedova At\u00f6lyesi&#8217;nde soyut \u00e7al\u0131\u015fmalar yapt\u0131.1960&#8217;ta \u0130stanbul Devlet G\u00fczel Sanatlar Akademisi \u00f6\u011fretim kadrosuna kat\u0131ld\u0131. 1976 y\u0131l\u0131nda profes\u00f6r oldu. 1983&#8217;te Mimar Sinan \u00dcniversitesi G\u00fczel Sanatlar Fak\u00fcltesi Resim B\u00f6l\u00fcm\u00fc Ba\u015fkanl\u0131\u011f\u0131 g\u00f6revini y\u00fcr\u00fctt\u00fc. 1977-1979 y\u0131llar\u0131\u00a0aras\u0131nda Istanbul Resim ve Heykel M\u00fczesi M\u00fcd\u00fcrl\u00fc\u011f\u00fc yapt\u0131. 1993&#8217;te \u00c7aml\u0131ca Sanat Evi&#8217;nde \u00f6zg\u00fcn bask\u0131 \u00e7al\u0131\u015ft\u0131. 1963&#8217;te Altan G\u00fcrman, Sarkis, Devrim Erbil ve T. Tura ile &#8220;Mavi Grup&#8221;u kurdu.<\/p>\n<p><strong>KI\u015eISEL SERG\u0130LER<\/strong>\u00a01953 Dil ve Tarih Co\u011frafya Fak\u00fcltesi Salonu (Ankara), 1954 Non-Objektif ve Abstre Resimler Maya Sanat Galerisi (Istanbul), 1962 Gua\u015flar T\u00fcrk-Alman K\u00fclt\u00fcr Merkezi (\u0130stanbul), 1973 Siyap Simetri Amerikan K\u00fclt\u00fcr Merkezi (\u0130stanbul), 1986 Minimal Simetri I. Ma\u00e7ka Sanat Galerisi (\u0130stanbul), gibi.<\/p>\n<p><strong>KARMA SERG\u0130LER<\/strong>\u00a01953 14. Devlet Resim ve Heykel Sergisi (\u0130stanbul), 1954 Maya Sanat Galerisi (\u0130stanbul), 1961 Paris Musee d&#8217;Art Moderne&#8217;de ikinci Paris Bienali (Fransa), 1962 31. Uluslararas\u0131 Venedik Bienali (\u0130talya), 1964 \u00c7a\u011fda\u015f T\u00fcrk Sanat\u0131 Sergisi (Roma, Berlin, Paris, Br\u00fcksel), 1974 Beyo\u011flu \u015eehir Galerisi \u0130stanbul Deneysel Grubu Sergisi (\u0130stanbul), 1985 Pu\u015fkin M\u00fczesi \u00c7a\u011fda\u015f T\u00fcrk Resmi Sergisi (Moskova), 1987 Atat\u00fcrk K\u00fclt\u00fcr Merkezi G\u00fcncel Boyutlar\u0131yla Resim Sanat\u0131m\u0131z (\u0130stanbul), gibi.<\/p>\n<p><strong>\u00d6D\u00dcLLER<\/strong>\u00a01961 \u0130stanbul Sanat Festivali Birincilik \u00d6d\u00fcl\u00fc, 1962 23. Devlet Resim ve Heykel Sergisi Birincilik \u00d6d\u00fcl\u00fc, 1973 7. DYO Resim Yar\u0131\u015fmas\u0131 Ba\u015far\u0131 \u00d6d\u00fcl\u00fc, 1976 Uluslararas\u0131 11.\u0130skenderiye Bienali Resim ikincilik \u00d6d\u00fcl\u00fc,1981T\u00fcrkiye \u0130\u015f Bankas\u0131 B\u00fcy\u00fck \u00d6d\u00fclleri Resim B\u00fcy\u00fck \u00d6d\u00fcl\u00fc,1982 Ev Dekorasyon Dergisi B\u00fcy\u00fck Onur \u00d6d\u00fcl\u00fc, gibi.<\/p>\n<p>[\/et_pb_text][\/et_pb_column][\/et_pb_row][\/et_pb_section]<\/p>\n","protected":false},"excerpt":{"rendered":"<p>[et_pb_section fb_built=&#8221;1&#8243; _builder_version=&#8221;4.4.7&#8243;][et_pb_row column_structure=&#8221;1_2,1_2&#8243; _builder_version=&#8221;4.4.7&#8243;][et_pb_column type=&#8221;1_2&#8243; _builder_version=&#8221;4.4.7&#8243;][et_pb_image src=&#8221;https:\/\/gsfsergi.ebyu.edu.tr\/wp-content\/uploads\/2020\/05\/adnan-coker-portre_604c8edd-6f5f-44c4-95a2-10ac74dba83d_medium-1.jpg&#8221; title_text=&#8221;adnan-coker-portre_604c8edd-6f5f-44c4-95a2-10ac74dba83d_medium (1)&#8221; align=&#8221;right&#8221; _builder_version=&#8221;4.4.7&#8243; custom_padding=&#8221;60px|||||&#8221; hover_enabled=&#8221;0&#8243;][\/et_pb_image][\/et_pb_column][et_pb_column type=&#8221;1_2&#8243; _builder_version=&#8221;4.4.7&#8243;][et_pb_text _builder_version=&#8221;4.4.7&#8243; custom_padding=&#8221;60px||60px|||&#8221; hover_enabled=&#8221;0&#8243;] 1927 y\u0131l\u0131nda \u0130stanbul&#8217;da do\u011fdu. Samatya Hac\u0131 Kad\u0131n ilkokulu&#8217;nu, Davutpa\u015fa Ortaokulu&#8217;nu ve Afyon\u00a0Lisesi&#8217;ni bitirdi.1951&#8217;de \u0130stanbul Devlet G\u00fczel Sanatlar Akademisi (Mimar Sinan \u00dcniversitesi) Resim B\u00f6l\u00fcm\u00fc, Zeki Kocamemi At\u00f6lyesi&#8217;nden lisans diplomas\u0131 ald\u0131. 1955&#8217;te Avrupa s\u0131nav\u0131n\u0131 kazanarak devlet bursuyla Paris&#8217;e [&hellip;]<\/p>\n","protected":false},"author":9,"featured_media":0,"parent":0,"menu_order":0,"comment_status":"closed","ping_status":"closed","template":"","meta":{"_et_pb_use_builder":"on","_et_pb_old_content":"","_et_gb_content_width":"","spay_email":""},"jetpack_sharing_enabled":true,"jetpack_likes_enabled":true,"_links":{"self":[{"href":"https:\/\/gsfsergi.ebyu.edu.tr\/index.php?rest_route=\/wp\/v2\/pages\/699"}],"collection":[{"href":"https:\/\/gsfsergi.ebyu.edu.tr\/index.php?rest_route=\/wp\/v2\/pages"}],"about":[{"href":"https:\/\/gsfsergi.ebyu.edu.tr\/index.php?rest_route=\/wp\/v2\/types\/page"}],"author":[{"embeddable":true,"href":"https:\/\/gsfsergi.ebyu.edu.tr\/index.php?rest_route=\/wp\/v2\/users\/9"}],"replies":[{"embeddable":true,"href":"https:\/\/gsfsergi.ebyu.edu.tr\/index.php?rest_route=%2Fwp%2Fv2%2Fcomments&post=699"}],"version-history":[{"count":5,"href":"https:\/\/gsfsergi.ebyu.edu.tr\/index.php?rest_route=\/wp\/v2\/pages\/699\/revisions"}],"predecessor-version":[{"id":1443,"href":"https:\/\/gsfsergi.ebyu.edu.tr\/index.php?rest_route=\/wp\/v2\/pages\/699\/revisions\/1443"}],"wp:attachment":[{"href":"https:\/\/gsfsergi.ebyu.edu.tr\/index.php?rest_route=%2Fwp%2Fv2%2Fmedia&parent=699"}],"curies":[{"name":"wp","href":"https:\/\/api.w.org\/{rel}","templated":true}]}}