{"id":5194,"date":"2021-03-15T13:54:38","date_gmt":"2021-03-15T10:54:38","guid":{"rendered":"https:\/\/gsfsergi.ebyu.edu.tr\/?page_id=5194"},"modified":"2021-04-07T09:29:06","modified_gmt":"2021-04-07T06:29:06","slug":"kadin-sergisi-guncesi","status":"publish","type":"page","link":"https:\/\/gsfsergi.ebyu.edu.tr\/?page_id=5194","title":{"rendered":"Kad\u0131n Sergisi G\u00fcncesi"},"content":{"rendered":"<p>[et_pb_section fb_built=&#8221;1&#8243; _builder_version=&#8221;4.7.7&#8243; background_image=&#8221;https:\/\/gsfsergi.ebyu.edu.tr\/wp-content\/uploads\/2021\/03\/Kadin_Alt_M_A.jpg&#8221;][et_pb_row _builder_version=&#8221;4.9.0&#8243; _module_preset=&#8221;default&#8221;][et_pb_column type=&#8221;4_4&#8243; _builder_version=&#8221;4.9.0&#8243; _module_preset=&#8221;default&#8221;][et_pb_text _builder_version=&#8221;4.9.0&#8243; _module_preset=&#8221;default&#8221; background_color=&#8221;rgba(255,255,255,0.42)&#8221; hover_enabled=&#8221;0&#8243; sticky_enabled=&#8221;0&#8243;]<\/p>\n<p><span style=\"font-family: 'times new roman', times, serif; font-size: 12pt;\"><em><span style=\"color: #800080;\">G\u00fcnceyi Oku&#8230;<\/span><\/em><\/span><\/p>\n<p>[\/et_pb_text][et_pb_text _builder_version=&#8221;4.9.0&#8243; _module_preset=&#8221;default&#8221; background_color=&#8221;rgba(255,255,255,0.42)&#8221; hover_enabled=&#8221;0&#8243; sticky_enabled=&#8221;0&#8243;]<\/p>\n<p><span style=\"font-family: 'times new roman', times, serif; color: #800080; font-size: 12pt;\"><em><strong>Meryem<\/strong><\/em>, <em>Eme\u011fi ge\u00e7en herkese te\u015fekk\u00fcr ediyorum <img loading=\"lazy\" class=\"emoji\" role=\"img\" draggable=\"false\" src=\"https:\/\/s.w.org\/images\/core\/emoji\/13.0.1\/svg\/1f490.svg\" alt=\"\ud83d\udc90\" width=\"20\" height=\"20\" \/>\u00a0 &#8211; 17 Mart 2021 at 19:54<\/em><\/span><\/p>\n<p>[\/et_pb_text][et_pb_text _builder_version=&#8221;4.9.0&#8243; _module_preset=&#8221;default&#8221; background_color=&#8221;rgba(255,255,255,0.42)&#8221;]<\/p>\n<p><span style=\"font-family: 'times new roman', times, serif; color: #800080; font-size: 12pt;\"><em><strong>Selma Ta\u015fkesen<\/strong><\/em>, <em>Tebrik ediyorum\u00a0<img loading=\"lazy\" class=\"emoji\" role=\"img\" draggable=\"false\" src=\"https:\/\/s.w.org\/images\/core\/emoji\/13.0.1\/svg\/1f490.svg\" alt=\"\ud83d\udc90\" width=\"18\" height=\"18\" \/>\u00a0 &#8211; 17 Mart 2021 at 21:21<\/em><\/span><\/p>\n<p>[\/et_pb_text][et_pb_text _builder_version=&#8221;4.9.0&#8243; _module_preset=&#8221;default&#8221; background_color=&#8221;rgba(255,255,255,0.42)&#8221; locked=&#8221;off&#8221;]<\/p>\n<p><span style=\"font-family: 'times new roman', times, serif; color: #800080; font-size: 12pt;\"><em><strong>Ahmet Demir<\/strong><\/em>, <em>Herkesi tebrik ediyorum&#8230;\u00a0 &#8211; 18 Mart 2021 at 11:56<\/em><\/span><\/p>\n<p>[\/et_pb_text][et_pb_text _builder_version=&#8221;4.9.0&#8243; _module_preset=&#8221;default&#8221; background_color=&#8221;rgba(255,255,255,0.42)&#8221; locked=&#8221;off&#8221;]<\/p>\n<p><span style=\"font-family: 'times new roman', times, serif; color: #800080; font-size: 12pt;\"><em><strong>Zikri Bulut<\/strong><\/em>, <em>Eme\u011finize sa\u011fl\u0131k tebrikler\u00a0 &#8211; 18 Mart 2021 at 20:12<\/em><\/span><\/p>\n<p>[\/et_pb_text][et_pb_text _builder_version=&#8221;4.9.0&#8243; _module_preset=&#8221;default&#8221; background_color=&#8221;rgba(255,255,255,0.42)&#8221; locked=&#8221;off&#8221;]<\/p>\n<p><em><span style=\"font-family: 'times new roman', times, serif; color: #800080; font-size: 12pt;\"><strong>Sibel TET\u0130K D\u00dcNDAR<\/strong>, &#8220;Kad\u0131n&#8221;\u00a0<img loading=\"lazy\" class=\"emoji\" role=\"img\" draggable=\"false\" src=\"https:\/\/s.w.org\/images\/core\/emoji\/13.0.1\/svg\/1f460.svg\" alt=\"\ud83d\udc60\" width=\"15\" height=\"15\" \/>\u00a0Harika bir i\u015f. Tebrik ediyorum&#8230;\u00a0 &#8211; 18 Mart 2021 at 21:34<\/span><\/em><\/p>\n<p>[\/et_pb_text][et_pb_text _builder_version=&#8221;4.9.0&#8243; _module_preset=&#8221;default&#8221; background_color=&#8221;rgba(255,255,255,0.42)&#8221; locked=&#8221;off&#8221;]<\/p>\n<p><em><span style=\"font-family: 'times new roman', times, serif; color: #800080; font-size: 12pt;\"><strong>Meri\u00e7<\/strong>, Hepinizi kutlar\u0131m. Nicelerine.\u00a0 &#8211; 18 Mart 2021 at 22:04<\/span><\/em><\/p>\n<p>[\/et_pb_text][et_pb_text _builder_version=&#8221;4.9.0&#8243; _module_preset=&#8221;default&#8221; background_color=&#8221;rgba(255,255,255,0.42)&#8221; locked=&#8221;off&#8221;]<\/p>\n<p><em><span style=\"font-family: 'times new roman', times, serif; color: #800080; font-size: 12pt;\"><strong>\u0130lhan U\u00c7AK<\/strong>, Eme\u011fi ge\u00e7en herkesi kutlar\u0131m \u00a0&#8211; 22 Mart 2021 at 15:27<\/span><\/em><\/p>\n<p>[\/et_pb_text][et_pb_text _builder_version=&#8221;4.9.0&#8243; _module_preset=&#8221;default&#8221; background_color=&#8221;rgba(255,255,255,0.42)&#8221; hover_enabled=&#8221;0&#8243; locked=&#8221;off&#8221; sticky_enabled=&#8221;0&#8243;]<\/p>\n<p><em><span style=\"font-family: 'times new roman', times, serif; color: #800080; font-size: 12pt;\"><strong>\u00d6mer Tav\u015fano\u011flu<\/strong>, \u00c7ok g\u00fczel bir giri\u015fim ve \u00e7ok g\u00fczel bir sergi olmu\u015f. Eme\u011fi ge\u00e7en herkesi kutluyorum ve te\u015fekk\u00fcr ediyorum. \u00a0&#8211; 26 Mart 2021 at 10:57<\/span><\/em><\/p>\n<p>[\/et_pb_text][et_pb_text _builder_version=&#8221;4.9.0&#8243; _module_preset=&#8221;default&#8221; background_color=&#8221;rgba(255,255,255,0.42)&#8221; hover_enabled=&#8221;0&#8243; locked=&#8221;off&#8221; sticky_enabled=&#8221;0&#8243;]<\/p>\n<p><em><span style=\"font-family: 'times new roman', times, serif; color: #800080; font-size: 12pt;\"><strong>Can<\/strong>, Sergide eme\u011fi ge\u00e7en t\u00fcm hocalar\u0131n ellerine sa\u011fl\u0131k.. ger\u00e7ekten \u00e7ok g\u00fczel \u00e7al\u0131\u015fmalar var. Bizlere bu sergiyi gezme f\u0131rsat\u0131 verdi\u011finiz i\u00e7in \u00e7ok te\u015fekk\u00fcrler\u00a0<img loading=\"lazy\" class=\"emoji\" role=\"img\" draggable=\"false\" src=\"https:\/\/s.w.org\/images\/core\/emoji\/13.0.1\/svg\/1f339.svg\" alt=\"\ud83c\udf39\" width=\"18\" height=\"18\" \/> \u00a0&#8211; 30 Mart 2021 at 23:03<\/span><\/em><\/p>\n<p>[\/et_pb_text][et_pb_button button_url=&#8221;@ET-DC@eyJkeW5hbWljIjp0cnVlLCJjb250ZW50IjoicG9zdF9saW5rX3VybF9wYWdlIiwic2V0dGluZ3MiOnsicG9zdF9pZCI6IjkifX0=@&#8221; button_text=&#8221;Ana Sayfaya D\u00f6nmek \u0130\u00e7in T\u0131klay\u0131n\u0131z&#8230;&#8221; button_alignment=&#8221;right&#8221; _builder_version=&#8221;4.9.0&#8243; _dynamic_attributes=&#8221;button_url&#8221; _module_preset=&#8221;default&#8221; custom_button=&#8221;on&#8221; button_text_color=&#8221;#800080&#8243; button_bg_color=&#8221;rgba(255,255,255,0.36)&#8221; button_border_width=&#8221;0px&#8221; button_border_radius=&#8221;0px&#8221; button_font=&#8221;Times New Roman||on||||||&#8221; button_icon=&#8221;%%190%%&#8221; button_icon_placement=&#8221;left&#8221; animation_style=&#8221;fade&#8221;][\/et_pb_button][\/et_pb_column][\/et_pb_row][et_pb_row _builder_version=&#8221;4.9.0&#8243; _module_preset=&#8221;default&#8221;][et_pb_column type=&#8221;4_4&#8243; _builder_version=&#8221;4.9.0&#8243; _module_preset=&#8221;default&#8221;][et_pb_divider color=&#8221;#800080&#8243; divider_style=&#8221;dotted&#8221; divider_weight=&#8221;2px&#8221; _builder_version=&#8221;4.9.0&#8243; _module_preset=&#8221;default&#8221;][\/et_pb_divider][\/et_pb_column][\/et_pb_row][et_pb_row column_structure=&#8221;2_3,1_3&#8243; _builder_version=&#8221;4.9.0&#8243; _module_preset=&#8221;default&#8221;][et_pb_column type=&#8221;2_3&#8243; _builder_version=&#8221;4.9.0&#8243; _module_preset=&#8221;default&#8221;][et_pb_text _builder_version=&#8221;4.9.0&#8243; _module_preset=&#8221;default&#8221; text_font=&#8221;Times New Roman||||||||&#8221; text_text_color=&#8221;#800080&#8243; background_color=&#8221;rgba(255,255,255,0.45)&#8221;]<\/p>\n<div id='contact-form-5194'>\n<form action='https:\/\/gsfsergi.ebyu.edu.tr\/?page_id=5194#contact-form-5194' method='post' class='contact-form commentsblock'>\n\n<div class='grunion-field-wrap grunion-field-name-wrap'  >\n<label\n\t\t\t\tfor='g5194-sim'\n\t\t\t\tclass='grunion-field-label name'\n\t\t\t\t>\u0130sim<span>(gerekli)<\/span><\/label>\n<input\n\t\t\t\t\ttype='text'\n\t\t\t\t\tname='g5194-sim'\n\t\t\t\t\tid='g5194-sim'\n\t\t\t\t\tvalue=''\n\t\t\t\t\tclass='name' \n\t\t\t\t\trequired aria-required='true'\n\t\t\t\t\/>\n\t<\/div>\n\n<div class='grunion-field-wrap grunion-field-email-wrap'  >\n<label\n\t\t\t\tfor='g5194-eposta'\n\t\t\t\tclass='grunion-field-label email'\n\t\t\t\t>E-posta<span>(gerekli)<\/span><\/label>\n<input\n\t\t\t\t\ttype='email'\n\t\t\t\t\tname='g5194-eposta'\n\t\t\t\t\tid='g5194-eposta'\n\t\t\t\t\tvalue=''\n\t\t\t\t\tclass='email' \n\t\t\t\t\trequired aria-required='true'\n\t\t\t\t\/>\n\t<\/div>\n\n<div class='grunion-field-wrap grunion-field-textarea-wrap'  >\n<label\n\t\t\t\tfor='contact-form-comment-g5194-mesaj'\n\t\t\t\tclass='grunion-field-label textarea'\n\t\t\t\t>Mesaj<span>(gerekli)<\/span><\/label>\n<textarea\n\t\t                name='g5194-mesaj'\n\t\t                id='contact-form-comment-g5194-mesaj'\n\t\t                rows='20' class='textarea'  required aria-required='true'><\/textarea>\n\t<\/div>\n\n<div class='grunion-field-wrap grunion-field-select-wrap'  >\n<label\n\t\t\t\tfor='g5194-metinyayn'\n\t\t\t\tclass='grunion-field-label select'\n\t\t\t\t>Metin Yay\u0131n\u0131<span>(gerekli)<\/span><\/label>\n\t<select name='g5194-metinyayn' id='g5194-metinyayn' class='select' required aria-required='true'>\n\t\t<option value='Yay\u0131nlanabilir'>Yay\u0131nlanabilir<\/option>\n\t\t<option value='Yay\u0131nlanamaz'>Yay\u0131nlanamaz<\/option>\n\t<\/select>\n\t<\/div>\n\t<p class='contact-submit'>\n\t\t<button type='submit' class='pushbutton-wide'>G\u00f6nder<\/button>\t\t<input type='hidden' name='contact-form-id' value='5194' \/>\n\t\t<input type='hidden' name='action' value='grunion-contact-form' \/>\n\t\t<input type='hidden' name='contact-form-hash' value='49637b5b70f37a192f3751e6990f4c06ad9af6ab' \/>\n\t<\/p>\n<\/form>\n<\/div>\n<p>&nbsp;<\/p>\n<p>[\/et_pb_text][\/et_pb_column][et_pb_column type=&#8221;1_3&#8243; _builder_version=&#8221;4.9.0&#8243; _module_preset=&#8221;default&#8221;][et_pb_text _builder_version=&#8221;4.9.0&#8243; _module_preset=&#8221;default&#8221; text_font=&#8221;Times New Roman||||||||&#8221; text_text_color=&#8221;#800080&#8243; background_color=&#8221;rgba(255,255,255,0.45)&#8221;]<\/p>\n<p><span style=\"font-size: 14pt;\"><span style=\"color: #800080;\"><em><span style=\"font-family: 'times new roman', times, serif;\">Sergi G\u00fcncesine Yaz&#8230;<\/span><\/em><\/span><\/span><\/p>\n<p>[\/et_pb_text][\/et_pb_column][\/et_pb_row][\/et_pb_section]<\/p>\n","protected":false},"excerpt":{"rendered":"<p>[et_pb_section fb_built=&#8221;1&#8243; _builder_version=&#8221;4.7.7&#8243; background_image=&#8221;https:\/\/gsfsergi.ebyu.edu.tr\/wp-content\/uploads\/2021\/03\/Kadin_Alt_M_A.jpg&#8221;][et_pb_row _builder_version=&#8221;4.9.0&#8243; _module_preset=&#8221;default&#8221;][et_pb_column type=&#8221;4_4&#8243; _builder_version=&#8221;4.9.0&#8243; _module_preset=&#8221;default&#8221;][et_pb_text _builder_version=&#8221;4.9.0&#8243; _module_preset=&#8221;default&#8221; background_color=&#8221;rgba(255,255,255,0.42)&#8221; hover_enabled=&#8221;0&#8243; sticky_enabled=&#8221;0&#8243;] G\u00fcnceyi Oku&#8230; [\/et_pb_text][et_pb_text _builder_version=&#8221;4.9.0&#8243; _module_preset=&#8221;default&#8221; background_color=&#8221;rgba(255,255,255,0.42)&#8221; hover_enabled=&#8221;0&#8243; sticky_enabled=&#8221;0&#8243;] Meryem, Eme\u011fi ge\u00e7en herkese te\u015fekk\u00fcr ediyorum \u00a0 &#8211; 17 Mart 2021 at 19:54 [\/et_pb_text][et_pb_text _builder_version=&#8221;4.9.0&#8243; _module_preset=&#8221;default&#8221; background_color=&#8221;rgba(255,255,255,0.42)&#8221;] Selma Ta\u015fkesen, Tebrik ediyorum\u00a0\u00a0 &#8211; 17 Mart 2021 at 21:21 [\/et_pb_text][et_pb_text _builder_version=&#8221;4.9.0&#8243; _module_preset=&#8221;default&#8221; background_color=&#8221;rgba(255,255,255,0.42)&#8221; locked=&#8221;off&#8221;] Ahmet [&hellip;]<\/p>\n","protected":false},"author":9,"featured_media":0,"parent":0,"menu_order":0,"comment_status":"closed","ping_status":"closed","template":"","meta":{"_et_pb_use_builder":"on","_et_pb_old_content":"","_et_gb_content_width":"","spay_email":""},"jetpack_sharing_enabled":true,"jetpack_likes_enabled":true,"_links":{"self":[{"href":"https:\/\/gsfsergi.ebyu.edu.tr\/index.php?rest_route=\/wp\/v2\/pages\/5194"}],"collection":[{"href":"https:\/\/gsfsergi.ebyu.edu.tr\/index.php?rest_route=\/wp\/v2\/pages"}],"about":[{"href":"https:\/\/gsfsergi.ebyu.edu.tr\/index.php?rest_route=\/wp\/v2\/types\/page"}],"author":[{"embeddable":true,"href":"https:\/\/gsfsergi.ebyu.edu.tr\/index.php?rest_route=\/wp\/v2\/users\/9"}],"replies":[{"embeddable":true,"href":"https:\/\/gsfsergi.ebyu.edu.tr\/index.php?rest_route=%2Fwp%2Fv2%2Fcomments&post=5194"}],"version-history":[{"count":19,"href":"https:\/\/gsfsergi.ebyu.edu.tr\/index.php?rest_route=\/wp\/v2\/pages\/5194\/revisions"}],"predecessor-version":[{"id":5647,"href":"https:\/\/gsfsergi.ebyu.edu.tr\/index.php?rest_route=\/wp\/v2\/pages\/5194\/revisions\/5647"}],"wp:attachment":[{"href":"https:\/\/gsfsergi.ebyu.edu.tr\/index.php?rest_route=%2Fwp%2Fv2%2Fmedia&parent=5194"}],"curies":[{"name":"wp","href":"https:\/\/api.w.org\/{rel}","templated":true}]}}