{"id":5119,"date":"2021-03-15T12:49:27","date_gmt":"2021-03-15T09:49:27","guid":{"rendered":"https:\/\/gsfsergi.ebyu.edu.tr\/?page_id=5119"},"modified":"2021-03-16T17:48:58","modified_gmt":"2021-03-16T14:48:58","slug":"erzincan-valisi-mehmet-makas-sunus","status":"publish","type":"page","link":"https:\/\/gsfsergi.ebyu.edu.tr\/?page_id=5119","title":{"rendered":"Kad\u0131n Sergisi Erzincan Valisi Mehmet Makas Sunu\u015f"},"content":{"rendered":"<p>[et_pb_section fb_built=&#8221;1&#8243; _builder_version=&#8221;4.7.7&#8243; background_image=&#8221;https:\/\/gsfsergi.ebyu.edu.tr\/wp-content\/uploads\/2021\/03\/Kadin_Alt_M_A.jpg&#8221;][et_pb_row _builder_version=&#8221;3.25&#8243; background_size=&#8221;initial&#8221; background_position=&#8221;top_left&#8221; background_repeat=&#8221;repeat&#8221;][et_pb_column type=&#8221;4_4&#8243; _builder_version=&#8221;3.25&#8243; custom_padding=&#8221;|||&#8221; custom_padding__hover=&#8221;|||&#8221;][et_pb_text _builder_version=&#8221;4.7.7&#8243; _module_preset=&#8221;default&#8221;]<\/p>\n<p>&nbsp;<\/p>\n<p>&nbsp;<\/p>\n<p>[\/et_pb_text][\/et_pb_column][\/et_pb_row][et_pb_row column_structure=&#8221;1_3,2_3&#8243; _builder_version=&#8221;3.25&#8243; background_size=&#8221;initial&#8221; background_position=&#8221;top_left&#8221; background_repeat=&#8221;repeat&#8221;][et_pb_column type=&#8221;1_3&#8243; _builder_version=&#8221;3.25&#8243; custom_padding=&#8221;|||&#8221; custom_padding__hover=&#8221;|||&#8221;][et_pb_image src=&#8221;https:\/\/gsfsergi.ebyu.edu.tr\/wp-content\/uploads\/2021\/03\/ValiMehmetMakas2.jpg&#8221; title_text=&#8221;ValiMehmetMakas2&#8243; show_in_lightbox=&#8221;on&#8221; use_overlay=&#8221;on&#8221; overlay_icon_color=&#8221;#ffffff&#8221; hover_overlay_color=&#8221;rgba(128,0,128,0.19)&#8221; hover_icon=&#8221;%%51%%&#8221; _builder_version=&#8221;4.9.0&#8243; _module_preset=&#8221;default&#8221;][\/et_pb_image][\/et_pb_column][et_pb_column type=&#8221;2_3&#8243; _builder_version=&#8221;3.25&#8243; custom_padding=&#8221;|||&#8221; custom_padding__hover=&#8221;|||&#8221;][et_pb_text _builder_version=&#8221;4.9.0&#8243; _module_preset=&#8221;default&#8221; background_color=&#8221;rgba(255,255,255,0.48)&#8221; background_size=&#8221;initial&#8221; background_position=&#8221;top_left&#8221; background_repeat=&#8221;repeat&#8221;]<\/p>\n<p>&nbsp;<\/p>\n<p style=\"text-align: right;\"><span style=\"font-family: 'times new roman', times, serif; font-size: 36pt; color: #800080;\"><em>Mehmet Makas<\/em><\/span><\/p>\n<p>[\/et_pb_text][et_pb_text _builder_version=&#8221;4.9.0&#8243; _module_preset=&#8221;default&#8221;]<\/p>\n<p style=\"text-align: right;\"><span style=\"font-size: 14pt;\"><strong><em><span style=\"color: #800080; font-family: 'times new roman', times, serif;\">Erzincan Valisi<\/span><\/em><\/strong><\/span><\/p>\n<p>[\/et_pb_text][et_pb_text _builder_version=&#8221;4.9.0&#8243; _module_preset=&#8221;default&#8221; background_color=&#8221;rgba(255,255,255,0.48)&#8221; background_size=&#8221;initial&#8221; background_position=&#8221;top_left&#8221; background_repeat=&#8221;repeat&#8221; hover_enabled=&#8221;0&#8243; sticky_enabled=&#8221;0&#8243;]<\/p>\n<p style=\"text-align: right;\"><strong><span style=\"font-family: 'times new roman', times, serif;\"><em><span style=\"font-size: 11pt; color: #800080;\">Sunu\u015f<\/span><\/em><\/span><\/strong><\/p>\n<p style=\"text-align: right;\"><span style=\"font-family: 'times new roman', times, serif;\"><em><span style=\"color: #800080;\">Erzincan Valili\u011fi olarak, halk\u0131m\u0131z\u0131n her bireyine e\u015fit ko\u015fullar yaratabilmek, cinsiyet ayr\u0131m\u0131 yapmaks\u0131z\u0131n evrensel d\u00fc\u015f\u00fcnce zenginli\u011fini yakalayabilmek en b\u00fcy\u00fck hedeflerimizdendir. Hizmet sundu\u011fumuz b\u00fct\u00fcn vatanda\u015flar\u0131n, toplumdaki cinsiyet tabular\u0131 konusunda bilgilendirilmesi ve bu durumun toplum baz\u0131nda onar\u0131lmas\u0131 y\u00f6n\u00fcnde \u00e7al\u0131\u015fmak da bizim \u00f6ncelikli ama\u00e7lar\u0131m\u0131zdand\u0131r. Bu nedenle Erzincan Valili\u011fi olarak bir\u00e7ok \u00e7al\u0131\u015fmam\u0131z bulunmaktad\u0131r.<\/span><\/em><\/span><\/p>\n<p style=\"text-align: right;\"><span style=\"font-family: 'times new roman', times, serif;\"><em><span style=\"color: #800080;\">Kad\u0131nlar\u0131n toplumda ya\u015fad\u0131klar\u0131 cinsiyet e\u015fitsizliklerine yenik d\u00fc\u015fmeden \u00e7al\u0131\u015fma hayat\u0131na kat\u0131labilmeleri ad\u0131na, giri\u015fimci kad\u0131nlar\u0131 bir araya getiren, emekleri ile istihdama katk\u0131da bulunabilecekleri bir yap\u0131 olu\u015fturmaya \u00e7al\u0131\u015f\u0131yoruz.<\/span><\/em><\/span><\/p>\n<p style=\"text-align: right;\"><span style=\"font-family: 'times new roman', times, serif;\"><em><span style=\"color: #800080;\">Toplumda sosyal problemlere y\u00f6nelik fark\u0131ndal\u0131\u011f\u0131 en iyi yans\u0131tabilecek alan her zaman toplumun en \u00f6nemli yap\u0131ta\u015flar\u0131ndan biri olan sanat olmu\u015ftur. Bu do\u011frultuda Valili\u011fimiz i\u015f birli\u011finde, Erzincan Binali Y\u0131ld\u0131r\u0131m \u00dcniversitesi G\u00fczel Sanatlar Fak\u00fcltesi deste\u011fi ile Atat\u00fcrk \u00dcniversitesi \u00d6\u011fretim \u00dcyeleri Do\u00e7. Dr. Evren Kavukcu, Do\u00e7. Dr. Ay\u00e7a Alper Ak\u00e7ay ve Dr. \u00d6\u011fretim \u00dcyesi Hatice Do\u011fan k\u00fcrat\u00f6rl\u00fc\u011f\u00fcnde, T\u00fcrkiye\u2019nin \u00f6nemli sanat\u00e7\u0131lar\u0131n\u0131 bir araya getiren \u201cKADIN\u201d sergimizi online eri\u015fime a\u00e7\u0131yoruz. Sergide \u00e7ok de\u011ferli T\u00fcrk \u00e7a\u011fda\u015f sanat\u00e7\u0131lar\u0131n kad\u0131n kavram\u0131na ili\u015fkin, kendi bak\u0131\u015f a\u00e7\u0131lar\u0131ndan yorumlad\u0131klar\u0131 eserleri ve kavramsal metinleri birlikte yer al\u0131yor.<\/span><\/em><\/span><\/p>\n<p style=\"text-align: right;\"><span style=\"font-family: 'times new roman', times, serif;\"><em><span style=\"color: #800080;\">Serginin umuldu\u011fu \u00fczere toplumdaki cinsiyet e\u015fitsizliklerine kar\u015f\u0131 fark\u0131ndal\u0131k yaratmas\u0131 ve bu e\u015fitsizliklerin onar\u0131lmas\u0131na y\u00f6nelik bir ad\u0131m olmas\u0131 dile\u011fi ile Erzincan Binali Y\u0131ld\u0131r\u0131m \u00dcniversitesi ve Atat\u00fcrk \u00dcniversitesi Rekt\u00f6rl\u00fc\u011f\u00fcne, kat\u0131l\u0131m sa\u011flayan b\u00fct\u00fcn sanat\u00e7\u0131lar\u0131m\u0131za ve serginin ger\u00e7ekle\u015ftirilmesinde eme\u011fi ge\u00e7en \u00e7al\u0131\u015fma ekibimize te\u015fekk\u00fcrlerimi iletiyorum.<\/span><\/em><\/span><\/p>\n<p style=\"text-align: right;\">[\/et_pb_text][\/et_pb_column][\/et_pb_row][et_pb_row _builder_version=&#8221;4.7.7&#8243; _module_preset=&#8221;default&#8221;][et_pb_column type=&#8221;4_4&#8243; _builder_version=&#8221;4.7.7&#8243; _module_preset=&#8221;default&#8221;][et_pb_text _builder_version=&#8221;4.7.7&#8243; _module_preset=&#8221;default&#8221;]<\/p>\n<p>&nbsp;<\/p>\n<p>&nbsp;<\/p>\n<p>[\/et_pb_text][et_pb_button button_url=&#8221;@ET-DC@eyJkeW5hbWljIjp0cnVlLCJjb250ZW50IjoicG9zdF9saW5rX3VybF9wYWdlIiwic2V0dGluZ3MiOnsicG9zdF9pZCI6IjkifX0=@&#8221; button_text=&#8221;Ana Sayfaya D\u00f6nmek \u0130\u00e7in T\u0131klay\u0131n\u0131z&#8230;&#8221; button_alignment=&#8221;right&#8221; _builder_version=&#8221;4.9.0&#8243; _dynamic_attributes=&#8221;button_url&#8221; _module_preset=&#8221;default&#8221; custom_button=&#8221;on&#8221; button_text_color=&#8221;#800080&#8243; button_bg_color=&#8221;rgba(255,255,255,0.36)&#8221; button_border_width=&#8221;0px&#8221; button_border_radius=&#8221;0px&#8221; button_font=&#8221;Times New Roman||on||||||&#8221; button_icon=&#8221;%%190%%&#8221; button_icon_placement=&#8221;left&#8221; animation_style=&#8221;fade&#8221;][\/et_pb_button][et_pb_text _builder_version=&#8221;4.9.0&#8243; _module_preset=&#8221;default&#8221;]<\/p>\n<p>&nbsp;<\/p>\n<p>&nbsp;<\/p>\n<p>[\/et_pb_text][\/et_pb_column][\/et_pb_row][\/et_pb_section]<\/p>\n","protected":false},"excerpt":{"rendered":"<p>[et_pb_section fb_built=&#8221;1&#8243; _builder_version=&#8221;4.7.7&#8243; background_image=&#8221;https:\/\/gsfsergi.ebyu.edu.tr\/wp-content\/uploads\/2021\/03\/Kadin_Alt_M_A.jpg&#8221;][et_pb_row _builder_version=&#8221;3.25&#8243; background_size=&#8221;initial&#8221; background_position=&#8221;top_left&#8221; background_repeat=&#8221;repeat&#8221;][et_pb_column type=&#8221;4_4&#8243; _builder_version=&#8221;3.25&#8243; custom_padding=&#8221;|||&#8221; custom_padding__hover=&#8221;|||&#8221;][et_pb_text _builder_version=&#8221;4.7.7&#8243; _module_preset=&#8221;default&#8221;] &nbsp; &nbsp; [\/et_pb_text][\/et_pb_column][\/et_pb_row][et_pb_row column_structure=&#8221;1_3,2_3&#8243; _builder_version=&#8221;3.25&#8243; background_size=&#8221;initial&#8221; background_position=&#8221;top_left&#8221; background_repeat=&#8221;repeat&#8221;][et_pb_column type=&#8221;1_3&#8243; _builder_version=&#8221;3.25&#8243; custom_padding=&#8221;|||&#8221; custom_padding__hover=&#8221;|||&#8221;][et_pb_image src=&#8221;https:\/\/gsfsergi.ebyu.edu.tr\/wp-content\/uploads\/2021\/03\/ValiMehmetMakas2.jpg&#8221; title_text=&#8221;ValiMehmetMakas2&#8243; show_in_lightbox=&#8221;on&#8221; use_overlay=&#8221;on&#8221; overlay_icon_color=&#8221;#ffffff&#8221; hover_overlay_color=&#8221;rgba(128,0,128,0.19)&#8221; hover_icon=&#8221;%%51%%&#8221; _builder_version=&#8221;4.9.0&#8243; _module_preset=&#8221;default&#8221;][\/et_pb_image][\/et_pb_column][et_pb_column type=&#8221;2_3&#8243; _builder_version=&#8221;3.25&#8243; custom_padding=&#8221;|||&#8221; custom_padding__hover=&#8221;|||&#8221;][et_pb_text _builder_version=&#8221;4.9.0&#8243; _module_preset=&#8221;default&#8221; background_color=&#8221;rgba(255,255,255,0.48)&#8221; background_size=&#8221;initial&#8221; background_position=&#8221;top_left&#8221; background_repeat=&#8221;repeat&#8221;] &nbsp; Mehmet Makas [\/et_pb_text][et_pb_text _builder_version=&#8221;4.9.0&#8243; _module_preset=&#8221;default&#8221;] Erzincan Valisi [\/et_pb_text][et_pb_text _builder_version=&#8221;4.9.0&#8243; [&hellip;]<\/p>\n","protected":false},"author":9,"featured_media":0,"parent":0,"menu_order":0,"comment_status":"closed","ping_status":"closed","template":"","meta":{"_et_pb_use_builder":"on","_et_pb_old_content":"","_et_gb_content_width":"","spay_email":""},"jetpack_sharing_enabled":true,"jetpack_likes_enabled":true,"_links":{"self":[{"href":"https:\/\/gsfsergi.ebyu.edu.tr\/index.php?rest_route=\/wp\/v2\/pages\/5119"}],"collection":[{"href":"https:\/\/gsfsergi.ebyu.edu.tr\/index.php?rest_route=\/wp\/v2\/pages"}],"about":[{"href":"https:\/\/gsfsergi.ebyu.edu.tr\/index.php?rest_route=\/wp\/v2\/types\/page"}],"author":[{"embeddable":true,"href":"https:\/\/gsfsergi.ebyu.edu.tr\/index.php?rest_route=\/wp\/v2\/users\/9"}],"replies":[{"embeddable":true,"href":"https:\/\/gsfsergi.ebyu.edu.tr\/index.php?rest_route=%2Fwp%2Fv2%2Fcomments&post=5119"}],"version-history":[{"count":12,"href":"https:\/\/gsfsergi.ebyu.edu.tr\/index.php?rest_route=\/wp\/v2\/pages\/5119\/revisions"}],"predecessor-version":[{"id":5380,"href":"https:\/\/gsfsergi.ebyu.edu.tr\/index.php?rest_route=\/wp\/v2\/pages\/5119\/revisions\/5380"}],"wp:attachment":[{"href":"https:\/\/gsfsergi.ebyu.edu.tr\/index.php?rest_route=%2Fwp%2Fv2%2Fmedia&parent=5119"}],"curies":[{"name":"wp","href":"https:\/\/api.w.org\/{rel}","templated":true}]}}