{"id":4588,"date":"2021-03-08T10:21:03","date_gmt":"2021-03-08T07:21:03","guid":{"rendered":"https:\/\/gsfsergi.ebyu.edu.tr\/?page_id=4588"},"modified":"2021-03-17T22:01:23","modified_gmt":"2021-03-17T19:01:23","slug":"nurdan-iskender-kadin-sergisi","status":"publish","type":"page","link":"https:\/\/gsfsergi.ebyu.edu.tr\/?page_id=4588","title":{"rendered":"Nurdan \u0130skender &#8211; Kad\u0131n Sergisi"},"content":{"rendered":"<p>[et_pb_section fb_built=&#8221;1&#8243; _builder_version=&#8221;4.7.7&#8243; background_enable_image=&#8221;off&#8221;][et_pb_row _builder_version=&#8221;3.25&#8243; background_size=&#8221;initial&#8221; background_position=&#8221;top_left&#8221; background_repeat=&#8221;repeat&#8221;][et_pb_column type=&#8221;4_4&#8243; _builder_version=&#8221;3.25&#8243; custom_padding=&#8221;|||&#8221; custom_padding__hover=&#8221;|||&#8221;][et_pb_text _builder_version=&#8221;4.7.7&#8243; _module_preset=&#8221;default&#8221;]<\/p>\n<p>&nbsp;<\/p>\n<p>&nbsp;<\/p>\n<p>[\/et_pb_text][\/et_pb_column][\/et_pb_row][et_pb_row column_structure=&#8221;1_3,2_3&#8243; _builder_version=&#8221;3.25&#8243; background_size=&#8221;initial&#8221; background_position=&#8221;top_left&#8221; background_repeat=&#8221;repeat&#8221;][et_pb_column type=&#8221;1_3&#8243; _builder_version=&#8221;3.25&#8243; custom_padding=&#8221;|||&#8221; custom_padding__hover=&#8221;|||&#8221;][et_pb_text _builder_version=&#8221;4.9.0&#8243; _module_preset=&#8221;default&#8221;]<\/p>\n<p>&nbsp;<\/p>\n<p>&nbsp;<\/p>\n<p style=\"text-align: right;\"><span style=\"font-family: 'times new roman', times, serif; font-size: 36pt; color: #800080;\"><em>Nurdan \u0130skender<\/em><\/span><\/p>\n<p>[\/et_pb_text][et_pb_text _builder_version=&#8221;4.9.0&#8243; _module_preset=&#8221;default&#8221;]<\/p>\n<p>&nbsp;<\/p>\n<p>&nbsp;<\/p>\n<p>&nbsp;<\/p>\n<p>&nbsp;<\/p>\n<p>&nbsp;<\/p>\n<p style=\"text-align: right;\"><strong><em><span style=\"color: #800080; font-family: 'times new roman', times, serif;\">\u201cAds\u0131z\u201d<\/span><\/em><\/strong><br \/><strong><em><span style=\"color: #800080; font-family: 'times new roman', times, serif;\"> 10\u00d710 cm<\/span><\/em><\/strong><br \/><strong><em><span style=\"color: #800080; font-family: 'times new roman', times, serif;\"> Tuval \u00dczerine Kar\u0131\u015f\u0131k Teknik<\/span><\/em><\/strong><br \/><strong><em><span style=\"color: #800080; font-family: 'times new roman', times, serif;\"> 2015<\/span><\/em><\/strong><\/p>\n<p>[\/et_pb_text][\/et_pb_column][et_pb_column type=&#8221;2_3&#8243; _builder_version=&#8221;3.25&#8243; custom_padding=&#8221;|||&#8221; custom_padding__hover=&#8221;|||&#8221;][et_pb_image src=&#8221;https:\/\/gsfsergi.ebyu.edu.tr\/wp-content\/uploads\/2021\/03\/Nurdan-Iskender.jpeg&#8221; title_text=&#8221;Nurdan \u0130skender&#8221; show_in_lightbox=&#8221;on&#8221; use_overlay=&#8221;on&#8221; overlay_icon_color=&#8221;#ffffff&#8221; hover_overlay_color=&#8221;rgba(128,0,128,0.19)&#8221; hover_icon=&#8221;%%51%%&#8221; _builder_version=&#8221;4.9.0&#8243; _module_preset=&#8221;default&#8221;][\/et_pb_image][et_pb_text _builder_version=&#8221;4.9.0&#8243; background_color=&#8221;rgba(255,255,255,0.64)&#8221; background_size=&#8221;initial&#8221; background_position=&#8221;top_left&#8221; background_repeat=&#8221;repeat&#8221;]<\/p>\n<p style=\"text-align: center;\"><span style=\"color: #800080;\"><span style=\"font-size: 36pt;\"><strong><a href=\"https:\/\/gsfsergi.ebyu.edu.tr\/?page_id=4584\">\u2039<\/a>\u00a0 \u00a0 <\/strong><\/span><span style=\"font-size: 14pt;\">I<span style=\"font-size: 36pt;\">\u00a0 \u00a0 <\/span><\/span><a href=\"https:\/\/gsfsergi.ebyu.edu.tr\/?page_id=4592\"><strong><span style=\"font-size: 36pt;\">\u203a<\/span><\/strong><\/a><\/span><\/p>\n<p>[\/et_pb_text][et_pb_text _builder_version=&#8221;4.7.7&#8243; background_color=&#8221;rgba(255,255,255,0.64)&#8221; background_size=&#8221;initial&#8221; background_position=&#8221;top_left&#8221; background_repeat=&#8221;repeat&#8221;]<\/p>\n<p style=\"text-align: center;\"><a href=\"https:\/\/gsfsergi.ebyu.edu.tr\/?page_id=607\"><em><span style=\"font-size: 11pt; font-family: 'times new roman', times, serif;\"><span style=\"color: #800080;\">Sergi Anasayfa<\/span><\/span><\/em><\/a><\/p>\n<p>[\/et_pb_text][\/et_pb_column][\/et_pb_row][et_pb_row _builder_version=&#8221;4.7.7&#8243; _module_preset=&#8221;default&#8221;][et_pb_column type=&#8221;4_4&#8243; _builder_version=&#8221;4.7.7&#8243; _module_preset=&#8221;default&#8221;][et_pb_text _builder_version=&#8221;4.7.7&#8243; _module_preset=&#8221;default&#8221;]<\/p>\n<p>&nbsp;<\/p>\n<p>&nbsp;<\/p>\n<p>[\/et_pb_text][\/et_pb_column][\/et_pb_row][et_pb_row column_structure=&#8221;1_3,2_3&#8243; _builder_version=&#8221;4.7.7&#8243; _module_preset=&#8221;default&#8221;][et_pb_column type=&#8221;1_3&#8243; _builder_version=&#8221;4.7.7&#8243; _module_preset=&#8221;default&#8221;][et_pb_text _builder_version=&#8221;4.9.0&#8243; _module_preset=&#8221;default&#8221;]<\/p>\n<p><img class=\"aligncenter\" src=\"https:\/\/gsfsergi.ebyu.edu.tr\/wp-content\/uploads\/2021\/03\/Nurdan-Iskender.jpg\" \/><\/p>\n<p>[\/et_pb_text][\/et_pb_column][et_pb_column type=&#8221;2_3&#8243; _builder_version=&#8221;4.7.7&#8243; _module_preset=&#8221;default&#8221;][et_pb_accordion open_toggle_text_color=&#8221;#800080&#8243; closed_toggle_text_color=&#8221;#800080&#8243; _builder_version=&#8221;4.9.0&#8243; _module_preset=&#8221;default&#8221; toggle_text_color=&#8221;#800080&#8243; toggle_font=&#8221;Times New Roman||on||||||&#8221; closed_toggle_font=&#8221;Times New Roman||on||||||&#8221; body_font=&#8221;Times New Roman||on||||||&#8221; body_text_color=&#8221;#800080&#8243;][et_pb_accordion_item title=&#8221;Nurdan \u0130skender&#8221; open=&#8221;on&#8221; _builder_version=&#8221;4.9.0&#8243; _module_preset=&#8221;default&#8221;][\/et_pb_accordion_item][et_pb_accordion_item title=&#8221;\u00d6zge\u00e7mi\u015f&#8221; _builder_version=&#8221;4.9.0&#8243; _module_preset=&#8221;default&#8221; toggle_font=&#8221;Times New Roman||on||||||&#8221; open=&#8221;off&#8221;]<\/p>\n<p style=\"text-align: left; padding-left: 40px;\"><span style=\"font-family: times new roman, times, serif;\"><i>Nurdan \u0130skender,<\/i><\/span><\/p>\n<p style=\"padding-left: 40px;\"><span style=\"font-family: 'times new roman', times, serif;\">(1981, Trabzon &#8211; 2016, \u0130stanbul)<\/span><\/p>\n<p style=\"padding-left: 40px;\"><span style=\"font-family: 'times new roman', times, serif;\">1981 Trabzon do\u011fumlu sanat\u00e7\u0131 Yeditepe \u00dcniversitesi Plastik Sanatlar (Resim, Heykel ve Seramik) B\u00f6l\u00fcm\u00fc mezunu. \u2018Say\u0131sal \u00c7okluk\u2019 adl\u0131 bir ki\u015fisel sergi a\u00e7t\u0131, bir\u00e7ok yar\u0131\u015fma ve gurup sergilerinde yer ald\u0131. \u00c7e\u015fitli dergilerde yaz\u0131lar\u0131 yay\u0131nland\u0131.<\/span><\/p>\n<p style=\"padding-left: 40px;\"><span style=\"font-family: 'times new roman', times, serif;\">SANAT G\u00d6R\u00dc\u015e\u00dc VE \u2018PEMBE D\u0130YALOGLAR\u2019<\/span><\/p>\n<p style=\"padding-left: 40px;\"><span style=\"font-family: 'times new roman', times, serif;\">Daha \u00e7ok kolaj a\u011f\u0131rl\u0131kl\u0131 \u00e7al\u0131\u015fan sanat\u00e7\u0131, \u00e7al\u0131\u015fmalar\u0131nda gerek gazete imajlar\u0131ndan, gerekse bizzat\u00a0ya\u015fad\u0131\u011f\u0131 d\u00fcnyadan yararlan\u0131yor. Nurdan \u0130skender\u00a0i\u00e7in \u2018resim yapmak\u2019 bir di\u011fer ifade arac\u0131!\u00a0Kavramlar\u0131n, hayat\u0131nda \u00e7ok b\u00fcy\u00fck \u00f6nemi oldu\u011funu s\u00f6yleyen sanat\u00e7\u0131, kelimelerin ve renklerin plastik dilini kullanarak g\u00f6rsel ve d\u00fc\u015f\u00fcnsel d\u00fcnya aras\u0131nda ba\u011f kurmaya \u00e7al\u0131\u015ft\u0131\u011f\u0131n\u0131 s\u00f6yl\u00fcyor.<\/span><\/p>\n<p style=\"padding-left: 40px;\"><span style=\"font-family: 'times new roman', times, serif;\">T\u00fcm \u00e7al\u0131\u015fmalar\u0131n\u0131 ya\u015fam\u0131yla ili\u015fkilendiren sanat\u00e7\u0131, d\u00fcnyay\u0131 par\u00e7alar halinde g\u00f6r\u00fcyor; gerek insan bedenini, gerekse di\u011fer nesneleri fragmanlara ay\u0131rarak tuvale yap\u0131\u015ft\u0131r\u0131yor. Herbir par\u00e7an\u0131n\u00a0bir hikayesi mevcut.<\/span><\/p>\n<p style=\"padding-left: 40px;\"><span style=\"font-family: 'times new roman', times, serif;\">\u2018Pembe Diyaloglar\u2019 adl\u0131 sergide ise; bir y\u0131ldan beri ya\u015fad\u0131\u011f\u0131 Londra\u2019n\u0131n, bu farkl\u0131 k\u00fclturel \u015fehrin onda b\u0131rakt\u0131\u011f\u0131 etkileri g\u00f6rmek m\u00fcmk\u00fcn. \u015eehirici, \u015fehird\u0131\u015f\u0131, \u00fclke d\u0131\u015f\u0131 yolculuklarda rastlad\u0131\u011f\u0131 olaylar, farkl\u0131 \u0130ngiliz aile yap\u0131s\u0131 ve ya\u015fay\u0131\u015f\u0131, \u0130stanbul-Londra aras\u0131 yolculuklar sonucu iki farkl\u0131 k\u00fclt\u00fcr\u00fcn onda b\u0131rakt\u0131\u011f\u0131 etkiler ve L.Bourgeois\u2019nin \u00f6zellikle pembe tekstil \u00e7al\u0131\u015fmalar\u0131 onu \u00e7ok etkilemi\u015f ve bu serginin olu\u015fmas\u0131nda etken olmu\u015f.<\/span><\/p>\n<p style=\"padding-left: 40px;\"><span style=\"font-family: 'times new roman', times, serif;\">Kendini \u2018hicbir yere ait\u2019 hissetmeyen sanat\u00e7\u0131, \u0130ngiltere\u2019ye ilk geldi\u011fi zaman hissetti\u011fi duygular\u0131n \u00e7ok farkl\u0131 oldu\u011funu; bu duygular\u0131n i\u00e7inde her ne kadar \u2018yaln\u0131zl\u0131k, farkl\u0131l\u0131k\u2019 da olsa bunlar\u0131 asla \u2018yabanc\u0131l\u0131k, \u00f6tekilik\u2019 olarak de\u011ferlendirmedi\u011fini, \u2018\u00d6teki olma\u2019n\u0131n, \u00f6tekile\u015ftirilmenin d\u0131\u015f\u0131nda insan\u0131n kendi kendine bi\u00e7ti\u011fi k\u00f6t\u00fc bir yazg\u0131 oldu\u011funu s\u00f6yl\u00fcyor. Daha sonraki \u0130stanbul yolculuklar\u0131, di\u011fer k\u00fclt\u00fcrle tekrar kar\u015f\u0131la\u015fmalar, giderek \u00e7al\u0131\u015fmalar\u0131n\u0131n pembe\u2019den sar\u0131\u2019ya d\u00f6n\u00fc\u015fmesine ve k\u00fclt\u00fcrler aras\u0131 renkli diyaloglarlar\u0131n \u00e7\u0131kmas\u0131na\u00a0neden olmu\u015f.<\/span><\/p>\n<p style=\"padding-left: 40px;\"><span style=\"font-family: 'times new roman', times, serif;\">Daha \u00e7ok kolaj a\u011f\u0131rl\u0131kl\u0131 \u00e7al\u0131\u015fmalar\u0131yla bilinen sanat\u00e7\u0131, farkl\u0131 olarak, 2008&#8217;de Londra&#8217;da ger\u00e7ekle\u015ftirdi\u011fi \u2018Pembe Diyaloglar&#8217; adl\u0131 ki\u015fisel sergisinden bu yana s\u00fcrd\u00fcrd\u00fc\u011f\u00fc ve bu serginin de temelini olu\u015fturan \u00e7izimlerle, bir dizi d\u00fczenleme olu\u015fturuyor. Nurdan \u0130skender&#8217;e g\u00f6re resim yapmak, \u2018e\u011fer yetenek ve tutkulara do\u011fru yolu g\u00f6stermekse, \u00e7izginin d\u0131\u015f\u0131na \u00e7\u0131kmak da m\u00fcmk\u00fcn, i\u00e7inde kaybolmak da&#8230;&#8217;<\/span><\/p>\n<p style=\"padding-left: 40px;\"><span style=\"font-family: 'times new roman', times, serif;\">Ya\u015fam\u0131nda yer edinen ki\u015fi ya da olaylar\u0131n bir t\u00fcr resimsel analizini \u00e7\u0131kart\u0131yor sanat\u00e7\u0131: \u00c7al\u0131\u015fmalar\u0131nda her bir par\u00e7an\u0131n ayr\u0131 bir hikayesi mevcut; i\u00e7erisinde \u00e7ocuksu bir ironi ile g\u00fclen, a\u011flayan y\u00fczler ve kendi i\u00e7inde daha k\u0131s\u0131k sesli hikayeler bar\u0131nd\u0131r\u0131yor.<\/span><\/p>\n<p style=\"padding-left: 40px;\"><span style=\"font-family: 'times new roman', times, serif;\">S\u00fcrekli seyir halindeki ya\u015fam\u0131ndan yans\u0131yan karelerde sadece \u015fehirleraras\u0131-\u00fclkeleraras\u0131 yolculuklar\u0131 de\u011fil, ayn\u0131 zamanda kendi i\u00e7indeki zihinsel yolculuklar\u0131, ini\u015f ve \u00e7\u0131k\u0131\u015flar\u0131 da g\u00f6rmek m\u00fcmk\u00fcn. \u0130skender`e g\u00f6re bu ini\u015f \u00e7\u0131k\u0131\u015flarla bir araya geli\u015f; \u2018farkl\u0131 t\u00fcrden bir duyumsama, bir meditasyon an\u0131ndaki y\u00fckseli\u015f ya da bir a\u015f\u0131\u011f\u0131n kendinden ge\u00e7isi gibi, sembolik olan\u0131 a\u015fan, sonsuz bir varolu\u015fa ait.&#8217; Sanat\u00e7\u0131 kelimelerin ve renklerin plastik dilini kullanarak g\u00f6rsel ve d\u00fc\u015f\u00fcnsel d\u00fcnya aras\u0131nda bir ba\u011f kurmay\u0131 ama\u00e7lad\u0131\u011f\u0131n\u0131 s\u00f6ylemektedir.<\/span><\/p>\n<p style=\"text-align: left; padding-left: 40px;\">[\/et_pb_accordion_item][\/et_pb_accordion][\/et_pb_column][\/et_pb_row][et_pb_row _builder_version=&#8221;4.7.7&#8243; _module_preset=&#8221;default&#8221;][et_pb_column type=&#8221;4_4&#8243; _builder_version=&#8221;4.7.7&#8243; _module_preset=&#8221;default&#8221;][et_pb_text _builder_version=&#8221;4.9.0&#8243; _module_preset=&#8221;default&#8221;]<\/p>\n<p>&nbsp;<\/p>\n<p>&nbsp;<\/p>\n<p>[\/et_pb_text][\/et_pb_column][\/et_pb_row][\/et_pb_section]<\/p>\n","protected":false},"excerpt":{"rendered":"<p>[et_pb_section fb_built=&#8221;1&#8243; _builder_version=&#8221;4.7.7&#8243; background_enable_image=&#8221;off&#8221;][et_pb_row _builder_version=&#8221;3.25&#8243; background_size=&#8221;initial&#8221; background_position=&#8221;top_left&#8221; background_repeat=&#8221;repeat&#8221;][et_pb_column type=&#8221;4_4&#8243; _builder_version=&#8221;3.25&#8243; custom_padding=&#8221;|||&#8221; custom_padding__hover=&#8221;|||&#8221;][et_pb_text _builder_version=&#8221;4.7.7&#8243; _module_preset=&#8221;default&#8221;] &nbsp; &nbsp; [\/et_pb_text][\/et_pb_column][\/et_pb_row][et_pb_row column_structure=&#8221;1_3,2_3&#8243; _builder_version=&#8221;3.25&#8243; background_size=&#8221;initial&#8221; background_position=&#8221;top_left&#8221; background_repeat=&#8221;repeat&#8221;][et_pb_column type=&#8221;1_3&#8243; _builder_version=&#8221;3.25&#8243; custom_padding=&#8221;|||&#8221; custom_padding__hover=&#8221;|||&#8221;][et_pb_text _builder_version=&#8221;4.9.0&#8243; _module_preset=&#8221;default&#8221;] &nbsp; &nbsp; Nurdan \u0130skender [\/et_pb_text][et_pb_text _builder_version=&#8221;4.9.0&#8243; _module_preset=&#8221;default&#8221;] &nbsp; &nbsp; &nbsp; &nbsp; &nbsp; \u201cAds\u0131z\u201d 10\u00d710 cm Tuval \u00dczerine Kar\u0131\u015f\u0131k Teknik 2015 [\/et_pb_text][\/et_pb_column][et_pb_column type=&#8221;2_3&#8243; _builder_version=&#8221;3.25&#8243; custom_padding=&#8221;|||&#8221; custom_padding__hover=&#8221;|||&#8221;][et_pb_image src=&#8221;https:\/\/gsfsergi.ebyu.edu.tr\/wp-content\/uploads\/2021\/03\/Nurdan-Iskender.jpeg&#8221; title_text=&#8221;Nurdan [&hellip;]<\/p>\n","protected":false},"author":9,"featured_media":0,"parent":0,"menu_order":0,"comment_status":"closed","ping_status":"closed","template":"","meta":{"_et_pb_use_builder":"on","_et_pb_old_content":"","_et_gb_content_width":"","spay_email":""},"jetpack_sharing_enabled":true,"jetpack_likes_enabled":true,"_links":{"self":[{"href":"https:\/\/gsfsergi.ebyu.edu.tr\/index.php?rest_route=\/wp\/v2\/pages\/4588"}],"collection":[{"href":"https:\/\/gsfsergi.ebyu.edu.tr\/index.php?rest_route=\/wp\/v2\/pages"}],"about":[{"href":"https:\/\/gsfsergi.ebyu.edu.tr\/index.php?rest_route=\/wp\/v2\/types\/page"}],"author":[{"embeddable":true,"href":"https:\/\/gsfsergi.ebyu.edu.tr\/index.php?rest_route=\/wp\/v2\/users\/9"}],"replies":[{"embeddable":true,"href":"https:\/\/gsfsergi.ebyu.edu.tr\/index.php?rest_route=%2Fwp%2Fv2%2Fcomments&post=4588"}],"version-history":[{"count":7,"href":"https:\/\/gsfsergi.ebyu.edu.tr\/index.php?rest_route=\/wp\/v2\/pages\/4588\/revisions"}],"predecessor-version":[{"id":5555,"href":"https:\/\/gsfsergi.ebyu.edu.tr\/index.php?rest_route=\/wp\/v2\/pages\/4588\/revisions\/5555"}],"wp:attachment":[{"href":"https:\/\/gsfsergi.ebyu.edu.tr\/index.php?rest_route=%2Fwp%2Fv2%2Fmedia&parent=4588"}],"curies":[{"name":"wp","href":"https:\/\/api.w.org\/{rel}","templated":true}]}}