{"id":2711,"date":"2020-12-12T20:20:47","date_gmt":"2020-12-12T17:20:47","guid":{"rendered":"https:\/\/gsfsergi.ebyu.edu.tr\/?page_id=2711"},"modified":"2020-12-17T16:21:52","modified_gmt":"2020-12-17T13:21:52","slug":"safiye-basar-2","status":"publish","type":"page","link":"https:\/\/gsfsergi.ebyu.edu.tr\/?page_id=2711","title":{"rendered":"Safiye Ba\u015far Hakk\u0131nda"},"content":{"rendered":"<p>[et_pb_section fb_built=&#8221;1&#8243; _builder_version=&#8221;4.7.5&#8243; _module_preset=&#8221;default&#8221; background_color=&#8221;#000000&#8243;][et_pb_row column_structure=&#8221;1_2,1_2&#8243; _builder_version=&#8221;4.7.5&#8243; _module_preset=&#8221;default&#8221; background_color=&#8221;#000000&#8243;][et_pb_column type=&#8221;1_2&#8243; _builder_version=&#8221;4.7.5&#8243; _module_preset=&#8221;default&#8221;][et_pb_button button_url=&#8221;@ET-DC@eyJkeW5hbWljIjp0cnVlLCJjb250ZW50IjoicG9zdF9saW5rX3VybF9wYWdlIiwic2V0dGluZ3MiOnsicG9zdF9pZCI6IjI1MzYifX0=@&#8221; button_text=&#8221;Mektup ve Esere Geri D\u00f6n&#8221; _builder_version=&#8221;4.7.6&#8243; _dynamic_attributes=&#8221;button_url&#8221; _module_preset=&#8221;default&#8221; custom_button=&#8221;on&#8221; button_bg_color=&#8221;#000000&#8243; button_border_color=&#8221;#000000&#8243; button_font=&#8221;Indie Flower||||||||&#8221; button_icon=&#8221;%%41%%&#8221; button_icon_color=&#8221;#ffffff&#8221; button_icon_placement=&#8221;left&#8221; button_on_hover=&#8221;off&#8221;][\/et_pb_button][et_pb_text _builder_version=&#8221;4.7.6&#8243; _module_preset=&#8221;default&#8221; background_color=&#8221;#000000&#8243;]<\/p>\n<p><span style=\"color: #ffffff; font-size: 18pt;\">Safiye Ba\u015far,<\/span><\/p>\n<p><span style=\"color: #ffffff; font-size: 14pt;\">Dokuz Eyl\u00fcl \u00dcniversitesi G\u00fczel Sanatlar Fak\u00fcltesi\u2019nden 1992 y\u0131l\u0131nda mezun olan Safiye Ba\u015far, 1994 y\u0131l\u0131nda Atat\u00fcrk \u00dcniversitesi G\u00fczel Sanatlar Fak\u00fcltesi\u2019nde Ara\u015ft\u0131rma g\u00f6revlisi olarak \u00e7al\u0131\u015fmaya Ba\u015flad\u0131. Y\u00fcksek Lisans\u0131n\u0131 \u201cAnadolu Sel\u00e7uklu Seramiklerinde Teknik Ara\u015ft\u0131rmalar ve G\u00f6rsel \u00c7\u00f6z\u00fcmlemeler\u201d adl\u0131 teziyle 1992 y\u0131l\u0131nda Dokuz Eyl\u00fcl \u00dcniversitesi\u2019nde tamamlad\u0131. 2003 y\u0131l\u0131nda, &#8220;Avant\u00fcrin S\u0131rl\u0131 \u00d6zg\u00fcn Seramik Form ve Y\u00fczeyler&#8221; adl\u0131 \u00e7al\u0131\u015fmas\u0131yla Hacettepe \u00dcniversitesi\u2019nden Sanatta Yeterlili\u011fini ald\u0131. Ba\u015far, halen Kocaeli \u00dcniversitesi G\u00fczel Sanatlar Fak\u00fcltesi Seramik B\u00f6l\u00fcm\u00fc\u2019nde do\u00e7ent olarak g\u00f6rev yapmaktad\u0131r.<\/span><\/p>\n<p><span style=\"color: #ffffff; font-size: 14pt;\">Safiye Ba\u015far, T\u00fcrkiye\u2019de \u201cKa\u011f\u0131t F\u0131r\u0131n\u201d, \u201cIsli Pi\u015firim\u201d, L\u00fcster; \u0130sve\u00e7\u2019de \u201cSanat ve Tasar\u0131m\u201d \u00e7al\u0131\u015ftaylar\u0131na; Letonya, S\u0131rbistan, ve Bulgaristan\u2019da uygulamal\u0131 seramik sempozyumlar\u0131na kat\u0131lm\u0131\u015f; Japonya ve Amerika Birle\u015fik Devletleri\u2019nde Anadolu\u2019daki seramik k\u00fclt\u00fcr\u00fc ve \u00e7a\u011fda\u015f T\u00fcrk serami\u011fine ili\u015fkin seminerler vermi\u015f; ayn\u0131 \u00fclkelerle y\u00fcr\u00fct\u00fclen \u201cK\u00fclt\u00fcrel Etkile\u015fim\u201d programlar\u0131nda g\u00f6rev alm\u0131\u015f; Avrupa Birli\u011fi &#8211; T\u00fcrkiye K\u00fclt\u00fcrleraras\u0131 Diyalog &#8211; M\u00fczeler Hibe Program\u0131\u2019nda uzman olarak \u00e7al\u0131\u015fm\u0131\u015ft\u0131r. Ulusal ve uluslararas\u0131 sempozyumlara kat\u0131lan Ba\u015far\u2019\u0131n \u00e7a\u011fda\u015f sanat \u00fczerine yay\u0131mlanm\u0131\u015f bildirileri ve makaleleri bulunmaktad\u0131r.<\/span><\/p>\n<p><span style=\"color: #ffffff;\"><span style=\"font-size: 14pt;\">Akademik \u00e7al\u0131\u015fmalar\u0131n\u0131n yan\u0131nda sanatsal \u00e7al\u0131\u015fmalarda s\u00fcrd\u00fcren Ba\u015far\u2019n dokuz ki\u015fisel ve \u00e7ok say\u0131da ulusal ve uluslararas\u0131 d\u00fczeyde karma sergileri bulunmaktad\u0131r. Erken d\u00f6nem \u00e7al\u0131\u015fmalar\u0131nda Anadolu ve Mezopotamya mitolojisine ait kavramlar \u00fczerinde duran Ba\u015far, bir d\u00f6nem ya\u015fad\u0131\u011f\u0131 co\u011frafyan\u0131n fiziksel dokusundan yararland\u0131\u011f\u0131 seramik heykellerinde kutsal su, kutsal da\u011f gibi kavramlar\u0131 ele alm\u0131\u015ft\u0131r. Son d\u00f6nem \u00e7al\u0131\u015fmalar\u0131nda ise kad\u0131n, \u00e7evre ve end\u00fcstriyel miras eksenli toplumsal sorunlar \u00f6ne \u00e7\u0131kmaktad\u0131r. Ba\u015far, \u2018\u2018Kad\u0131na Dair\u2019\u2019 \u00e7al\u0131\u015fma dizisinde Anadolu co\u011frafyas\u0131nda ya\u015fayan t\u00fcm kad\u0131nlar\u0131n ortak sorunlar\u0131na, seramik malzemenin dili \u00fczerinden i\u015faret eder. \u2018\u2018Hakikati Aralamak\u2019\u2019 serisinde ise erken cumhuriyet d\u00f6nemi giri\u015fimi olan Yar\u0131mca Porselen Fabrikas\u0131 kal\u0131nt\u0131lar\u0131 \u00fczerinden bir toplumsal bellek okumas\u0131 ger\u00e7ekle\u015ftirir. Sanatsal ifade alan\u0131n\u0131 seramik malzemenin fiziksel \u00f6zellikleri ve tarihsel ba\u011flam\u0131yla oynayarak g\u00fc\u00e7lendirmeye, geni\u015fletmeye \u00e7al\u0131\u015f\u0131r. Ba\u015far\u2019\u0131n, seramik heykelleri yan\u0131nda, seramik malzemenin dilini video ile birle\u015ftirdi\u011fi \u00e7al\u0131\u015fmalar\u0131, haz\u0131r nesne kulland\u0131\u011f\u0131 d\u00fcz<\/span>enlemeleri de bulunmaktad\u0131r.<\/span><\/p>\n<p>[\/et_pb_text][\/et_pb_column][et_pb_column type=&#8221;1_2&#8243; _builder_version=&#8221;4.7.5&#8243; _module_preset=&#8221;default&#8221;][et_pb_image src=&#8221;https:\/\/gsfsergi.ebyu.edu.tr\/wp-content\/uploads\/2020\/12\/4F334270CD7E463CB39B03E9D38B4F6D.jpg&#8221; title_text=&#8221;4F334270CD7E463CB39B03E9D38B4F6D&#8221; align=&#8221;center&#8221; _builder_version=&#8221;4.7.6&#8243; _module_preset=&#8221;default&#8221; hover_enabled=&#8221;0&#8243; sticky_enabled=&#8221;0&#8243;][\/et_pb_image][\/et_pb_column][\/et_pb_row][\/et_pb_section]<\/p>\n","protected":false},"excerpt":{"rendered":"<p>[et_pb_section fb_built=&#8221;1&#8243; _builder_version=&#8221;4.7.5&#8243; _module_preset=&#8221;default&#8221; background_color=&#8221;#000000&#8243;][et_pb_row column_structure=&#8221;1_2,1_2&#8243; _builder_version=&#8221;4.7.5&#8243; _module_preset=&#8221;default&#8221; background_color=&#8221;#000000&#8243;][et_pb_column type=&#8221;1_2&#8243; _builder_version=&#8221;4.7.5&#8243; _module_preset=&#8221;default&#8221;][et_pb_button button_url=&#8221;@ET-DC@eyJkeW5hbWljIjp0cnVlLCJjb250ZW50IjoicG9zdF9saW5rX3VybF9wYWdlIiwic2V0dGluZ3MiOnsicG9zdF9pZCI6IjI1MzYifX0=@&#8221; button_text=&#8221;Mektup ve Esere Geri D\u00f6n&#8221; _builder_version=&#8221;4.7.6&#8243; _dynamic_attributes=&#8221;button_url&#8221; _module_preset=&#8221;default&#8221; custom_button=&#8221;on&#8221; button_bg_color=&#8221;#000000&#8243; button_border_color=&#8221;#000000&#8243; button_font=&#8221;Indie Flower||||||||&#8221; button_icon=&#8221;%%41%%&#8221; button_icon_color=&#8221;#ffffff&#8221; button_icon_placement=&#8221;left&#8221; button_on_hover=&#8221;off&#8221;][\/et_pb_button][et_pb_text _builder_version=&#8221;4.7.6&#8243; _module_preset=&#8221;default&#8221; background_color=&#8221;#000000&#8243;] Safiye Ba\u015far, Dokuz Eyl\u00fcl \u00dcniversitesi G\u00fczel Sanatlar Fak\u00fcltesi\u2019nden 1992 y\u0131l\u0131nda mezun olan Safiye Ba\u015far, 1994 y\u0131l\u0131nda Atat\u00fcrk \u00dcniversitesi G\u00fczel Sanatlar Fak\u00fcltesi\u2019nde Ara\u015ft\u0131rma [&hellip;]<\/p>\n","protected":false},"author":9,"featured_media":0,"parent":0,"menu_order":0,"comment_status":"closed","ping_status":"closed","template":"","meta":{"_et_pb_use_builder":"on","_et_pb_old_content":"","_et_gb_content_width":"","spay_email":""},"jetpack_sharing_enabled":true,"jetpack_likes_enabled":true,"_links":{"self":[{"href":"https:\/\/gsfsergi.ebyu.edu.tr\/index.php?rest_route=\/wp\/v2\/pages\/2711"}],"collection":[{"href":"https:\/\/gsfsergi.ebyu.edu.tr\/index.php?rest_route=\/wp\/v2\/pages"}],"about":[{"href":"https:\/\/gsfsergi.ebyu.edu.tr\/index.php?rest_route=\/wp\/v2\/types\/page"}],"author":[{"embeddable":true,"href":"https:\/\/gsfsergi.ebyu.edu.tr\/index.php?rest_route=\/wp\/v2\/users\/9"}],"replies":[{"embeddable":true,"href":"https:\/\/gsfsergi.ebyu.edu.tr\/index.php?rest_route=%2Fwp%2Fv2%2Fcomments&post=2711"}],"version-history":[{"count":6,"href":"https:\/\/gsfsergi.ebyu.edu.tr\/index.php?rest_route=\/wp\/v2\/pages\/2711\/revisions"}],"predecessor-version":[{"id":3876,"href":"https:\/\/gsfsergi.ebyu.edu.tr\/index.php?rest_route=\/wp\/v2\/pages\/2711\/revisions\/3876"}],"wp:attachment":[{"href":"https:\/\/gsfsergi.ebyu.edu.tr\/index.php?rest_route=%2Fwp%2Fv2%2Fmedia&parent=2711"}],"curies":[{"name":"wp","href":"https:\/\/api.w.org\/{rel}","templated":true}]}}