{"id":2634,"date":"2020-12-12T19:51:03","date_gmt":"2020-12-12T16:51:03","guid":{"rendered":"https:\/\/gsfsergi.ebyu.edu.tr\/?page_id=2634"},"modified":"2020-12-17T16:02:44","modified_gmt":"2020-12-17T13:02:44","slug":"f-nuri-kara-hakkinda","status":"publish","type":"page","link":"https:\/\/gsfsergi.ebyu.edu.tr\/?page_id=2634","title":{"rendered":"F. Nuri Kara Hakk\u0131nda"},"content":{"rendered":"<p>[et_pb_section fb_built=&#8221;1&#8243; _builder_version=&#8221;4.7.5&#8243; _module_preset=&#8221;default&#8221; background_color=&#8221;#000000&#8243;][et_pb_row column_structure=&#8221;1_2,1_2&#8243; _builder_version=&#8221;4.7.5&#8243; _module_preset=&#8221;default&#8221; background_color=&#8221;#000000&#8243;][et_pb_column type=&#8221;1_2&#8243; _builder_version=&#8221;4.7.5&#8243; _module_preset=&#8221;default&#8221;][et_pb_button button_url=&#8221;@ET-DC@eyJkeW5hbWljIjp0cnVlLCJjb250ZW50IjoicG9zdF9saW5rX3VybF9wYWdlIiwic2V0dGluZ3MiOnsicG9zdF9pZCI6IjI0NjYifX0=@&#8221; button_text=&#8221;Mektup ve Esere Geri D\u00f6n&#8221; _builder_version=&#8221;4.7.6&#8243; _dynamic_attributes=&#8221;button_url&#8221; _module_preset=&#8221;default&#8221; custom_button=&#8221;on&#8221; button_bg_color=&#8221;#000000&#8243; button_border_color=&#8221;#000000&#8243; button_font=&#8221;Indie Flower||||||||&#8221; button_icon=&#8221;%%41%%&#8221; button_icon_color=&#8221;#ffffff&#8221; button_icon_placement=&#8221;left&#8221; button_on_hover=&#8221;off&#8221;][\/et_pb_button][et_pb_text _builder_version=&#8221;4.7.6&#8243; _module_preset=&#8221;default&#8221; background_color=&#8221;#000000&#8243;]<\/p>\n<p><span style=\"color: #ffffff; font-size: 18pt;\">F. Nuri Kara,<\/span><\/p>\n<p><span style=\"color: #ffffff; font-size: 14pt;\">1970 y\u0131l\u0131nda \u015eenkaya\u2019da do\u011fdu. 1992y\u0131l\u0131nda Marmara \u00dcniversitesi G\u00fczel Sanatlar Fak\u00fcltesi\u2019nden birincilik derecesiyle mezun oldu. 1992\u2019de E\u011filim Sanat Grubunu kurdu ve E\u011filim Sanat Grubu ile mimariye y\u00f6nelik malzeme resmi ve \u00fc\u00e7 boyutlu eserler ger\u00e7ekle\u015ftirdi. 1995\u2019de Marmara \u00dcniversitesi Sosyal Bilimler Enst\u00fct\u00fcs\u00fc\u2019nde y\u00fcksek lisans program\u0131n\u0131 tamamlad\u0131. 1996, Marmaris-Turun\u00e7 Yaz Akademisinde Grafik Bask\u0131 Sanatlar\u0131 alan\u0131nda sanat\u00e7\u0131 asistanl\u0131\u011f\u0131 yapt\u0131. 1997-2000 y\u0131llar\u0131 aras\u0131nda Gaia Reklam Evi\u2019nde Yarat\u0131c\u0131 Grafiker, G.Partner Reklam Ajans\u0131, Akademi Reklam Ajans\u0131 ile Future Reklam Ajans\u0131nda Art Direkt\u00f6r olarak \u00e7al\u0131\u015ft\u0131. 2000 y\u0131l\u0131nda Marmara \u00dcniversitesinde Sanatta Yeterlik program\u0131n\u0131 tamamlad\u0131. 2001, Afyon Kocatepe \u00dcniversitesi G\u00fczel Sanatlar Fak\u00fcltesine \u00d6\u011fretim G\u00f6revlisi olarak atand\u0131. 2003, Afyon Kocatepe \u00dcniversitesi G\u00fczel Sanatlar Fak\u00fcltesinde Yard\u0131mc\u0131 Do\u00e7entlik kadrosuna atand\u0131. 2003-2012 y\u0131llar\u0131 aras\u0131nda Afyon Kocatepe \u00dcniversitesi G\u00fczel Sanatlar Fak\u00fcltesinde Dekan Yard\u0131mc\u0131l\u0131\u011f\u0131 ve Resim B\u00f6l\u00fcm\u00fc B\u00f6l\u00fcm Ba\u015fkanl\u0131\u011f\u0131 idari g\u00f6revlerini y\u00fcr\u00fctt\u00fc. Ba\u015fta Devlet Resim Heykel yar\u0131\u015fmas\u0131 olmak \u00fczere \u00e7e\u015fitli j\u00fcrili yar\u0131\u015fmalar\u0131n sekizinde eserleri \u00f6d\u00fcle, bir\u00e7o\u011funda ise sergilemeye lay\u0131k g\u00f6r\u00fcld\u00fc. Halen ayn\u0131 kurumda \u00f6\u011fretim \u00fcyesi olarak akademik \u00e7al\u0131\u015fmalar\u0131n\u0131, Dekan Yard\u0131mc\u0131l\u0131\u011f\u0131 ile Resim B\u00f6l\u00fcm\u00fc Ba\u015fkanl\u0131\u011f\u0131 idari g\u00f6revlerini ve ki\u015fisel at\u00f6lyesinde sanat \u00e7al\u0131\u015fmalar\u0131n\u0131 s\u00fcrd\u00fcrmektedir. <\/span><\/p>\n<p>&nbsp;<\/p>\n<p>[\/et_pb_text][\/et_pb_column][et_pb_column type=&#8221;1_2&#8243; _builder_version=&#8221;4.7.5&#8243; _module_preset=&#8221;default&#8221;][et_pb_image src=&#8221;https:\/\/gsfsergi.ebyu.edu.tr\/wp-content\/uploads\/2020\/12\/DEEBC5651F9349E6BE4BE004DC218E5B.jpg&#8221; title_text=&#8221;DEEBC5651F9349E6BE4BE004DC218E5B&#8221; align=&#8221;center&#8221; _builder_version=&#8221;4.7.6&#8243; _module_preset=&#8221;default&#8221;][\/et_pb_image][\/et_pb_column][\/et_pb_row][\/et_pb_section]<\/p>\n","protected":false},"excerpt":{"rendered":"<p>[et_pb_section fb_built=&#8221;1&#8243; _builder_version=&#8221;4.7.5&#8243; _module_preset=&#8221;default&#8221; background_color=&#8221;#000000&#8243;][et_pb_row column_structure=&#8221;1_2,1_2&#8243; _builder_version=&#8221;4.7.5&#8243; _module_preset=&#8221;default&#8221; background_color=&#8221;#000000&#8243;][et_pb_column type=&#8221;1_2&#8243; _builder_version=&#8221;4.7.5&#8243; _module_preset=&#8221;default&#8221;][et_pb_button button_url=&#8221;@ET-DC@eyJkeW5hbWljIjp0cnVlLCJjb250ZW50IjoicG9zdF9saW5rX3VybF9wYWdlIiwic2V0dGluZ3MiOnsicG9zdF9pZCI6IjI0NjYifX0=@&#8221; button_text=&#8221;Mektup ve Esere Geri D\u00f6n&#8221; _builder_version=&#8221;4.7.6&#8243; _dynamic_attributes=&#8221;button_url&#8221; _module_preset=&#8221;default&#8221; custom_button=&#8221;on&#8221; button_bg_color=&#8221;#000000&#8243; button_border_color=&#8221;#000000&#8243; button_font=&#8221;Indie Flower||||||||&#8221; button_icon=&#8221;%%41%%&#8221; button_icon_color=&#8221;#ffffff&#8221; button_icon_placement=&#8221;left&#8221; button_on_hover=&#8221;off&#8221;][\/et_pb_button][et_pb_text _builder_version=&#8221;4.7.6&#8243; _module_preset=&#8221;default&#8221; background_color=&#8221;#000000&#8243;] F. Nuri Kara, 1970 y\u0131l\u0131nda \u015eenkaya\u2019da do\u011fdu. 1992y\u0131l\u0131nda Marmara \u00dcniversitesi G\u00fczel Sanatlar Fak\u00fcltesi\u2019nden birincilik derecesiyle mezun oldu. 1992\u2019de E\u011filim Sanat Grubunu kurdu [&hellip;]<\/p>\n","protected":false},"author":9,"featured_media":0,"parent":0,"menu_order":0,"comment_status":"closed","ping_status":"closed","template":"","meta":{"_et_pb_use_builder":"on","_et_pb_old_content":"","_et_gb_content_width":"","spay_email":""},"jetpack_sharing_enabled":true,"jetpack_likes_enabled":true,"_links":{"self":[{"href":"https:\/\/gsfsergi.ebyu.edu.tr\/index.php?rest_route=\/wp\/v2\/pages\/2634"}],"collection":[{"href":"https:\/\/gsfsergi.ebyu.edu.tr\/index.php?rest_route=\/wp\/v2\/pages"}],"about":[{"href":"https:\/\/gsfsergi.ebyu.edu.tr\/index.php?rest_route=\/wp\/v2\/types\/page"}],"author":[{"embeddable":true,"href":"https:\/\/gsfsergi.ebyu.edu.tr\/index.php?rest_route=\/wp\/v2\/users\/9"}],"replies":[{"embeddable":true,"href":"https:\/\/gsfsergi.ebyu.edu.tr\/index.php?rest_route=%2Fwp%2Fv2%2Fcomments&post=2634"}],"version-history":[{"count":7,"href":"https:\/\/gsfsergi.ebyu.edu.tr\/index.php?rest_route=\/wp\/v2\/pages\/2634\/revisions"}],"predecessor-version":[{"id":3847,"href":"https:\/\/gsfsergi.ebyu.edu.tr\/index.php?rest_route=\/wp\/v2\/pages\/2634\/revisions\/3847"}],"wp:attachment":[{"href":"https:\/\/gsfsergi.ebyu.edu.tr\/index.php?rest_route=%2Fwp%2Fv2%2Fmedia&parent=2634"}],"curies":[{"name":"wp","href":"https:\/\/api.w.org\/{rel}","templated":true}]}}