{"id":2630,"date":"2020-12-12T19:46:41","date_gmt":"2020-12-12T16:46:41","guid":{"rendered":"https:\/\/gsfsergi.ebyu.edu.tr\/?page_id=2630"},"modified":"2020-12-17T15:54:57","modified_gmt":"2020-12-17T12:54:57","slug":"ceylan-mutlu-hakkinda","status":"publish","type":"page","link":"https:\/\/gsfsergi.ebyu.edu.tr\/?page_id=2630","title":{"rendered":"Ceylan Mutlu Hakk\u0131nda"},"content":{"rendered":"<p>[et_pb_section fb_built=&#8221;1&#8243; _builder_version=&#8221;4.7.5&#8243; _module_preset=&#8221;default&#8221; background_color=&#8221;#000000&#8243;][et_pb_row column_structure=&#8221;1_2,1_2&#8243; _builder_version=&#8221;4.7.5&#8243; _module_preset=&#8221;default&#8221; background_color=&#8221;#000000&#8243;][et_pb_column type=&#8221;1_2&#8243; _builder_version=&#8221;4.7.5&#8243; _module_preset=&#8221;default&#8221;][et_pb_button button_url=&#8221;@ET-DC@eyJkeW5hbWljIjp0cnVlLCJjb250ZW50IjoicG9zdF9saW5rX3VybF9wYWdlIiwic2V0dGluZ3MiOnsicG9zdF9pZCI6IjI0NjIifX0=@&#8221; button_text=&#8221;Mektup ve Esere Geri D\u00f6n&#8221; _builder_version=&#8221;4.7.6&#8243; _dynamic_attributes=&#8221;button_url&#8221; _module_preset=&#8221;default&#8221; custom_button=&#8221;on&#8221; button_bg_color=&#8221;#000000&#8243; button_border_color=&#8221;#000000&#8243; button_font=&#8221;Indie Flower||||||||&#8221; button_icon=&#8221;%%41%%&#8221; button_icon_color=&#8221;#ffffff&#8221; button_icon_placement=&#8221;left&#8221; button_on_hover=&#8221;off&#8221;][\/et_pb_button][et_pb_text _builder_version=&#8221;4.7.6&#8243; _module_preset=&#8221;default&#8221; background_color=&#8221;#000000&#8243;]<\/p>\n<p><span style=\"color: #ffffff; font-size: 18pt;\">Ceylan Mutlu,<\/span><\/p>\n<p><span style=\"color: #ffffff; font-size: 14pt;\">(1956 \u2013Kayseri)<\/span><\/p>\n<p><span style=\"color: #ffffff; font-size: 14pt;\">1976\u2019da USA\/Maryland &#8211; Montgomery College &#8211; Graphical Design B\u00f6l\u00fcm\u00fcn\u00fc bitirdi.1976-77\u2019de \u0130stanbul Sanayi Odas\u0131 Sergi ve Enformasyon Merkezi\u2019nde grafiker ve sergi d\u00fczenleyici olarak \u00e7al\u0131\u015ft\u0131. 1988\u2019de Eren Ey\u00fcbo\u011flu\u2019ndan resim dersleri ald\u0131. 1989-95 Prof. Ali Canda\u015f&#8217;la resim \u00e7al\u0131\u015ft\u0131.1994\u2019de Faruk Cimok\u2019dan fig\u00fcratif resim dersleri ald\u0131. 1999&#8217;da M.\u00dc. Atat\u00fcrk E\u011f. Fak. Resim Ana Sanat Dal\u0131, \u00a0Prof.Ramiz Ayd\u0131n at\u00f6lyesini 1.likle bitirdi. 15 ki\u015fisel sergi a\u00e7t\u0131 ve bir\u00e7ok grup sergisine kat\u0131ld\u0131. K\u0131br\u0131s, Paris, Barcelona ve St.Petersburg\u2019 da grup sergilerine kat\u0131ld\u0131. 2000-2009 y\u0131llar\u0131 aras\u0131nda GSB Resim Derne\u011fi ve SASAV Y\u00f6n. Krl. \u00dcyeli\u011fi, \u00a0Akademi \u0130stanbul\u2019da resim \u00f6\u011fretmenli\u011fi yapt\u0131.2017\u2019den bu yana \u201cB\u0130RGRUP\u0130NSAN\u201d Sanat Platformu \u00dcyesidir. T\u00dcYAP- \u0130stanbul, ARTANKARA fuarlar\u0131nda bir\u00e7ok sergiye kat\u0131lm\u0131\u015f, eserleri \u0130\u015f Bankas\u0131, Vak\u0131fbank gibi sanat kolleksiyonlar\u0131na al\u0131nm\u0131\u015ft\u0131r.<\/span><\/p>\n<p><span style=\"color: #ffffff; font-size: 14pt;\">Halen, K\u00fclt\u00fcr-Sanat yaz\u0131lar\u0131 \u00e7evirmenli\u011fi yapmakta, resim \u00e7al\u0131\u015fmalar\u0131n\u0131 \u0130stanbul&#8217;da kendi at\u00f6lyesinde s\u00fcrd\u00fcrmektedir. UNESCO\/ IAA \/AIAP \u2013 UPSD T\u00fcrkiye Ulusal Komitesi Y\u00f6netim Kurulu \u00fcyesidir.<\/span><\/p>\n<p>[\/et_pb_text][\/et_pb_column][et_pb_column type=&#8221;1_2&#8243; _builder_version=&#8221;4.7.5&#8243; _module_preset=&#8221;default&#8221;][et_pb_image src=&#8221;https:\/\/gsfsergi.ebyu.edu.tr\/wp-content\/uploads\/2020\/12\/65F2ECC988174BFF9D48766226C7B782.jpg&#8221; title_text=&#8221;65F2ECC988174BFF9D48766226C7B782&#8243; align=&#8221;center&#8221; _builder_version=&#8221;4.7.6&#8243; _module_preset=&#8221;default&#8221; hover_enabled=&#8221;0&#8243; sticky_enabled=&#8221;0&#8243;][\/et_pb_image][\/et_pb_column][\/et_pb_row][\/et_pb_section]<\/p>\n","protected":false},"excerpt":{"rendered":"<p>[et_pb_section fb_built=&#8221;1&#8243; _builder_version=&#8221;4.7.5&#8243; _module_preset=&#8221;default&#8221; background_color=&#8221;#000000&#8243;][et_pb_row column_structure=&#8221;1_2,1_2&#8243; _builder_version=&#8221;4.7.5&#8243; _module_preset=&#8221;default&#8221; background_color=&#8221;#000000&#8243;][et_pb_column type=&#8221;1_2&#8243; _builder_version=&#8221;4.7.5&#8243; _module_preset=&#8221;default&#8221;][et_pb_button button_url=&#8221;@ET-DC@eyJkeW5hbWljIjp0cnVlLCJjb250ZW50IjoicG9zdF9saW5rX3VybF9wYWdlIiwic2V0dGluZ3MiOnsicG9zdF9pZCI6IjI0NjIifX0=@&#8221; button_text=&#8221;Mektup ve Esere Geri D\u00f6n&#8221; _builder_version=&#8221;4.7.6&#8243; _dynamic_attributes=&#8221;button_url&#8221; _module_preset=&#8221;default&#8221; custom_button=&#8221;on&#8221; button_bg_color=&#8221;#000000&#8243; button_border_color=&#8221;#000000&#8243; button_font=&#8221;Indie Flower||||||||&#8221; button_icon=&#8221;%%41%%&#8221; button_icon_color=&#8221;#ffffff&#8221; button_icon_placement=&#8221;left&#8221; button_on_hover=&#8221;off&#8221;][\/et_pb_button][et_pb_text _builder_version=&#8221;4.7.6&#8243; _module_preset=&#8221;default&#8221; background_color=&#8221;#000000&#8243;] Ceylan Mutlu, (1956 \u2013Kayseri) 1976\u2019da USA\/Maryland &#8211; Montgomery College &#8211; Graphical Design B\u00f6l\u00fcm\u00fcn\u00fc bitirdi.1976-77\u2019de \u0130stanbul Sanayi Odas\u0131 Sergi ve Enformasyon Merkezi\u2019nde grafiker [&hellip;]<\/p>\n","protected":false},"author":9,"featured_media":0,"parent":0,"menu_order":0,"comment_status":"closed","ping_status":"closed","template":"","meta":{"_et_pb_use_builder":"on","_et_pb_old_content":"","_et_gb_content_width":"","spay_email":""},"jetpack_sharing_enabled":true,"jetpack_likes_enabled":true,"_links":{"self":[{"href":"https:\/\/gsfsergi.ebyu.edu.tr\/index.php?rest_route=\/wp\/v2\/pages\/2630"}],"collection":[{"href":"https:\/\/gsfsergi.ebyu.edu.tr\/index.php?rest_route=\/wp\/v2\/pages"}],"about":[{"href":"https:\/\/gsfsergi.ebyu.edu.tr\/index.php?rest_route=\/wp\/v2\/types\/page"}],"author":[{"embeddable":true,"href":"https:\/\/gsfsergi.ebyu.edu.tr\/index.php?rest_route=\/wp\/v2\/users\/9"}],"replies":[{"embeddable":true,"href":"https:\/\/gsfsergi.ebyu.edu.tr\/index.php?rest_route=%2Fwp%2Fv2%2Fcomments&post=2630"}],"version-history":[{"count":5,"href":"https:\/\/gsfsergi.ebyu.edu.tr\/index.php?rest_route=\/wp\/v2\/pages\/2630\/revisions"}],"predecessor-version":[{"id":3838,"href":"https:\/\/gsfsergi.ebyu.edu.tr\/index.php?rest_route=\/wp\/v2\/pages\/2630\/revisions\/3838"}],"wp:attachment":[{"href":"https:\/\/gsfsergi.ebyu.edu.tr\/index.php?rest_route=%2Fwp%2Fv2%2Fmedia&parent=2630"}],"curies":[{"name":"wp","href":"https:\/\/api.w.org\/{rel}","templated":true}]}}