{"id":2596,"date":"2020-12-12T19:32:49","date_gmt":"2020-12-12T16:32:49","guid":{"rendered":"https:\/\/gsfsergi.ebyu.edu.tr\/?page_id=2596"},"modified":"2020-12-17T15:55:34","modified_gmt":"2020-12-17T12:55:34","slug":"devabil-kara-hakkinda","status":"publish","type":"page","link":"https:\/\/gsfsergi.ebyu.edu.tr\/?page_id=2596","title":{"rendered":"Devabil Kara Hakk\u0131nda"},"content":{"rendered":"<p>[et_pb_section fb_built=&#8221;1&#8243; _builder_version=&#8221;4.7.5&#8243; _module_preset=&#8221;default&#8221; background_color=&#8221;#000000&#8243;][et_pb_row column_structure=&#8221;1_2,1_2&#8243; _builder_version=&#8221;4.7.5&#8243; _module_preset=&#8221;default&#8221; background_color=&#8221;#000000&#8243;][et_pb_column type=&#8221;1_2&#8243; _builder_version=&#8221;4.7.5&#8243; _module_preset=&#8221;default&#8221;][et_pb_button button_url=&#8221;@ET-DC@eyJkeW5hbWljIjp0cnVlLCJjb250ZW50IjoicG9zdF9saW5rX3VybF9wYWdlIiwic2V0dGluZ3MiOnsicG9zdF9pZCI6IjI0NDAifX0=@&#8221; button_text=&#8221;Mektup ve Esere Geri D\u00f6n&#8221; _builder_version=&#8221;4.7.6&#8243; _dynamic_attributes=&#8221;button_url&#8221; _module_preset=&#8221;default&#8221; custom_button=&#8221;on&#8221; button_bg_color=&#8221;#000000&#8243; button_border_color=&#8221;#000000&#8243; button_font=&#8221;Indie Flower||||||||&#8221; button_icon=&#8221;%%41%%&#8221; button_icon_color=&#8221;#ffffff&#8221; button_icon_placement=&#8221;left&#8221; button_on_hover=&#8221;off&#8221;][\/et_pb_button][et_pb_text _builder_version=&#8221;4.7.6&#8243; _module_preset=&#8221;default&#8221; background_color=&#8221;#000000&#8243;]<\/p>\n<p><span style=\"color: #ffffff; font-size: 18pt;\">Devabil Kara,<\/span><\/p>\n<p><span style=\"color: #ffffff; font-size: 14pt;\"><em>-86<\/em>\u00a0Marmara \u00dcniversitesi G\u00fczel Sanatlar Fak\u00fcltesi Resim B\u00f6l\u00fcm\u00fc\u2019nden mezun oldu.<\/span><\/p>\n<p><span style=\"color: #ffffff; font-size: 14pt;\">Marmara \u00dcniversitesi G\u00fczel Sanatlar Fak\u00fcltesi Resim B\u00f6l\u00fcm\u00fc\u2019ne Ara\u015ft\u0131rma G\u00f6revlisi olarak atand\u0131.<\/span><\/p>\n<p><span style=\"color: #ffffff; font-size: 14pt;\">Marmara \u00dcniversitesi Sosyal Bilimler Enstit\u00fcs\u00fc\u2019nde, \u2018Sanat\u00e7\u0131 Ki\u015fili\u011finde Psikolojik Alg\u0131\u2019adl\u0131 Sanatta Yeterlik tezini verdi.<\/span><\/p>\n<p><span style=\"color: #ffffff; font-size: 14pt;\">Halen Marmara \u00dcniversitesi G\u00fczel Sanatlar Fak\u00fcltesi Resim B\u00f6l\u00fcm\u00fc\u2019nde\u00a0 \u00d6\u011fretim \u00dcyesi olarak \u00e7al\u0131\u015fmaktad\u0131r.<\/span><\/p>\n<p><span style=\"color: #ffffff; font-size: 14pt;\"><em><strong>\u00d6d\u00fcller<\/strong><\/em><\/span><\/p>\n<p><span style=\"color: #ffffff; font-size: 14pt;\">Ulusal Egemenlik Haftas\u0131 \u2018Ulusal Egemenlik\u2019 konulu resim yar\u0131\u015fmas\u0131, \u00d6vg\u00fc \u00d6d\u00fcl\u00fc, \u0130stanbul<\/span><\/p>\n<p><span style=\"color: #ffffff; font-size: 14pt;\">DYO Resim Yar\u0131\u015fmas\u0131, \u00d6d\u00fcl, \u0130zmir<\/span><\/p>\n<p><span style=\"color: #ffffff; font-size: 14pt;\">G\u00fclhane Etkinlikleri \u2018Sanat ve El Sanatlar\u0131 Festivali\u2019 \u00d6zg\u00fcn Bask\u0131 Resim Yar\u0131\u015fmas\u0131, Mansiyon, \u0130stanbul<\/span><\/p>\n<p><span style=\"color: #ffffff; font-size: 14pt;\"><em>1988<\/em>\u00a0 L\u00fcleta\u015f\u0131 \u2018Beyaz Alt\u0131n\u2019Resim Yar\u0131\u015fmas\u0131, \u00d6d\u00fcl, Eski\u015fehir<\/span><\/p>\n<p><span style=\"color: #ffffff; font-size: 14pt;\"><em>1989\u00a0\u00a0<\/em>23.DYO Resim Yar\u0131\u015fmas\u0131, Mansiyon, \u0130zmir<\/span><\/p>\n<p><span style=\"color: #ffffff; font-size: 14pt;\"><em>1989<\/em>\u00a0 TC.K\u00fclt\u00fcr Bakanl\u0131\u011f\u0131 50.Devlet Resim Yar\u0131\u015fmas\u0131,2.\u00d6d\u00fcl,Ankara<\/span><\/p>\n<p><span style=\"color: #ffffff; font-size: 14pt;\"><em>1989<\/em>\u00a0 TC.K\u00fclt\u00fcr Bakanl\u0131\u011f\u0131 50.Devlet \u00d6zg\u00fcn Bask\u0131 Resim Yar\u0131\u015fmas\u0131,2. \u00d6d\u00fcl,Ankara<\/span><\/p>\n<p><span style=\"color: #ffffff; font-size: 14pt;\"><em>1990<\/em>\u00a0 T\u00fcrkiye Jokey Kul\u00fcb\u00fc 2.Resim Yar\u0131\u015fmas\u0131,Mansiyon,\u0130stanbul<\/span><\/p>\n<p><span style=\"color: #ffffff; font-size: 14pt;\"><em>1990<\/em>\u00a0 \u00c7a\u011fda\u015f T\u00fcrk Resim Yar\u0131\u015fmas\u0131, Mansiyon, \u0130stanbul<\/span><\/p>\n<p><span style=\"color: #ffffff; font-size: 14pt;\"><em>1993<\/em>\u00a0 Adana \u00c7imento Sanayii 4.Resim Yar\u0131\u015fmas\u0131, Mansiyon, Adana<\/span><\/p>\n<p><span style=\"color: #ffffff; font-size: 14pt;\"><em>1993<\/em>\u00a0 ESBANK 10.Yunus Emre Resim Yar\u0131\u015fmas\u0131, \u00d6d\u00fcl, Eski\u015fehir<\/span><\/p>\n<p><span style=\"color: #ffffff; font-size: 14pt;\">Devlet \u00d6zg\u00fcn Bask\u0131 Resim Yar\u0131\u015fmas\u0131, \u00d6d\u00fcl, Ankara<\/span><\/p>\n<p><span style=\"color: #ffffff; font-size: 14pt;\">2001 5.T\u00fcrkiye Jokey Kulubu Resim Yar\u0131\u015fmas\u0131, \u0131\u0131.\u00d6d\u00fcl, \u0130stanbul<\/span><\/p>\n<p><span style=\"color: #ffffff; font-size: 14pt;\">28 Mart 2007 Y\u0131lba\u015f\u0131 Konsept Tasar\u0131m Yar\u0131\u015fmas\u0131 1.lik \u00f6d\u00fcl\u00fc, Birle\u015fmi\u015f Markalar Derne\u011fi,\u0130stanbul<\/span><\/p>\n<p><span style=\"color: #ffffff; font-size: 14pt;\"><em><strong>Ald\u0131\u011f\u0131 Burslar<\/strong><\/em><\/span><\/p>\n<p><span style=\"color: #ffffff; font-size: 14pt;\">Uluslararas\u0131 Salzburg G\u00fczel Sanatlar Yaz Akademisi,Litografi s\u0131n\u0131f\u0131 bursu,Salzburg\/Avusturya<\/span><\/p>\n<p>&nbsp;<\/p>\n<p>[\/et_pb_text][\/et_pb_column][et_pb_column type=&#8221;1_2&#8243; _builder_version=&#8221;4.7.5&#8243; _module_preset=&#8221;default&#8221;][et_pb_image src=&#8221;https:\/\/gsfsergi.ebyu.edu.tr\/wp-content\/uploads\/2020\/12\/6628CD890AD64F2DAF6C506C82F58E25.jpg&#8221; title_text=&#8221;6628CD890AD64F2DAF6C506C82F58E25&#8243; align=&#8221;center&#8221; _builder_version=&#8221;4.7.6&#8243; _module_preset=&#8221;default&#8221; hover_enabled=&#8221;0&#8243; sticky_enabled=&#8221;0&#8243;][\/et_pb_image][\/et_pb_column][\/et_pb_row][\/et_pb_section]<\/p>\n","protected":false},"excerpt":{"rendered":"<p>[et_pb_section fb_built=&#8221;1&#8243; _builder_version=&#8221;4.7.5&#8243; _module_preset=&#8221;default&#8221; background_color=&#8221;#000000&#8243;][et_pb_row column_structure=&#8221;1_2,1_2&#8243; _builder_version=&#8221;4.7.5&#8243; _module_preset=&#8221;default&#8221; background_color=&#8221;#000000&#8243;][et_pb_column type=&#8221;1_2&#8243; _builder_version=&#8221;4.7.5&#8243; _module_preset=&#8221;default&#8221;][et_pb_button button_url=&#8221;@ET-DC@eyJkeW5hbWljIjp0cnVlLCJjb250ZW50IjoicG9zdF9saW5rX3VybF9wYWdlIiwic2V0dGluZ3MiOnsicG9zdF9pZCI6IjI0NDAifX0=@&#8221; button_text=&#8221;Mektup ve Esere Geri D\u00f6n&#8221; _builder_version=&#8221;4.7.6&#8243; _dynamic_attributes=&#8221;button_url&#8221; _module_preset=&#8221;default&#8221; custom_button=&#8221;on&#8221; button_bg_color=&#8221;#000000&#8243; button_border_color=&#8221;#000000&#8243; button_font=&#8221;Indie Flower||||||||&#8221; button_icon=&#8221;%%41%%&#8221; button_icon_color=&#8221;#ffffff&#8221; button_icon_placement=&#8221;left&#8221; button_on_hover=&#8221;off&#8221;][\/et_pb_button][et_pb_text _builder_version=&#8221;4.7.6&#8243; _module_preset=&#8221;default&#8221; background_color=&#8221;#000000&#8243;] Devabil Kara, -86\u00a0Marmara \u00dcniversitesi G\u00fczel Sanatlar Fak\u00fcltesi Resim B\u00f6l\u00fcm\u00fc\u2019nden mezun oldu. Marmara \u00dcniversitesi G\u00fczel Sanatlar Fak\u00fcltesi Resim B\u00f6l\u00fcm\u00fc\u2019ne Ara\u015ft\u0131rma G\u00f6revlisi olarak atand\u0131. [&hellip;]<\/p>\n","protected":false},"author":9,"featured_media":0,"parent":0,"menu_order":0,"comment_status":"closed","ping_status":"closed","template":"","meta":{"_et_pb_use_builder":"on","_et_pb_old_content":"","_et_gb_content_width":"","spay_email":""},"jetpack_sharing_enabled":true,"jetpack_likes_enabled":true,"_links":{"self":[{"href":"https:\/\/gsfsergi.ebyu.edu.tr\/index.php?rest_route=\/wp\/v2\/pages\/2596"}],"collection":[{"href":"https:\/\/gsfsergi.ebyu.edu.tr\/index.php?rest_route=\/wp\/v2\/pages"}],"about":[{"href":"https:\/\/gsfsergi.ebyu.edu.tr\/index.php?rest_route=\/wp\/v2\/types\/page"}],"author":[{"embeddable":true,"href":"https:\/\/gsfsergi.ebyu.edu.tr\/index.php?rest_route=\/wp\/v2\/users\/9"}],"replies":[{"embeddable":true,"href":"https:\/\/gsfsergi.ebyu.edu.tr\/index.php?rest_route=%2Fwp%2Fv2%2Fcomments&post=2596"}],"version-history":[{"count":5,"href":"https:\/\/gsfsergi.ebyu.edu.tr\/index.php?rest_route=\/wp\/v2\/pages\/2596\/revisions"}],"predecessor-version":[{"id":3839,"href":"https:\/\/gsfsergi.ebyu.edu.tr\/index.php?rest_route=\/wp\/v2\/pages\/2596\/revisions\/3839"}],"wp:attachment":[{"href":"https:\/\/gsfsergi.ebyu.edu.tr\/index.php?rest_route=%2Fwp%2Fv2%2Fmedia&parent=2596"}],"curies":[{"name":"wp","href":"https:\/\/api.w.org\/{rel}","templated":true}]}}