{"id":2588,"date":"2020-12-12T19:30:40","date_gmt":"2020-12-12T16:30:40","guid":{"rendered":"https:\/\/gsfsergi.ebyu.edu.tr\/?page_id=2588"},"modified":"2020-12-17T16:09:26","modified_gmt":"2020-12-17T13:09:26","slug":"hatice-dogan-2","status":"publish","type":"page","link":"https:\/\/gsfsergi.ebyu.edu.tr\/?page_id=2588","title":{"rendered":"Hatice Do\u011fan Hakk\u0131nda"},"content":{"rendered":"<p>[et_pb_section fb_built=&#8221;1&#8243; _builder_version=&#8221;4.7.5&#8243; _module_preset=&#8221;default&#8221; background_color=&#8221;#000000&#8243;][et_pb_row column_structure=&#8221;1_2,1_2&#8243; _builder_version=&#8221;4.7.5&#8243; _module_preset=&#8221;default&#8221; background_color=&#8221;#000000&#8243;][et_pb_column type=&#8221;1_2&#8243; _builder_version=&#8221;4.7.5&#8243; _module_preset=&#8221;default&#8221;][et_pb_button button_url=&#8221;@ET-DC@eyJkeW5hbWljIjp0cnVlLCJjb250ZW50IjoicG9zdF9saW5rX3VybF9wYWdlIiwic2V0dGluZ3MiOnsicG9zdF9pZCI6IjI0MzMifX0=@&#8221; button_text=&#8221;Mektup ve Esere Geri D\u00f6n&#8221; _builder_version=&#8221;4.7.6&#8243; _dynamic_attributes=&#8221;button_url&#8221; _module_preset=&#8221;default&#8221; custom_button=&#8221;on&#8221; button_bg_color=&#8221;#000000&#8243; button_border_color=&#8221;#000000&#8243; button_font=&#8221;Indie Flower||||||||&#8221; button_icon=&#8221;%%41%%&#8221; button_icon_color=&#8221;#ffffff&#8221; button_icon_placement=&#8221;left&#8221; button_on_hover=&#8221;off&#8221;][\/et_pb_button][et_pb_text _builder_version=&#8221;4.7.6&#8243; _module_preset=&#8221;default&#8221; background_color=&#8221;#000000&#8243;]<\/p>\n<p><span style=\"color: #ffffff; font-size: 18pt;\">Hatice Do\u011fan,<\/span><\/p>\n<p><span style=\"color: #ffffff; font-size: 14pt;\">1980 \u00a0y\u0131l\u0131nda \u00a0Erzurum\u2019 da do\u011fdu, 2000\u00a0 \u00a0y\u0131l\u0131nda Erzurum Atat\u00fcrk \u00dcniversitesi Fen<\/span><br \/><span style=\"color: #ffffff; font-size: 14pt;\">Edebiyat Fak\u00fcltesi Biyoloji B\u00f6l\u00fcm\u00fc\u2019 nden mezun oldu.\u00a02012 y\u0131l\u0131nda\u00a0 \u00a0Erzurum Atat\u00fcrk<\/span><br \/><span style=\"color: #ffffff; font-size: 14pt;\">\u00dcniversitesi G\u00fczel Sanatlar Fak\u00fcltesi Resim B\u00f6l\u00fcm\u00fc\u2019nden mezun oldu.2013\u00a0 \u00a0y\u0131l\u0131nda<\/span><br \/><span style=\"color: #ffffff; font-size: 14pt;\">\u00a0\u00a0Erzurum Atat\u00fcrk \u00dcniversitesi G\u00fczel Sanatlar Fak\u00fcltesi Resim B\u00f6l\u00fcm\u00fc\u2019nde Ara\u015ft\u0131rma<\/span><br \/><span style=\"color: #ffffff; font-size: 14pt;\">G\u00f6revlisi olarak g\u00f6reve ba\u015flad\u0131. 2014\u00a0\u00a0 y\u0131l\u0131nda \u00a0\u00a0Erzurum Atat\u00fcrk \u00dcniversitesi Sosyal Bilimler<\/span><br \/><span style=\"color: #ffffff; font-size: 14pt;\">Enstit\u00fcs\u00fc Resim ana sanat dal\u0131nda y\u00fcksek lisans e\u011fitimini, 2018 y\u0131l\u0131nda Atat\u00fcrk \u00dcniversitesi<\/span><br \/><span style=\"color: #ffffff; font-size: 14pt;\">G\u00fczel Sanatlar Enstit\u00fcs\u00fc Resim ana sanat dal\u0131nda sanatta yeterlik e\u011fitimini tamamlam\u0131\u015ft\u0131r.<\/span><br \/><span style=\"color: #ffffff; font-size: 14pt;\">Halen Erzurum Atat\u00fcrk \u00dcniversitesi G\u00fczel Sanatlar Fak\u00fcltesi Resim B\u00f6l\u00fcm\u00fc\u2019nde \u00f6\u011fretim<\/span><br \/><span style=\"color: #ffffff; font-size: 14pt;\">\u00fcyesi olarak g\u00f6revine devam etmektedir.<\/span><\/p>\n<p>&nbsp;<\/p>\n<p>[\/et_pb_text][\/et_pb_column][et_pb_column type=&#8221;1_2&#8243; _builder_version=&#8221;4.7.5&#8243; _module_preset=&#8221;default&#8221;][et_pb_image src=&#8221;https:\/\/gsfsergi.ebyu.edu.tr\/wp-content\/uploads\/2020\/12\/4343927FC9A646D5B6708918F25D602D.jpg&#8221; title_text=&#8221;4343927FC9A646D5B6708918F25D602D&#8221; align=&#8221;center&#8221; _builder_version=&#8221;4.7.6&#8243; _module_preset=&#8221;default&#8221; hover_enabled=&#8221;0&#8243; sticky_enabled=&#8221;0&#8243;][\/et_pb_image][\/et_pb_column][\/et_pb_row][\/et_pb_section]<\/p>\n","protected":false},"excerpt":{"rendered":"<p>[et_pb_section fb_built=&#8221;1&#8243; _builder_version=&#8221;4.7.5&#8243; _module_preset=&#8221;default&#8221; background_color=&#8221;#000000&#8243;][et_pb_row column_structure=&#8221;1_2,1_2&#8243; _builder_version=&#8221;4.7.5&#8243; _module_preset=&#8221;default&#8221; background_color=&#8221;#000000&#8243;][et_pb_column type=&#8221;1_2&#8243; _builder_version=&#8221;4.7.5&#8243; _module_preset=&#8221;default&#8221;][et_pb_button button_url=&#8221;@ET-DC@eyJkeW5hbWljIjp0cnVlLCJjb250ZW50IjoicG9zdF9saW5rX3VybF9wYWdlIiwic2V0dGluZ3MiOnsicG9zdF9pZCI6IjI0MzMifX0=@&#8221; button_text=&#8221;Mektup ve Esere Geri D\u00f6n&#8221; _builder_version=&#8221;4.7.6&#8243; _dynamic_attributes=&#8221;button_url&#8221; _module_preset=&#8221;default&#8221; custom_button=&#8221;on&#8221; button_bg_color=&#8221;#000000&#8243; button_border_color=&#8221;#000000&#8243; button_font=&#8221;Indie Flower||||||||&#8221; button_icon=&#8221;%%41%%&#8221; button_icon_color=&#8221;#ffffff&#8221; button_icon_placement=&#8221;left&#8221; button_on_hover=&#8221;off&#8221;][\/et_pb_button][et_pb_text _builder_version=&#8221;4.7.6&#8243; _module_preset=&#8221;default&#8221; background_color=&#8221;#000000&#8243;] Hatice Do\u011fan, 1980 \u00a0y\u0131l\u0131nda \u00a0Erzurum\u2019 da do\u011fdu, 2000\u00a0 \u00a0y\u0131l\u0131nda Erzurum Atat\u00fcrk \u00dcniversitesi FenEdebiyat Fak\u00fcltesi Biyoloji B\u00f6l\u00fcm\u00fc\u2019 nden mezun oldu.\u00a02012 y\u0131l\u0131nda\u00a0 \u00a0Erzurum Atat\u00fcrk\u00dcniversitesi [&hellip;]<\/p>\n","protected":false},"author":9,"featured_media":0,"parent":0,"menu_order":0,"comment_status":"closed","ping_status":"closed","template":"","meta":{"_et_pb_use_builder":"on","_et_pb_old_content":"","_et_gb_content_width":"","spay_email":""},"jetpack_sharing_enabled":true,"jetpack_likes_enabled":true,"_links":{"self":[{"href":"https:\/\/gsfsergi.ebyu.edu.tr\/index.php?rest_route=\/wp\/v2\/pages\/2588"}],"collection":[{"href":"https:\/\/gsfsergi.ebyu.edu.tr\/index.php?rest_route=\/wp\/v2\/pages"}],"about":[{"href":"https:\/\/gsfsergi.ebyu.edu.tr\/index.php?rest_route=\/wp\/v2\/types\/page"}],"author":[{"embeddable":true,"href":"https:\/\/gsfsergi.ebyu.edu.tr\/index.php?rest_route=\/wp\/v2\/users\/9"}],"replies":[{"embeddable":true,"href":"https:\/\/gsfsergi.ebyu.edu.tr\/index.php?rest_route=%2Fwp%2Fv2%2Fcomments&post=2588"}],"version-history":[{"count":6,"href":"https:\/\/gsfsergi.ebyu.edu.tr\/index.php?rest_route=\/wp\/v2\/pages\/2588\/revisions"}],"predecessor-version":[{"id":3855,"href":"https:\/\/gsfsergi.ebyu.edu.tr\/index.php?rest_route=\/wp\/v2\/pages\/2588\/revisions\/3855"}],"wp:attachment":[{"href":"https:\/\/gsfsergi.ebyu.edu.tr\/index.php?rest_route=%2Fwp%2Fv2%2Fmedia&parent=2588"}],"curies":[{"name":"wp","href":"https:\/\/api.w.org\/{rel}","templated":true}]}}