{"id":2552,"date":"2020-12-12T19:12:58","date_gmt":"2020-12-12T16:12:58","guid":{"rendered":"https:\/\/gsfsergi.ebyu.edu.tr\/?page_id=2552"},"modified":"2020-12-15T12:28:49","modified_gmt":"2020-12-15T09:28:49","slug":"nilufer-alsaran","status":"publish","type":"page","link":"https:\/\/gsfsergi.ebyu.edu.tr\/?page_id=2552","title":{"rendered":"Nil\u00fcfer Alsaran"},"content":{"rendered":"<p>[et_pb_section fb_built=&#8221;1&#8243; _builder_version=&#8221;4.7.5&#8243; _module_preset=&#8221;default&#8221; background_color=&#8221;#000000&#8243;][et_pb_row column_structure=&#8221;1_2,1_2&#8243; _builder_version=&#8221;4.7.5&#8243; _module_preset=&#8221;default&#8221; background_color=&#8221;#000000&#8243;][et_pb_column type=&#8221;1_2&#8243; _builder_version=&#8221;4.6.6&#8243; _module_preset=&#8221;default&#8221;][et_pb_text _builder_version=&#8221;4.7.6&#8243; _module_preset=&#8221;default&#8221; hover_enabled=&#8221;0&#8243; sticky_enabled=&#8221;0&#8243;]<\/p>\n<p>&nbsp;<\/p>\n<p>&nbsp;<\/p>\n<p><span style=\"color: #ffffff; font-size: 14pt;\">D\u00fcn, bug\u00fcn, yar\u0131n, ya\u015fad\u0131\u011f\u0131m\u0131z y\u00fczy\u0131l ve belki hepsi sadece bir g\u00fcn\u2026 hep yeniye ko\u015ftu\u011fumuz, arad\u0131\u011f\u0131m\u0131z bir g\u00fcn.<\/span><\/p>\n<p><span style=\"color: #ffffff; font-size: 14pt;\">\u00a0\u00a0\u00a0\u00a0\u00a0\u00a0\u00a0\u00a0\u00a0\u00a0\u00a0 Her \u015feyi s\u0131k\u0131\u015ft\u0131r\u0131p bir g\u00fcne, yeniye olan istekle bir an i\u00e7inde ya\u015famak\u2026 hepsi i\u00e7erisinde yeni bir y\u0131la ba\u015flamak fakat ya\u015fanmak istenmeyen ve ge\u00e7mesi beklenen yeni bir y\u0131l 2020.<\/span><\/p>\n<p><span style=\"color: #ffffff; font-size: 14pt;\">\u00a0\u00a0\u00a0\u00a0\u00a0\u00a0\u00a0\u00a0\u00a0\u00a0\u00a0 Yap\u0131lacak ve yap\u0131lmak istenecek her yeni \u015fey i\u00e7in yeni bir kap\u0131 a\u00e7an bir y\u0131l, her ne kadar bir d\u00fcnya yenilik olsa da, gelse de, yerle\u015fse de, art\u0131k istenmeyen bir yenilik\u2026<\/span><\/p>\n<p><span style=\"color: #ffffff; font-size: 14pt;\">\u00a0\u00a0\u00a0\u00a0\u00a0\u00a0\u00a0\u00a0\u00a0\u00a0\u00a0 Ge\u00e7mesi beklenen, unutulmas\u0131 i\u00e7in g\u00fcn sayd\u0131ran yeni y\u0131l\u0131n getirdi\u011fi\u2026 belki bir zorunluluk, belki bir k\u0131s\u0131tlamayla gelen, belki bir korku, belki bir \u00f6fkeyle, belki bir uzakla\u015fmayla b\u00fcy\u00fcyen, ko\u015fan bir y\u0131l.<\/span><\/p>\n<p><span style=\"color: #ffffff; font-size: 14pt;\">\u00a0\u00a0\u00a0\u00a0\u00a0\u00a0\u00a0\u00a0\u00a0\u00a0\u00a0 Ve 25 ya\u015f\u0131m, kay\u0131p sayabilece\u011fim\u2026 Sevdiklerimden uzak, korku ve endi\u015fe dolu. Yeni bir y\u0131l, beraberinde b\u00fcy\u00fck sorumluluklar\u0131, topluma, aileme, bana, bize, d\u00fcnyaya, vicdan, merhamet, korku, \u00f6l\u00fcm, ac\u0131 ve feragat duygular\u0131n\u0131 derinden ya\u015fatan bir y\u0131l. Ve art\u0131k t\u00fcm d\u00fcnya i\u00e7in umut; t\u0131pk\u0131 gelmesi beklenilen bir \u015feyin di\u011fer t\u00fcm \u015feylere bask\u0131n olmas\u0131 gibi, yeni bir yeniyi beklemek..<\/span><\/p>\n<p>[\/et_pb_text][\/et_pb_column][et_pb_column type=&#8221;1_2&#8243; _builder_version=&#8221;4.6.6&#8243; _module_preset=&#8221;default&#8221;][et_pb_image src=&#8221;https:\/\/gsfsergi.ebyu.edu.tr\/wp-content\/uploads\/2020\/12\/NiluferAlsaran.jpg&#8221; title_text=&#8221;Nil\u00fcferAlsaran&#8221; show_in_lightbox=&#8221;on&#8221; _builder_version=&#8221;4.7.6&#8243; _module_preset=&#8221;default&#8221; custom_padding=&#8221;81px|||||&#8221;][\/et_pb_image][et_pb_text _builder_version=&#8221;4.7.6&#8243; _module_preset=&#8221;default&#8221;]<\/p>\n<p><span style=\"color: #ffffff;\">Nil\u00fcfer Alsaran<\/span><br \/><span style=\"color: #ffffff;\">\u201cD\u0130G\u0130PUL\u201d<\/span><br \/><span style=\"color: #ffffff;\">2020<\/span><br \/><span style=\"color: #ffffff;\">De\u011fi\u015fen Boyutlarda<\/span><br \/><span style=\"color: #ffffff;\">Dijital d\u00fczenleme..<\/span><\/p>\n<p>[\/et_pb_text][et_pb_button button_url=&#8221;@ET-DC@eyJkeW5hbWljIjp0cnVlLCJjb250ZW50IjoicG9zdF9saW5rX3VybF9wYWdlIiwic2V0dGluZ3MiOnsicG9zdF9pZCI6IjI3MzEifX0=@&#8221; button_text=&#8221;Nil\u00fcfer Alsaran Hakk\u0131nda&#8221; button_alignment=&#8221;left&#8221; _builder_version=&#8221;4.7.6&#8243; _dynamic_attributes=&#8221;button_url&#8221; _module_preset=&#8221;default&#8221; custom_button=&#8221;on&#8221; button_text_size=&#8221;24px&#8221; button_text_color=&#8221;#ffffff&#8221; button_bg_color=&#8221;#000000&#8243; button_border_width=&#8221;4px&#8221; button_border_color=&#8221;#000000&#8243; button_font=&#8221;Indie Flower||||||||&#8221; button_icon=&#8221;%%258%%&#8221; button_icon_color=&#8221;#ffffff&#8221; button_icon_placement=&#8221;left&#8221; button_on_hover=&#8221;off&#8221; custom_margin=&#8221;||-2px|||&#8221;][\/et_pb_button][et_pb_button button_url=&#8221;@ET-DC@eyJkeW5hbWljIjp0cnVlLCJjb250ZW50IjoicG9zdF9saW5rX3VybF9wYWdlIiwic2V0dGluZ3MiOnsicG9zdF9pZCI6IjYwNSJ9fQ==@&#8221; button_text=&#8221;Sergiye Geri D\u00f6n&#8221; button_alignment=&#8221;left&#8221; _builder_version=&#8221;4.7.5&#8243; _dynamic_attributes=&#8221;button_url&#8221; _module_preset=&#8221;default&#8221; custom_button=&#8221;on&#8221; button_text_size=&#8221;24px&#8221; button_text_color=&#8221;#ffffff&#8221; button_bg_color=&#8221;#000000&#8243; button_border_width=&#8221;4px&#8221; button_border_color=&#8221;#000000&#8243; button_font=&#8221;Indie Flower||||||||&#8221; button_icon=&#8221;%%41%%&#8221; button_icon_color=&#8221;#ffffff&#8221; button_icon_placement=&#8221;left&#8221; button_on_hover=&#8221;off&#8221;][\/et_pb_button][\/et_pb_column][\/et_pb_row][\/et_pb_section]<\/p>\n","protected":false},"excerpt":{"rendered":"<p>[et_pb_section fb_built=&#8221;1&#8243; _builder_version=&#8221;4.7.5&#8243; _module_preset=&#8221;default&#8221; background_color=&#8221;#000000&#8243;][et_pb_row column_structure=&#8221;1_2,1_2&#8243; _builder_version=&#8221;4.7.5&#8243; _module_preset=&#8221;default&#8221; background_color=&#8221;#000000&#8243;][et_pb_column type=&#8221;1_2&#8243; _builder_version=&#8221;4.6.6&#8243; _module_preset=&#8221;default&#8221;][et_pb_text _builder_version=&#8221;4.7.6&#8243; _module_preset=&#8221;default&#8221; hover_enabled=&#8221;0&#8243; sticky_enabled=&#8221;0&#8243;] &nbsp; &nbsp; D\u00fcn, bug\u00fcn, yar\u0131n, ya\u015fad\u0131\u011f\u0131m\u0131z y\u00fczy\u0131l ve belki hepsi sadece bir g\u00fcn\u2026 hep yeniye ko\u015ftu\u011fumuz, arad\u0131\u011f\u0131m\u0131z bir g\u00fcn. \u00a0\u00a0\u00a0\u00a0\u00a0\u00a0\u00a0\u00a0\u00a0\u00a0\u00a0 Her \u015feyi s\u0131k\u0131\u015ft\u0131r\u0131p bir g\u00fcne, yeniye olan istekle bir an i\u00e7inde ya\u015famak\u2026 hepsi i\u00e7erisinde yeni bir y\u0131la ba\u015flamak fakat [&hellip;]<\/p>\n","protected":false},"author":9,"featured_media":0,"parent":0,"menu_order":0,"comment_status":"closed","ping_status":"closed","template":"","meta":{"_et_pb_use_builder":"on","_et_pb_old_content":"","_et_gb_content_width":"","spay_email":""},"jetpack_sharing_enabled":true,"jetpack_likes_enabled":true,"_links":{"self":[{"href":"https:\/\/gsfsergi.ebyu.edu.tr\/index.php?rest_route=\/wp\/v2\/pages\/2552"}],"collection":[{"href":"https:\/\/gsfsergi.ebyu.edu.tr\/index.php?rest_route=\/wp\/v2\/pages"}],"about":[{"href":"https:\/\/gsfsergi.ebyu.edu.tr\/index.php?rest_route=\/wp\/v2\/types\/page"}],"author":[{"embeddable":true,"href":"https:\/\/gsfsergi.ebyu.edu.tr\/index.php?rest_route=\/wp\/v2\/users\/9"}],"replies":[{"embeddable":true,"href":"https:\/\/gsfsergi.ebyu.edu.tr\/index.php?rest_route=%2Fwp%2Fv2%2Fcomments&post=2552"}],"version-history":[{"count":5,"href":"https:\/\/gsfsergi.ebyu.edu.tr\/index.php?rest_route=\/wp\/v2\/pages\/2552\/revisions"}],"predecessor-version":[{"id":3398,"href":"https:\/\/gsfsergi.ebyu.edu.tr\/index.php?rest_route=\/wp\/v2\/pages\/2552\/revisions\/3398"}],"wp:attachment":[{"href":"https:\/\/gsfsergi.ebyu.edu.tr\/index.php?rest_route=%2Fwp%2Fv2%2Fmedia&parent=2552"}],"curies":[{"name":"wp","href":"https:\/\/api.w.org\/{rel}","templated":true}]}}