{"id":2444,"date":"2020-12-12T18:36:40","date_gmt":"2020-12-12T15:36:40","guid":{"rendered":"https:\/\/gsfsergi.ebyu.edu.tr\/?page_id=2444"},"modified":"2020-12-15T11:42:08","modified_gmt":"2020-12-15T08:42:08","slug":"genco-gulan-2","status":"publish","type":"page","link":"https:\/\/gsfsergi.ebyu.edu.tr\/?page_id=2444","title":{"rendered":"Genco G\u00fclan"},"content":{"rendered":"<p>[et_pb_section fb_built=&#8221;1&#8243; _builder_version=&#8221;4.7.5&#8243; _module_preset=&#8221;default&#8221; background_color=&#8221;#000000&#8243;][et_pb_row column_structure=&#8221;1_2,1_2&#8243; _builder_version=&#8221;4.7.5&#8243; _module_preset=&#8221;default&#8221; background_color=&#8221;#000000&#8243;][et_pb_column type=&#8221;1_2&#8243; _builder_version=&#8221;4.6.6&#8243; _module_preset=&#8221;default&#8221;][et_pb_text _builder_version=&#8221;4.7.6&#8243; _module_preset=&#8221;default&#8221; hover_enabled=&#8221;0&#8243; sticky_enabled=&#8221;0&#8243;]<\/p>\n<p>&nbsp;<\/p>\n<p>&nbsp;<\/p>\n<p><span style=\"font-size: 14pt; color: #ffffff;\"><strong>Titanik Batarken Piyano \u00c7almak<\/strong><\/span><\/p>\n<p><span style=\"font-size: 14pt; color: #ffffff;\">26 Kas\u0131m 2020<\/span><\/p>\n<p><span style=\"font-size: 14pt; color: #ffffff;\">R\u00fczgar serin ama hava g\u00fcne\u015fli\u2026 Bu sat\u0131rlar\u0131 pandeminin tavan yapt\u0131\u011f\u0131 g\u00fcnlerde yaz\u0131yorum. Biz sanat\u00e7\u0131lar, her \u015feye ra\u011fmen i\u015fimize, g\u00fcc\u00fcm\u00fcze devam etmeye \u00e7al\u0131\u015f\u0131yor, elimizden boya, pantolonumuzdan \u00e7amur eksik olmas\u0131n istiyoruz. Biliyoruz ki bu g\u00fcn var\u0131z, yar\u0131n yokuz ama hayat k\u0131sa olsa da sanat uzun: Ars longa vita brevis. Bizden birka\u00e7 bin sene sonra T\u00fcrkiye\u2019de ve D\u00fcnya\u2019da neler olup bitti\u011fini arkeologlar yap\u0131tlar\u0131m\u0131z\u0131n \u00e7\u00f6plerin aras\u0131ndan \u00e7\u0131kan kal\u0131nt\u0131lar\u0131ndan okuyacaklar. Sanat eserlerimiz k\u0131r\u0131klar\u0131 birer mektuba d\u00f6n\u00fc\u015fecekler. Ama ya suyun alt\u0131nda kalanlar?<\/span><\/p>\n<p><span style=\"font-size: 14pt; color: #ffffff;\">Bu mektupta, sizinle as\u0131l payla\u015fmak istedi\u011fim soru; \u2018Titanik batarken piyano \u00e7almak nas\u0131l bir \u015feydir?\u2019 Batmaz denen devasa gemi bat\u0131yor, sular y\u00fckseliyor fakat yan yatm\u0131\u015f balo salonu hala \u0131\u015f\u0131l \u0131\u015f\u0131l ve i\u00e7erden piyano sesi geliyor\u2026 Bu etik bir \u015fey midir? Ya da gerekli midir? Bir s\u00fcredir, t\u00fcm bu olup bitenlerin pat\u0131rt\u0131s\u0131 ve g\u00fcr\u00fclt\u00fcs\u00fc aras\u0131nda kendimi \u015fa\u015fk\u0131n bir piyanist gibi hissetmeye ba\u015flamam neden? Olup bitene direk olarak m\u00fcdahale edemeyen veya etmeyen ama i\u015fini de \u2013her \u015feye ra\u011fmen- d\u00fczg\u00fcn yapmaya \u00e7al\u0131\u015fan \u00fcniformal\u0131 bir nefer. Her sefer bir nefer, Nefertiti ald\u0131 kiti, ya\u011fan tipi tam bir kiki\u2026<\/span><\/p>\n<p><span style=\"color: #ffffff; font-size: 14pt;\">Piyano etik midir? Yani Titanik batarken piyano \u00e7almak yerine ne yap\u0131labilir? Etraftaki yolculara yard\u0131m etmeye \u00e7al\u0131\u015fmak da m\u00fcmk\u00fcn tabi ama filikalar yetersiz, deniz buz gibi, bunu da herkes biliyor. Peki, ne yap\u0131lmal\u0131? Yapaca\u011f\u0131m\u0131z her hangi ba\u015fka bir \u015fey i\u015fe yarar m\u0131? Peki neden piyano? Veyahut neden illaki piyano? Piyano, piyano bacaks\u0131z\u2026 Piyano \u00e7almak d\u0131\u015f\u0131nda bir \u015fans\u0131m\u0131z, imk\u00e2n\u0131m\u0131z, kaderimiz var m\u0131? Hangi par\u00e7a? H\u0131zl\u0131 m\u0131, yava\u015f m\u0131? Bat\u0131nca da, su alt\u0131nda nefesimizi tutup piyano \u00e7almaya devam edebilecek miyiz? Ka\u00e7 saniye? Haydi, art\u0131k, fazla geyi\u011fe yer yok herkes sanal filikalara\u2026<\/span><\/p>\n<p>[\/et_pb_text][\/et_pb_column][et_pb_column type=&#8221;1_2&#8243; _builder_version=&#8221;4.6.6&#8243; _module_preset=&#8221;default&#8221;][et_pb_image src=&#8221;https:\/\/gsfsergi.ebyu.edu.tr\/wp-content\/uploads\/2020\/12\/GencoGulan-scaled.jpg&#8221; title_text=&#8221;GencoG\u00fclan&#8221; show_in_lightbox=&#8221;on&#8221; _builder_version=&#8221;4.7.6&#8243; _module_preset=&#8221;default&#8221; custom_padding=&#8221;81px|||||&#8221;][\/et_pb_image][et_pb_text _builder_version=&#8221;4.7.6&#8243; _module_preset=&#8221;default&#8221;]<\/p>\n<p><span style=\"color: #ffffff;\">Genco G\u00fclan<\/span><br \/><span style=\"color: #ffffff;\">\u201cDoktor\u201d<\/span><br \/><span style=\"color: #ffffff;\">2020<\/span><br \/><span style=\"color: #ffffff;\">Dijital \u00c7izim.<\/span><\/p>\n<p>[\/et_pb_text][et_pb_button button_url=&#8221;@ET-DC@eyJkeW5hbWljIjp0cnVlLCJjb250ZW50IjoicG9zdF9saW5rX3VybF9wYWdlIiwic2V0dGluZ3MiOnsicG9zdF9pZCI6IjI2MDcifX0=@&#8221; button_text=&#8221;Genco G\u00fclan Hakk\u0131nda&#8221; button_alignment=&#8221;left&#8221; _builder_version=&#8221;4.7.6&#8243; _dynamic_attributes=&#8221;button_url&#8221; _module_preset=&#8221;default&#8221; custom_button=&#8221;on&#8221; button_text_size=&#8221;24px&#8221; button_text_color=&#8221;#ffffff&#8221; button_bg_color=&#8221;#000000&#8243; button_border_width=&#8221;4px&#8221; button_border_color=&#8221;#000000&#8243; button_font=&#8221;Indie Flower||||||||&#8221; button_icon=&#8221;%%258%%&#8221; button_icon_color=&#8221;#ffffff&#8221; button_icon_placement=&#8221;left&#8221; button_on_hover=&#8221;off&#8221; custom_margin=&#8221;||-2px|||&#8221;][\/et_pb_button][et_pb_button button_url=&#8221;@ET-DC@eyJkeW5hbWljIjp0cnVlLCJjb250ZW50IjoicG9zdF9saW5rX3VybF9wYWdlIiwic2V0dGluZ3MiOnsicG9zdF9pZCI6IjYwNSJ9fQ==@&#8221; button_text=&#8221;Sergiye Geri D\u00f6n&#8221; button_alignment=&#8221;left&#8221; _builder_version=&#8221;4.7.6&#8243; _dynamic_attributes=&#8221;button_url&#8221; _module_preset=&#8221;default&#8221; custom_button=&#8221;on&#8221; button_text_size=&#8221;24px&#8221; button_text_color=&#8221;#ffffff&#8221; button_bg_color=&#8221;#000000&#8243; button_border_width=&#8221;4px&#8221; button_border_color=&#8221;#000000&#8243; button_font=&#8221;Indie Flower||||||||&#8221; button_icon=&#8221;%%41%%&#8221; button_icon_color=&#8221;#ffffff&#8221; button_icon_placement=&#8221;left&#8221; button_on_hover=&#8221;off&#8221;][\/et_pb_button][\/et_pb_column][\/et_pb_row][\/et_pb_section]<\/p>\n","protected":false},"excerpt":{"rendered":"<p>[et_pb_section fb_built=&#8221;1&#8243; _builder_version=&#8221;4.7.5&#8243; _module_preset=&#8221;default&#8221; background_color=&#8221;#000000&#8243;][et_pb_row column_structure=&#8221;1_2,1_2&#8243; _builder_version=&#8221;4.7.5&#8243; _module_preset=&#8221;default&#8221; background_color=&#8221;#000000&#8243;][et_pb_column type=&#8221;1_2&#8243; _builder_version=&#8221;4.6.6&#8243; _module_preset=&#8221;default&#8221;][et_pb_text _builder_version=&#8221;4.7.6&#8243; _module_preset=&#8221;default&#8221; hover_enabled=&#8221;0&#8243; sticky_enabled=&#8221;0&#8243;] &nbsp; &nbsp; Titanik Batarken Piyano \u00c7almak 26 Kas\u0131m 2020 R\u00fczgar serin ama hava g\u00fcne\u015fli\u2026 Bu sat\u0131rlar\u0131 pandeminin tavan yapt\u0131\u011f\u0131 g\u00fcnlerde yaz\u0131yorum. Biz sanat\u00e7\u0131lar, her \u015feye ra\u011fmen i\u015fimize, g\u00fcc\u00fcm\u00fcze devam etmeye \u00e7al\u0131\u015f\u0131yor, elimizden boya, pantolonumuzdan \u00e7amur eksik olmas\u0131n istiyoruz. Biliyoruz [&hellip;]<\/p>\n","protected":false},"author":9,"featured_media":0,"parent":0,"menu_order":0,"comment_status":"closed","ping_status":"closed","template":"","meta":{"_et_pb_use_builder":"on","_et_pb_old_content":"","_et_gb_content_width":"","spay_email":""},"jetpack_sharing_enabled":true,"jetpack_likes_enabled":true,"_links":{"self":[{"href":"https:\/\/gsfsergi.ebyu.edu.tr\/index.php?rest_route=\/wp\/v2\/pages\/2444"}],"collection":[{"href":"https:\/\/gsfsergi.ebyu.edu.tr\/index.php?rest_route=\/wp\/v2\/pages"}],"about":[{"href":"https:\/\/gsfsergi.ebyu.edu.tr\/index.php?rest_route=\/wp\/v2\/types\/page"}],"author":[{"embeddable":true,"href":"https:\/\/gsfsergi.ebyu.edu.tr\/index.php?rest_route=\/wp\/v2\/users\/9"}],"replies":[{"embeddable":true,"href":"https:\/\/gsfsergi.ebyu.edu.tr\/index.php?rest_route=%2Fwp%2Fv2%2Fcomments&post=2444"}],"version-history":[{"count":5,"href":"https:\/\/gsfsergi.ebyu.edu.tr\/index.php?rest_route=\/wp\/v2\/pages\/2444\/revisions"}],"predecessor-version":[{"id":3336,"href":"https:\/\/gsfsergi.ebyu.edu.tr\/index.php?rest_route=\/wp\/v2\/pages\/2444\/revisions\/3336"}],"wp:attachment":[{"href":"https:\/\/gsfsergi.ebyu.edu.tr\/index.php?rest_route=%2Fwp%2Fv2%2Fmedia&parent=2444"}],"curies":[{"name":"wp","href":"https:\/\/api.w.org\/{rel}","templated":true}]}}