{"id":2322,"date":"2020-12-11T21:51:22","date_gmt":"2020-12-11T18:51:22","guid":{"rendered":"https:\/\/gsfsergi.ebyu.edu.tr\/?page_id=2322"},"modified":"2020-12-15T15:29:58","modified_gmt":"2020-12-15T12:29:58","slug":"sergi-hakkinda","status":"publish","type":"page","link":"https:\/\/gsfsergi.ebyu.edu.tr\/?page_id=2322","title":{"rendered":"Sergi Hakk\u0131nda"},"content":{"rendered":"<p>[et_pb_section fb_built=&#8221;1&#8243; _builder_version=&#8221;4.7.5&#8243; _module_preset=&#8221;default&#8221; background_color=&#8221;#000000&#8243;][et_pb_row _builder_version=&#8221;4.7.5&#8243; _module_preset=&#8221;default&#8221; background_color=&#8221;#000000&#8243; custom_margin=&#8221;|auto|31px|auto||&#8221; custom_padding=&#8221;64px||10px||false|false&#8221;][et_pb_column type=&#8221;4_4&#8243; _builder_version=&#8221;4.7.5&#8243; _module_preset=&#8221;default&#8221;][et_pb_accordion _builder_version=&#8221;4.7.6&#8243; _module_preset=&#8221;default&#8221; custom_margin=&#8221;|150px||119px||&#8221; hover_enabled=&#8221;0&#8243; sticky_enabled=&#8221;0&#8243;][et_pb_accordion_item title=&#8221;K\u00fcrat\u00f6r&#8221; open=&#8221;on&#8221; open_toggle_text_color=&#8221;#ffffff&#8221; _builder_version=&#8221;4.7.6&#8243; _module_preset=&#8221;default&#8221; background_color=&#8221;#000000&#8243; background_enable_color=&#8221;on&#8221; hover_enabled=&#8221;0&#8243; toggle_text_color=&#8221;#ffffff&#8221; toggle_font=&#8221;Indie Flower||||||||&#8221; sticky_enabled=&#8221;0&#8243;]<\/p>\n<ul style=\"list-style-type: disc; color: #ffffff;\">\n<li><span style=\"font-size: 14pt; color: #ffffff;\">Evren Kavukcu<\/span><\/li>\n<\/ul>\n<p>[\/et_pb_accordion_item][et_pb_accordion_item title=&#8221;Se\u00e7ici Kurul&#8221; open_toggle_text_color=&#8221;#ffffff&#8221; _builder_version=&#8221;4.7.6&#8243; _module_preset=&#8221;default&#8221; background_color=&#8221;#000000&#8243; background_enable_color=&#8221;on&#8221; toggle_text_color=&#8221;#ffffff&#8221; toggle_font=&#8221;Indie Flower||||||||&#8221; open=&#8221;off&#8221;]<\/p>\n<ul style=\"list-style-type: disc; color: #ffffff;\">\n<li><span style=\"font-size: 14pt; color: #ffffff;\">Mehmet Kavukcu<\/span><\/li>\n<li><span style=\"font-size: 14pt; color: #ffffff;\">Devabil Kara<\/span><\/li>\n<li><span style=\"font-size: 14pt; color: #ffffff;\">Melik \u0130skender<\/span><\/li>\n<li><span style=\"font-size: 14pt;\">H\u00fcseyin Avni \u00d6ztop\u00e7u<\/span><\/li>\n<li><span style=\"font-size: 14pt; color: #ffffff;\">Evren Kavukcu<\/span><\/li>\n<li><span style=\"font-size: 14pt; color: #ffffff;\">Ay\u00e7a Alper Ak\u00e7ay<\/span><\/li>\n<\/ul>\n<p>[\/et_pb_accordion_item][et_pb_accordion_item title=&#8221;Sergi D\u00fczenleme&#8221; open_toggle_text_color=&#8221;#ffffff&#8221; _builder_version=&#8221;4.7.5&#8243; _module_preset=&#8221;default&#8221; background_color=&#8221;#000000&#8243; background_enable_color=&#8221;on&#8221; toggle_text_color=&#8221;#ffffff&#8221; toggle_font=&#8221;Indie Flower||||||||&#8221; open=&#8221;off&#8221;]<\/p>\n<ul style=\"list-style-type: disc; color: #ffffff;\">\n<li><span style=\"font-size: 14pt; color: #ffffff;\">Mehmet Kavukcu<\/span><\/li>\n<li><span style=\"font-size: 14pt; color: #ffffff;\">Evren Kavukcu<\/span><\/li>\n<li><span style=\"font-size: 14pt; color: #ffffff;\">Alpaslan Akp\u0131nar<\/span><\/li>\n<li><span style=\"font-size: 14pt; color: #ffffff;\">Hatice Tok<\/span><\/li>\n<\/ul>\n<p>[\/et_pb_accordion_item][et_pb_accordion_item title=&#8221;Sergi Metinleri&#8221; open_toggle_text_color=&#8221;#ffffff&#8221; _builder_version=&#8221;4.7.5&#8243; _module_preset=&#8221;default&#8221; background_color=&#8221;#000000&#8243; background_enable_color=&#8221;on&#8221; toggle_text_color=&#8221;#ffffff&#8221; toggle_font=&#8221;Indie Flower||||||||&#8221; open=&#8221;off&#8221;]<\/p>\n<ul style=\"list-style-type: disc; color: #ffffff;\">\n<li><span style=\"font-size: 14pt; color: #ffffff;\">Hatice Tok<\/span><\/li>\n<\/ul>\n<p>[\/et_pb_accordion_item][et_pb_accordion_item title=&#8221;Web Tasar\u0131m&#8221; open_toggle_text_color=&#8221;#ffffff&#8221; _builder_version=&#8221;4.7.5&#8243; _module_preset=&#8221;default&#8221; background_color=&#8221;#000000&#8243; background_enable_color=&#8221;on&#8221; toggle_text_color=&#8221;#ffffff&#8221; toggle_font=&#8221;Indie Flower||||||||&#8221; open=&#8221;off&#8221;]<\/p>\n<ul style=\"list-style-type: disc; color: #ffffff;\">\n<li><span style=\"font-size: 14pt; color: #ffffff;\">Alpaslan Akp\u0131nar<\/span><\/li>\n<\/ul>\n<p>[\/et_pb_accordion_item][et_pb_accordion_item title=&#8221;Grafik Tasar\u0131m&#8221; open_toggle_text_color=&#8221;#ffffff&#8221; _builder_version=&#8221;4.7.5&#8243; _module_preset=&#8221;default&#8221; background_color=&#8221;#000000&#8243; background_enable_color=&#8221;on&#8221; toggle_text_color=&#8221;#ffffff&#8221; toggle_font=&#8221;Indie Flower||||||||&#8221; open=&#8221;off&#8221;]<\/p>\n<ul style=\"list-style-type: disc; color: #ffffff;\">\n<li><span style=\"font-size: 14pt; color: #ffffff;\">Merve Yaz\u0131c\u0131<\/span><\/li>\n<\/ul>\n<p>[\/et_pb_accordion_item][et_pb_accordion_item title=&#8221;Sergi Sekreteryas\u0131&#8221; open_toggle_text_color=&#8221;#ffffff&#8221; _builder_version=&#8221;4.7.5&#8243; _module_preset=&#8221;default&#8221; background_color=&#8221;#000000&#8243; background_enable_color=&#8221;on&#8221; toggle_text_color=&#8221;#ffffff&#8221; toggle_font=&#8221;Indie Flower||||||||&#8221; open=&#8221;off&#8221;]<\/p>\n<ul style=\"list-style-type: disc; color: #ffffff;\">\n<li><span style=\"font-size: 14pt; color: #ffffff;\">Ebru Arslan<\/span><\/li>\n<li><span style=\"font-size: 14pt; color: #ffffff;\">Alev Felek<\/span><\/li>\n<\/ul>\n<p>[\/et_pb_accordion_item][et_pb_accordion_item title=&#8221;Sosyal Medya&#8221; open_toggle_text_color=&#8221;#ffffff&#8221; _builder_version=&#8221;4.7.5&#8243; _module_preset=&#8221;default&#8221; background_color=&#8221;#000000&#8243; background_enable_color=&#8221;on&#8221; toggle_text_color=&#8221;#ffffff&#8221; toggle_font=&#8221;Indie Flower||||||||&#8221; open=&#8221;off&#8221;]<\/p>\n<ul style=\"list-style-type: disc; color: #ffffff;\">\n<li><span style=\"font-size: 14pt; color: #ffffff;\">Elif \u00d6z<\/span><\/li>\n<li><span style=\"font-size: 14pt; color: #ffffff;\">Merve Yaz\u0131c\u0131<\/span><\/li>\n<\/ul>\n<p>[\/et_pb_accordion_item][\/et_pb_accordion][\/et_pb_column][\/et_pb_row][\/et_pb_section]<\/p>\n","protected":false},"excerpt":{"rendered":"<p>[et_pb_section fb_built=&#8221;1&#8243; _builder_version=&#8221;4.7.5&#8243; _module_preset=&#8221;default&#8221; background_color=&#8221;#000000&#8243;][et_pb_row _builder_version=&#8221;4.7.5&#8243; _module_preset=&#8221;default&#8221; background_color=&#8221;#000000&#8243; custom_margin=&#8221;|auto|31px|auto||&#8221; custom_padding=&#8221;64px||10px||false|false&#8221;][et_pb_column type=&#8221;4_4&#8243; _builder_version=&#8221;4.7.5&#8243; _module_preset=&#8221;default&#8221;][et_pb_accordion _builder_version=&#8221;4.7.6&#8243; _module_preset=&#8221;default&#8221; custom_margin=&#8221;|150px||119px||&#8221; hover_enabled=&#8221;0&#8243; sticky_enabled=&#8221;0&#8243;][et_pb_accordion_item title=&#8221;K\u00fcrat\u00f6r&#8221; open=&#8221;on&#8221; open_toggle_text_color=&#8221;#ffffff&#8221; _builder_version=&#8221;4.7.6&#8243; _module_preset=&#8221;default&#8221; background_color=&#8221;#000000&#8243; background_enable_color=&#8221;on&#8221; hover_enabled=&#8221;0&#8243; toggle_text_color=&#8221;#ffffff&#8221; toggle_font=&#8221;Indie Flower||||||||&#8221; sticky_enabled=&#8221;0&#8243;] Evren Kavukcu [\/et_pb_accordion_item][et_pb_accordion_item title=&#8221;Se\u00e7ici Kurul&#8221; open_toggle_text_color=&#8221;#ffffff&#8221; _builder_version=&#8221;4.7.6&#8243; _module_preset=&#8221;default&#8221; background_color=&#8221;#000000&#8243; background_enable_color=&#8221;on&#8221; toggle_text_color=&#8221;#ffffff&#8221; toggle_font=&#8221;Indie Flower||||||||&#8221; open=&#8221;off&#8221;] Mehmet Kavukcu Devabil Kara Melik \u0130skender H\u00fcseyin Avni \u00d6ztop\u00e7u Evren Kavukcu [&hellip;]<\/p>\n","protected":false},"author":9,"featured_media":0,"parent":0,"menu_order":0,"comment_status":"closed","ping_status":"closed","template":"","meta":{"_et_pb_use_builder":"on","_et_pb_old_content":"","_et_gb_content_width":"","spay_email":""},"jetpack_sharing_enabled":true,"jetpack_likes_enabled":true,"_links":{"self":[{"href":"https:\/\/gsfsergi.ebyu.edu.tr\/index.php?rest_route=\/wp\/v2\/pages\/2322"}],"collection":[{"href":"https:\/\/gsfsergi.ebyu.edu.tr\/index.php?rest_route=\/wp\/v2\/pages"}],"about":[{"href":"https:\/\/gsfsergi.ebyu.edu.tr\/index.php?rest_route=\/wp\/v2\/types\/page"}],"author":[{"embeddable":true,"href":"https:\/\/gsfsergi.ebyu.edu.tr\/index.php?rest_route=\/wp\/v2\/users\/9"}],"replies":[{"embeddable":true,"href":"https:\/\/gsfsergi.ebyu.edu.tr\/index.php?rest_route=%2Fwp%2Fv2%2Fcomments&post=2322"}],"version-history":[{"count":17,"href":"https:\/\/gsfsergi.ebyu.edu.tr\/index.php?rest_route=\/wp\/v2\/pages\/2322\/revisions"}],"predecessor-version":[{"id":3513,"href":"https:\/\/gsfsergi.ebyu.edu.tr\/index.php?rest_route=\/wp\/v2\/pages\/2322\/revisions\/3513"}],"wp:attachment":[{"href":"https:\/\/gsfsergi.ebyu.edu.tr\/index.php?rest_route=%2Fwp%2Fv2%2Fmedia&parent=2322"}],"curies":[{"name":"wp","href":"https:\/\/api.w.org\/{rel}","templated":true}]}}