{"id":2306,"date":"2020-12-11T20:55:20","date_gmt":"2020-12-11T17:55:20","guid":{"rendered":"https:\/\/gsfsergi.ebyu.edu.tr\/?page_id=2306"},"modified":"2021-03-02T10:11:56","modified_gmt":"2021-03-02T07:11:56","slug":"rektor-2","status":"publish","type":"page","link":"https:\/\/gsfsergi.ebyu.edu.tr\/?page_id=2306","title":{"rendered":"Rekt\u00f6r-Yeni D\u00fcnyaya&#8230;"},"content":{"rendered":"<p>[et_pb_section fb_built=&#8221;1&#8243; _builder_version=&#8221;4.7.5&#8243; _module_preset=&#8221;default&#8221; background_color=&#8221;#000000&#8243;][et_pb_row column_structure=&#8221;1_2,1_2&#8243; _builder_version=&#8221;4.7.5&#8243; _module_preset=&#8221;default&#8221; background_color=&#8221;#000000&#8243;][et_pb_column type=&#8221;1_2&#8243; _builder_version=&#8221;4.7.5&#8243; _module_preset=&#8221;default&#8221;][et_pb_image src=&#8221;https:\/\/gsfsergi.ebyu.edu.tr\/wp-content\/uploads\/2020\/05\/30973077178-dscf2685-600&#215;496-1.jpg&#8221; title_text=&#8221;30973077178-dscf2685-600&#215;496&#8243; _builder_version=&#8221;4.7.6&#8243; _module_preset=&#8221;default&#8221; background_color=&#8221;#000000&#8243; custom_padding=&#8221;40px|||||&#8221;][\/et_pb_image][\/et_pb_column][et_pb_column type=&#8221;1_2&#8243; _builder_version=&#8221;4.7.5&#8243; _module_preset=&#8221;default&#8221;][et_pb_text _builder_version=&#8221;4.7.6&#8243; _module_preset=&#8221;default&#8221; background_color=&#8221;#000000&#8243;]<\/p>\n<p><span style=\"color: #ffffff; font-size: 14pt;\">\u200b<\/span><\/p>\n<p><span style=\"color: #ffffff; font-size: 14pt;\">Erzincan Binali Y\u0131ld\u0131r\u0131m \u00dcniversitesi olarak, \u00fclkemizin ve Erzincan \u015fehrimizin ya\u015fam bi\u00e7imlerinden hareketle evrensel d\u00fc\u015f\u00fcnce zenginli\u011fini yakalamak ve s\u00fcrd\u00fcrmek en b\u00fcy\u00fck hedeflerimizden birisidir. Erzincan\u2019\u0131m\u0131z\u0131n tarihsel, ekonomik ve k\u00fclt\u00fcrel bir kav\u015fakta bulunmas\u0131n\u0131n verdi\u011fi sorumluluk ile \u00fcniversitemizde sosyal, bilimsel ve k\u00fclt\u00fcrel de\u011ferlerin e\u011fitimine ve geli\u015ftirilmesine b\u00fcy\u00fck \u00f6nem vermekteyiz. Sanat ise bu de\u011ferlerin e\u011fitimi ve geli\u015ftirilmesinde temel noktay\u0131 olu\u015fturmaktad\u0131r.<\/span><\/p>\n<p><span style=\"color: #ffffff; font-size: 14pt;\">Sanat\u0131n, \u00fclkelerin ve milletlerin en \u00f6nemli mihenk ta\u015flar\u0131ndan biri oldu\u011fu bir ger\u00e7ektir. \u00dcniversitemiz de bu ger\u00e7e\u011fin fark\u0131nda olarak \u201cAnadolu\u2019da Bir D\u00fcnya \u00dcniversitesi\u201d olma misyonuna sahip \u00e7\u0131kmaktad\u0131r. Bilimin ve d\u00fc\u015f\u00fcncenin \u00f6nc\u00fcl\u00fc\u011f\u00fcnde e\u011fitim verdi\u011fimiz \u00f6\u011frencilerimize, kendine has de\u011ferleri ile Erzincan halk\u0131na ve t\u00fcm sanatseverlere, sanat\u0131n daha \u00e7a\u011fda\u015f bir dil ile sunulabilmesi de bizler i\u00e7in b\u00fcy\u00fck \u00f6nem ta\u015f\u0131maktad\u0131r. Sanat\u0131n ve sanat e\u011fitiminin bireylerin d\u00fc\u015f\u00fcnsel anlamda geli\u015ftirilebilmesi y\u00f6n\u00fcnde ne kadar b\u00fcy\u00fck bir rol \u00fcstlendi\u011finin fark\u0131nday\u0131z. D\u00fcn\u00fcn\u00fcn ve bug\u00fcn\u00fcn\u00fcn fark\u0131nda olarak gelece\u011fi kuran sanat\u00e7\u0131lar\u0131m\u0131z, bu d\u00fc\u015f\u00fcnsel geli\u015fim ser\u00fcveninin temelini olu\u015fturmaktad\u0131r. Her biri kendi \u00f6znel dili ile ifadeye sonsuz \u00e7e\u015fitlilik sunan sanat\u00e7\u0131lar\u0131m\u0131za ve sanata verdi\u011fimiz \u00f6nemin bir g\u00f6stergesi de Rekt\u00f6rl\u00fc\u011f\u00fcm\u00fczce destekledi\u011fimiz, Atat\u00fcrk \u00dcniversitesi G\u00fczel Sanatlar Fak\u00fcltesi \u00d6\u011fretim \u00dcyesi Do\u00e7. Evren Kavukcu k\u00fcrat\u00f6rl\u00fc\u011f\u00fcnde ve Erzincan Binali Y\u0131ld\u0131r\u0131m \u00dcniversitesi G\u00fczel Sanatlar Fak\u00fcltesi deste\u011fi ile ger\u00e7ekle\u015ftirilen \u201cYeni D\u00fcnya\u2019ya\u201d sergimizdir.<\/span><\/p>\n<p><span style=\"color: #ffffff; font-size: 14pt;\">\u00c7a\u011fda\u015f T\u00fcrk Sanat\u00e7\u0131lar\u0131n\u0131 ve gen\u00e7 sanat\u00e7\u0131lar\u0131 bulu\u015fturan \u201cYeni D\u00fcnya\u2019ya\u201d sergisinde, pandemi ve getirileri ile d\u00f6n\u00fc\u015fen bir Yeni D\u00fcnya\u2019n\u0131n sanat\u00e7\u0131lar taraf\u0131ndan nas\u0131l ele al\u0131nd\u0131\u011f\u0131n\u0131, \u00dcniversitemiz bili\u015fim sistemleri altyap\u0131s\u0131 vas\u0131tas\u0131yla ke\u015ffedebilece\u011fiz. Daha \u00f6nce yine altyap\u0131m\u0131zda \u00f6nemli sanat\u00e7\u0131lar\u0131 bir araya getiren 19 19 20 20 Sanal Sergisi\u2019ni destekledi\u011fimiz gibi yeni sergilere de kap\u0131m\u0131z her zaman a\u00e7\u0131kt\u0131r. Bu sergilerin sanal d\u00fcnyada getirilerinin olmas\u0131n\u0131n yan\u0131 s\u0131ra sergilerin, \u00fcniversitemiz ad\u0131na ger\u00e7ek mekanlarda da ger\u00e7ekle\u015ftirilmesini \u00fcmit ediyorum<\/span><\/p>\n<p><span style=\"color: #ffffff; font-size: 14pt;\">\u00dcniversitemiz, \u015fehrimiz ve \u00fclkemiz ad\u0131na bir ad\u0131m atmay\u0131, de\u011fi\u015fen d\u00fcnyam\u0131za dair bir s\u00f6z s\u00f6yleyebilmeyi ve sanat\u0131n bireysel ve evrensel d\u00fc\u015f\u00fcnce g\u00fcc\u00fcm\u00fcz\u00fc geli\u015ftirmeyi ama\u00e7lad\u0131\u011f\u0131m\u0131z i\u00e7in destekledi\u011fimiz bu serginin hedefleneni ba\u015farabilece\u011finden ku\u015fkum yok. Kat\u0131l\u0131m sa\u011flayan de\u011ferli sanat\u00e7\u0131lar\u0131m\u0131za ve eme\u011fi ge\u00e7en etkinlik ekibine te\u015fekk\u00fcrlerimi sunar ve bu sanat etkinli\u011finin \u00f6n g\u00f6r\u00fcld\u00fc\u011f\u00fc \u00fczere daha geni\u015f kapsaml\u0131 ve devam eden bir y\u00f6nelim g\u00f6stermesini temenni ederim.<\/span><\/p>\n<p>&nbsp;<\/p>\n<p><span style=\"color: #ffffff; font-size: 14pt;\">Prof. Dr. Ak\u0131n Levent<\/span><\/p>\n<p><span style=\"color: #ffffff; font-size: 14pt;\">REKT\u00d6R<\/span><\/p>\n<p>&nbsp;<\/p>\n<p>[\/et_pb_text][\/et_pb_column][\/et_pb_row][\/et_pb_section]<\/p>\n","protected":false},"excerpt":{"rendered":"<p>[et_pb_section fb_built=&#8221;1&#8243; _builder_version=&#8221;4.7.5&#8243; _module_preset=&#8221;default&#8221; background_color=&#8221;#000000&#8243;][et_pb_row column_structure=&#8221;1_2,1_2&#8243; _builder_version=&#8221;4.7.5&#8243; _module_preset=&#8221;default&#8221; background_color=&#8221;#000000&#8243;][et_pb_column type=&#8221;1_2&#8243; _builder_version=&#8221;4.7.5&#8243; _module_preset=&#8221;default&#8221;][et_pb_image src=&#8221;https:\/\/gsfsergi.ebyu.edu.tr\/wp-content\/uploads\/2020\/05\/30973077178-dscf2685-600&#215;496-1.jpg&#8221; title_text=&#8221;30973077178-dscf2685-600&#215;496&#8243; _builder_version=&#8221;4.7.6&#8243; _module_preset=&#8221;default&#8221; background_color=&#8221;#000000&#8243; custom_padding=&#8221;40px|||||&#8221;][\/et_pb_image][\/et_pb_column][et_pb_column type=&#8221;1_2&#8243; _builder_version=&#8221;4.7.5&#8243; _module_preset=&#8221;default&#8221;][et_pb_text _builder_version=&#8221;4.7.6&#8243; _module_preset=&#8221;default&#8221; background_color=&#8221;#000000&#8243;] \u200b Erzincan Binali Y\u0131ld\u0131r\u0131m \u00dcniversitesi olarak, \u00fclkemizin ve Erzincan \u015fehrimizin ya\u015fam bi\u00e7imlerinden hareketle evrensel d\u00fc\u015f\u00fcnce zenginli\u011fini yakalamak ve s\u00fcrd\u00fcrmek en b\u00fcy\u00fck hedeflerimizden birisidir. Erzincan\u2019\u0131m\u0131z\u0131n tarihsel, ekonomik ve k\u00fclt\u00fcrel bir kav\u015fakta bulunmas\u0131n\u0131n [&hellip;]<\/p>\n","protected":false},"author":9,"featured_media":0,"parent":0,"menu_order":0,"comment_status":"closed","ping_status":"closed","template":"","meta":{"_et_pb_use_builder":"on","_et_pb_old_content":"","_et_gb_content_width":"","spay_email":""},"jetpack_sharing_enabled":true,"jetpack_likes_enabled":true,"_links":{"self":[{"href":"https:\/\/gsfsergi.ebyu.edu.tr\/index.php?rest_route=\/wp\/v2\/pages\/2306"}],"collection":[{"href":"https:\/\/gsfsergi.ebyu.edu.tr\/index.php?rest_route=\/wp\/v2\/pages"}],"about":[{"href":"https:\/\/gsfsergi.ebyu.edu.tr\/index.php?rest_route=\/wp\/v2\/types\/page"}],"author":[{"embeddable":true,"href":"https:\/\/gsfsergi.ebyu.edu.tr\/index.php?rest_route=\/wp\/v2\/users\/9"}],"replies":[{"embeddable":true,"href":"https:\/\/gsfsergi.ebyu.edu.tr\/index.php?rest_route=%2Fwp%2Fv2%2Fcomments&post=2306"}],"version-history":[{"count":19,"href":"https:\/\/gsfsergi.ebyu.edu.tr\/index.php?rest_route=\/wp\/v2\/pages\/2306\/revisions"}],"predecessor-version":[{"id":4319,"href":"https:\/\/gsfsergi.ebyu.edu.tr\/index.php?rest_route=\/wp\/v2\/pages\/2306\/revisions\/4319"}],"wp:attachment":[{"href":"https:\/\/gsfsergi.ebyu.edu.tr\/index.php?rest_route=%2Fwp%2Fv2%2Fmedia&parent=2306"}],"curies":[{"name":"wp","href":"https:\/\/api.w.org\/{rel}","templated":true}]}}