{"id":1227,"date":"2020-06-04T10:52:53","date_gmt":"2020-06-04T07:52:53","guid":{"rendered":"https:\/\/gsfsergi.ebyu.edu.tr\/?page_id=1227"},"modified":"2020-06-05T14:48:07","modified_gmt":"2020-06-05T11:48:07","slug":"erkan-doganay","status":"publish","type":"page","link":"https:\/\/gsfsergi.ebyu.edu.tr\/?page_id=1227","title":{"rendered":"Erkan Do\u011fanay"},"content":{"rendered":"<p>[et_pb_section fb_built=&#8221;1&#8243; _builder_version=&#8221;4.4.7&#8243;][et_pb_row column_structure=&#8221;1_2,1_2&#8243; _builder_version=&#8221;4.4.7&#8243;][et_pb_column type=&#8221;1_2&#8243; _builder_version=&#8221;4.4.7&#8243;][et_pb_image src=&#8221;https:\/\/gsfsergi.ebyu.edu.tr\/wp-content\/uploads\/2020\/06\/Erkan_Doganay_Portre.jpg&#8221; title_text=&#8221;Erkan_Doganay_Portre&#8221; align=&#8221;right&#8221; _builder_version=&#8221;4.4.8&#8243; hover_enabled=&#8221;0&#8243; custom_padding=&#8221;60px||||false|false&#8221;][\/et_pb_image][\/et_pb_column][et_pb_column type=&#8221;1_2&#8243; _builder_version=&#8221;4.4.7&#8243;][et_pb_text _builder_version=&#8221;4.4.8&#8243; hover_enabled=&#8221;0&#8243; custom_padding=&#8221;60px||60px||false|false&#8221;]<\/p>\n<p style=\"text-align: left\">Erkan DO\u011eANAY; Kars\u2019 da do\u011fdu. 1998 y\u0131l\u0131nda, 19 May\u0131s \u00dcnv. G\u00fczel Sanatlar E\u011fitimi B\u00f6l\u00fcm\u00fc Resim Ana &#8211; Sanat dal\u0131ndan mezun oldu. 2000 y\u0131l\u0131nda \u0130BB K\u00fclt\u00fcr A.\u015e. ile birlikte \u201cUnesco D\u00fcnya \u00c7ocuklar\u0131 Resim Yar\u0131\u015fmas\u0131 Sergisi\u2019nin\u201d \u0130stanbul\u2019da a\u00e7\u0131lmas\u0131n\u0131 organize etti. Kimsesiz \u00e7ocuklara y\u00f6nelik \u00e7al\u0131\u015fmalar\u0131ndan dolay\u0131 2000 y\u0131l\u0131nda, \u201cUNESCO\u201d Avrupa temsilcili\u011finden ba\u015far\u0131 belgesi ald\u0131. Edebiyat alan\u0131nda da \u00e7al\u0131\u015fmalar\u0131 bulunan sanat\u00e7\u0131n\u0131n \u015fiir, \u00f6yk\u00fc ve denemeleri ba\u015fl\u0131ca; Ad\u0131 Yok, Artist, Artist Modern, Gen\u00e7sanat, Rh Sanat, Ayk\u0131r\u0131sanat, E Dergisi, Eyl\u00fcl \u00d6yk\u00fc, D\u00fc\u015fe-Yazma, Hayvan, Kahve Molas\u0131, Ka\u00e7ak Yay\u0131n, Kuzey Y\u0131ld\u0131z\u0131, K\u00fcl \u00d6yk\u00fc, Evrensel, Milliyet Sanat Dergisi, Yarat\u0131m, Yedi \u0130klim gibi dergilerde; Sanat ele\u015ftiri yaz\u0131lar\u0131 Artist, Artist Modern, Gen\u00e7 Sanat, Rh Sanat, Cumhuriyet, Birg\u00fcn, Milliyet, Radikal, Star, Ak\u015fam gibi gazetelerde yay\u0131mland\u0131.<\/p>\n<p style=\"text-align: left\">2003-2006 y\u0131llar\u0131 aras\u0131 HAYVAN Dergisi yay\u0131n kurulunda yer ald\u0131.<\/p>\n<p style=\"text-align: left\">\u201cOrhan Kemal 2003 ve 2004 \u00f6yk\u00fc yar\u0131\u015fmalar\u0131nda\u201d \u00fcst \u00fcste 3. l\u00fck \u00f6d\u00fclleri kazand\u0131.<\/p>\n<p style=\"text-align: left\">\u015eiirleri, 2000 y\u0131l\u0131nda \u201cMilliyet Sanat Dergisi Gen\u00e7 \u015eairler Antolojisi\u201d;<\/p>\n<p style=\"text-align: left\">\u00d6yk\u00fcleri, Genda\u015f Yay\u0131nlar\u0131 2000 Y\u0131l\u0131 \u00d6yk\u00fc Antolojisi\u2019nde yer ald\u0131.<\/p>\n<p style=\"text-align: left\">Metin \u00dcst\u00fcnda\u011f ile birlikte haz\u0131rlad\u0131\u011f\u0131 \u201cModern T\u00fcrk Resmi \u2013 Ustalara Sayg\u0131\u201d<\/p>\n<p style=\"text-align: left\">Ad\u0131 ile r\u00f6portaj, yaz\u0131 ve belgesel \u00e7al\u0131\u015fmalar\u0131 kitapla\u015ft\u0131r\u0131larak, kayda al\u0131nm\u0131\u015f s\u00f6yle\u015fi g\u00f6r\u00fcnt\u00fcleri DVD olarak yay\u0131nland\u0131. (K\u00fclt\u00fcr A\u015e. 2006),<\/p>\n<p style=\"text-align: left\">\u201c\u00d6lmeden \u00d6nce G\u00f6rmeniz Gereken 1001 Resim\u201d adl\u0131 kitab\u0131n T\u00fcrk\u00e7e edit\u00f6rl\u00fc\u011f\u00fcn\u00fc yapt\u0131. (Caretta Yay\u0131nlar\u0131 2006),<\/p>\n<p style=\"text-align: left\">\u201cT\u00fcrkiye\u2019de \u00d6lmeden \u00d6nce G\u00f6rmeniz Gereken 101 Portre\u201d adl\u0131 kitab\u0131 yay\u0131na haz\u0131rlad\u0131. (Caretta Yay\u0131nlar\u0131 2014).<\/p>\n<p style=\"text-align: left\">2009-2012 y\u0131llar\u0131 aras\u0131nda ARTSUITES GALLERY Beyo\u011flu ve Bodrum galerilerinin y\u00f6neticili\u011fini yapt\u0131.<\/p>\n<p style=\"text-align: left\">2006-2014 y\u0131llar\u0131 aras\u0131nda \u201cKARS K\u00dcLT\u00dcR SANAT FEST\u0130VAL\u0130\u201d Sanat Direkt\u00f6rl\u00fc\u011f\u00fcn\u00fc yapt\u0131.<\/p>\n<p style=\"text-align: left\">Kendi \u00e7al\u0131\u015fmalar\u0131yla solo ve karma sergiler d\u00fczenledi.<\/p>\n<p style=\"text-align: left\">Yurti\u00e7i ve yurtd\u0131\u015f\u0131 pek\u00e7ok serginin k\u00fcrat\u00f6rl\u00fc\u011f\u00fcn\u00fc yapt\u0131.<\/p>\n<p>[\/et_pb_text][\/et_pb_column][\/et_pb_row][\/et_pb_section]<\/p>\n","protected":false},"excerpt":{"rendered":"<p>[et_pb_section fb_built=&#8221;1&#8243; _builder_version=&#8221;4.4.7&#8243;][et_pb_row column_structure=&#8221;1_2,1_2&#8243; _builder_version=&#8221;4.4.7&#8243;][et_pb_column type=&#8221;1_2&#8243; _builder_version=&#8221;4.4.7&#8243;][et_pb_image src=&#8221;https:\/\/gsfsergi.ebyu.edu.tr\/wp-content\/uploads\/2020\/06\/Erkan_Doganay_Portre.jpg&#8221; title_text=&#8221;Erkan_Doganay_Portre&#8221; align=&#8221;right&#8221; _builder_version=&#8221;4.4.8&#8243; hover_enabled=&#8221;0&#8243; custom_padding=&#8221;60px||||false|false&#8221;][\/et_pb_image][\/et_pb_column][et_pb_column type=&#8221;1_2&#8243; _builder_version=&#8221;4.4.7&#8243;][et_pb_text _builder_version=&#8221;4.4.8&#8243; hover_enabled=&#8221;0&#8243; custom_padding=&#8221;60px||60px||false|false&#8221;] Erkan DO\u011eANAY; Kars\u2019 da do\u011fdu. 1998 y\u0131l\u0131nda, 19 May\u0131s \u00dcnv. G\u00fczel Sanatlar E\u011fitimi B\u00f6l\u00fcm\u00fc Resim Ana &#8211; Sanat dal\u0131ndan mezun oldu. 2000 y\u0131l\u0131nda \u0130BB K\u00fclt\u00fcr A.\u015e. ile birlikte \u201cUnesco D\u00fcnya \u00c7ocuklar\u0131 Resim Yar\u0131\u015fmas\u0131 Sergisi\u2019nin\u201d \u0130stanbul\u2019da a\u00e7\u0131lmas\u0131n\u0131 organize [&hellip;]<\/p>\n","protected":false},"author":9,"featured_media":0,"parent":0,"menu_order":0,"comment_status":"closed","ping_status":"closed","template":"","meta":{"_et_pb_use_builder":"on","_et_pb_old_content":"","_et_gb_content_width":"","spay_email":""},"jetpack_sharing_enabled":true,"jetpack_likes_enabled":true,"_links":{"self":[{"href":"https:\/\/gsfsergi.ebyu.edu.tr\/index.php?rest_route=\/wp\/v2\/pages\/1227"}],"collection":[{"href":"https:\/\/gsfsergi.ebyu.edu.tr\/index.php?rest_route=\/wp\/v2\/pages"}],"about":[{"href":"https:\/\/gsfsergi.ebyu.edu.tr\/index.php?rest_route=\/wp\/v2\/types\/page"}],"author":[{"embeddable":true,"href":"https:\/\/gsfsergi.ebyu.edu.tr\/index.php?rest_route=\/wp\/v2\/users\/9"}],"replies":[{"embeddable":true,"href":"https:\/\/gsfsergi.ebyu.edu.tr\/index.php?rest_route=%2Fwp%2Fv2%2Fcomments&post=1227"}],"version-history":[{"count":5,"href":"https:\/\/gsfsergi.ebyu.edu.tr\/index.php?rest_route=\/wp\/v2\/pages\/1227\/revisions"}],"predecessor-version":[{"id":1459,"href":"https:\/\/gsfsergi.ebyu.edu.tr\/index.php?rest_route=\/wp\/v2\/pages\/1227\/revisions\/1459"}],"wp:attachment":[{"href":"https:\/\/gsfsergi.ebyu.edu.tr\/index.php?rest_route=%2Fwp%2Fv2%2Fmedia&parent=1227"}],"curies":[{"name":"wp","href":"https:\/\/api.w.org\/{rel}","templated":true}]}}